NOAA-style Climate Reports

- as reported from this site (LasCruces-Weather.com) beginning 04-03-07

2024: Jan | Feb | Mar | Apr | May | Jun | Jul | Aug | Sep | Oct | Nov | Dec 
2023: Jan | Feb | Mar | Apr | May | Jun | Jul | Aug | Sep | Oct | Nov | Dec 
2022: Jan | Feb | Mar | Apr | May | Jun | Jul | Aug | Sep | Oct | Nov | Dec 
2021: Jan | Feb | Mar | Apr | May | Jun | Jul | Aug | Sep | Oct | Nov | Dec 
2020: Jan | Feb | Mar | Apr | May | Jun | Jul | Aug | Sep | Oct | Nov | Dec 
2019: Jan | Feb | Mar | Apr | May | Jun | Jul | Aug | Sep | Oct | Nov | Dec 
2018: Jan | Feb | Mar | Apr | May | Jun | Jul | Aug | Sep | Oct | Nov | Dec 
2017: Jan | Feb | Mar | Apr | May | Jun | Jul | Aug | Sep | Oct | Nov | Dec 
2016: Jan | Feb | Mar | Apr | May | Jun | Jul | Aug | Sep | Oct | Nov | Dec 
2015: Jan | Feb | Mar | Apr | May | Jun | Jul | Aug | Sep | Oct | Nov | Dec 
2014: Jan | Feb | Mar | Apr | May | Jun | Jul | Aug | Sep | Oct | Nov | Dec 
2013: Jan | Feb | Mar | Apr | May | Jun | Jul | Aug | Sep | Oct | Nov | Dec 
2012: Jan | Feb | Mar | Apr | May | Jun | Jul | Aug | Sep | Oct | Nov | Dec 
2011: Jan | Feb | Mar | Apr | May | Jun | Jul | Aug | Sep | Oct | Nov | Dec 
2010: Jan | Feb | Mar | Apr | May | Jun | Jul | Aug | Sep | Oct | Nov | Dec 
2009: Jan | Feb | Mar | Apr | May | Jun | Jul | Aug | Sep | Oct | Nov | Dec 
2008: Jan | Feb | Mar | Apr | May | Jun | Jul | Aug | Sep | Oct | Nov | Dec 
2007: Jan | Feb | Mar | Apr | May | Jun | Jul | Aug | Sep | Oct | Nov | Dec 

Report for 2024 04
MONTHLY CLIMATOLOGICAL SUMMARY for APR. 2024 NAME: C32 CITY: Las Cruces|East Mesa STATE: NM ELEV: 4474 ft LAT: 32 24' 08" N LONG: 106 41' 01" W TEMPERATURE (F), RAIN (in), WIND SPEED (mph) HEAT COOL AVG MEAN DEG DEG WIND DOM DAY TEMP HIGH TIME LOW TIME DAYS DAYS RAIN SPEED HIGH TIME DIR ------------------------------------------------------------------------------------ 1 50.2 56.9 3:30p 42.0 10:35a 14.8 0.0 0.06 6.7 28.0 2:40p WSW 2 51.1 63.8 4:25p 39.6 6:55a 13.9 0.0 0.00 2.8 19.0 5:15p N 3 58.0 75.6 5:10p 40.6 4:40a 9.5 2.5 0.00 2.5 20.0 1:55p E 4 64.0 79.4 4:15p 48.3 6:30a 5.4 4.4 0.00 5.1 26.0 4:55p SSW 5 65.5 77.9 1:40p 53.1 5:40a 2.9 3.4 0.00 7.4 30.0 1:40p SW 6 53.5 60.1 12:05a 46.0 11:20p 11.5 0.0 0.00 10.5 38.0 3:05p W 7 53.6 69.1 4:45p 37.0 3:10a 11.9 0.5 0.00 4.0 17.0 5:00p NE 8 59.0 73.5 4:35p 44.9 6:00a 7.8 1.8 0.00 3.9 24.0 1:50p SE 9 52.6 66.3 1:40p 42.7 6:40a 12.4 0.0 0.00 2.9 24.0 2:40p E 10 56.8 75.7 5:05p 38.8 7:10a 10.7 2.5 0.00 3.6 23.0 2:15p NNW 11 64.8 81.8 4:05p 46.3 6:50a 5.3 5.1 0.00 3.1 18.0 12:25p S 12 69.8 83.7 3:55p 48.1 6:50a 2.6 7.4 0.00 6.4 27.0 4:00p S 13 69.2 82.7 4:05p 49.2 7:00a 2.7 6.9 0.00 4.7 24.0 2:00p WSW 14 70.2 82.2 5:10p 52.1 7:00a 1.8 7.0 0.00 4.9 23.0 5:45p WSW 15 66.5 77.9 3:25p 55.2 7:15a 2.1 3.6 0.00 8.1 33.0 3:25p W 16 62.2 79.5 5:35p 45.6 6:15a 6.5 3.7 0.00 3.3 15.0 10:40a E 17 68.2 84.7 4:35p 46.8 6:20a 4.1 7.3 0.00 4.0 20.0 3:00p WSW 18 70.3 86.4 2:55p 50.5 7:10a 3.0 8.3 0.00 3.7 29.0 3:15p WSW 19 73.8 88.7 3:35p 58.3 5:50a 1.1 9.9 0.00 4.3 22.0 4:40p S 20 71.3 83.9 5:35p 57.1 6:25a 0.9 7.2 0.00 4.6 18.0 1:35p SSW 21 62.8 76.4 5:10p 48.7 7:10a 5.0 2.8 0.00 3.4 22.0 4:55p E 22 66.3 84.8 5:10p 46.8 6:55a 5.1 6.4 0.00 2.9 17.0 2:40p SE 23 74.9 88.5 4:50p 61.4 4:45a 0.4 10.3 0.00 4.9 21.0 12:05p WSW 24 73.8 86.6 3:40p 60.1 6:35a 0.5 9.2 0.00 3.8 22.0 5:20p SE 25 70.1 80.7 2:40p 58.3 6:35a 0.7 5.8 0.00 7.9 43.0 4:30p W 26 66.0 78.2 5:30p 50.3 6:50a 3.1 4.1 0.00 6.0 27.0 5:45p SW 27 61.8 69.3 4:00p 53.0 7:05a 3.9 0.7 0.00 6.7 34.0 4:10p W 28 63.0 76.8 5:20p 44.0 6:40a 5.2 3.2 0.00 3.8 21.0 11:05a WSW 29 67.1 82.1 5:15p 49.5 6:55a 3.8 5.8 0.00 3.4 16.0 2:35p NNE 30 72.2 87.3 4:20p 55.9 2:55a 2.1 9.3 0.00 3.8 21.0 5:35p WSW ------------------------------------------------------------------------------------- 64.3 88.7 19 37.0 7 160.7 139.1 0.06 4.8 43.0 25 WSW Max >= 90.0: 0 Max <= 32.0: 0 Min <= 32.0: 0 Min <= 0.0: 0 Max Rain: 0.06 ON 04/01/24 Days of Rain: 1 (>.01 in) 0 (>.1 in) 0 (>1 in) Heat Base: 65.0 Cool Base: 65.0 Method: Integration