NOAA-style Climate Reports

- as reported from this site (LasCruces-Weather.com) beginning 04-03-07

2023: Jan | Feb | Mar | Apr | May | Jun | Jul | Aug | Sep | Oct | Nov | Dec 
2022: Jan | Feb | Mar | Apr | May | Jun | Jul | Aug | Sep | Oct | Nov | Dec 
2021: Jan | Feb | Mar | Apr | May | Jun | Jul | Aug | Sep | Oct | Nov | Dec 
2020: Jan | Feb | Mar | Apr | May | Jun | Jul | Aug | Sep | Oct | Nov | Dec 
2019: Jan | Feb | Mar | Apr | May | Jun | Jul | Aug | Sep | Oct | Nov | Dec 
2018: Jan | Feb | Mar | Apr | May | Jun | Jul | Aug | Sep | Oct | Nov | Dec 
2017: Jan | Feb | Mar | Apr | May | Jun | Jul | Aug | Sep | Oct | Nov | Dec 
2016: Jan | Feb | Mar | Apr | May | Jun | Jul | Aug | Sep | Oct | Nov | Dec 
2015: Jan | Feb | Mar | Apr | May | Jun | Jul | Aug | Sep | Oct | Nov | Dec 
2014: Jan | Feb | Mar | Apr | May | Jun | Jul | Aug | Sep | Oct | Nov | Dec 
2013: Jan | Feb | Mar | Apr | May | Jun | Jul | Aug | Sep | Oct | Nov | Dec 
2012: Jan | Feb | Mar | Apr | May | Jun | Jul | Aug | Sep | Oct | Nov | Dec 
2011: Jan | Feb | Mar | Apr | May | Jun | Jul | Aug | Sep | Oct | Nov | Dec 
2010: Jan | Feb | Mar | Apr | May | Jun | Jul | Aug | Sep | Oct | Nov | Dec 
2009: Jan | Feb | Mar | Apr | May | Jun | Jul | Aug | Sep | Oct | Nov | Dec 
2008: Jan | Feb | Mar | Apr | May | Jun | Jul | Aug | Sep | Oct | Nov | Dec 
2007: Jan | Feb | Mar | Apr | May | Jun | Jul | Aug | Sep | Oct | Nov | Dec 

Report for 2015
ANNUAL CLIMATOLOGICAL SUMMARY NAME: C32 CITY: Las Cruces|East Mesa STATE: NM ELEV: 4474 ft LAT: 32 24' 08" N LONG: 106 41' 01" W TEMPERATURE (F), HEAT BASE 65.0, COOL BASE 65.0 DEP. HEAT COOL MEAN MEAN FROM DEG DEG MAX MAX MIN MIN YR MO MAX MIN MEAN NORM DAYS DAYS HI DATE LOW DATE >=90 <=32 <=32 <=0 ------------------------------------------------------------------------------------ 15 1 54.9 31.2 41.8 0.0 720 2 70.0 28 16.1 23 0 0 18 0 15 2 66.6 37.4 51.6 0.0 395 19 76.6 8 26.9 24 0 0 6 0 15 3 71.2 44.5 58.1 0.0 273 60 86.2 29 26.9 6 0 0 2 0 15 4 76.2 48.1 63.0 0.0 162 102 85.5 30 36.5 17 0 0 0 0 15 5 83.4 54.7 69.6 0.0 75 218 93.3 29 43.3 10 6 0 0 0 15 6 95.9 68.3 82.7 0.0 1 531 104.8 22 60.3 2 29 0 0 0 15 7 94.8 68.8 80.8 0.0 0 489 101.8 2 63.5 9 29 0 0 0 15 8 96.6 70.3 82.9 0.0 0 553 103.2 14 65.2 24 30 0 0 0 15 9 90.3 66.0 77.6 0.0 3 380 97.4 1 58.0 26 20 0 0 0 15 10 77.5 54.5 65.3 0.0 124 134 94.3 2 42.2 31 3 0 0 0 15 11 64.7 39.3 51.6 0.0 412 11 74.5 3 28.5 22 0 0 4 0 15 12 56.1 31.9 42.9 0.0 686 2 71.2 11 16.4 28 0 0 18 0 ------------------------------------------------------------------------------------ 77.4 51.3 64.0 0.0 2853 2500 104.8 JUN 16.1 JAN 117 0 48 0 PRECIPITATION (in) DEP. MAX DAYS OF RAIN FROM OBS. OVER YR MO TOTAL NORM DAY DATE .01 .1 1 --------------------------------------------- 15 1 1.10 0.00 0.43 30 8 3 0 15 2 0.08 0.00 0.08 24 1 0 0 15 3 0.35 0.00 0.23 3 4 1 0 15 4 0.50 0.00 0.25 12 4 3 0 15 5 0.69 0.00 0.21 12 6 3 0 15 6 0.70 0.00 0.28 15 5 3 0 15 7 3.33 0.00 0.58 9 13 10 0 15 8 1.35 0.00 0.68 24 6 3 0 15 9 0.37 0.00 0.29 22 2 1 0 15 10 2.25 0.00 0.53 3 7 6 0 15 11 0.94 0.00 0.52 26 5 3 0 15 12 0.55 0.00 0.22 28 4 3 0 --------------------------------------------- 12.21 0.00 0.68 AUG 65 39 0 WIND SPEED (mph) DOM YR MO AVG. HI DATE DIR --------------------------------- 15 1 2.0 32.0 29 NNE 15 2 2.6 30.0 21 S 15 3 2.2 26.0 2 S 15 4 3.8 39.0 26 WSW 15 5 3.9 36.0 11 WSW 15 6 3.0 41.0 17 S 15 7 2.6 37.0 7 SSW 15 8 2.4 35.0 15 S 15 9 2.0 31.0 17 S 15 10 1.8 30.0 16 S 15 11 2.8 41.0 16 S 15 12 3.4 30.0 14 S --------------------------------- 2.7 41.0 JUN S