NOAA-style Climate Reports

- as reported from this site (LasCruces-Weather.com) beginning 04-03-07

2023: Jan | Feb | Mar | Apr | May | Jun | Jul | Aug | Sep | Oct | Nov | Dec 
2022: Jan | Feb | Mar | Apr | May | Jun | Jul | Aug | Sep | Oct | Nov | Dec 
2021: Jan | Feb | Mar | Apr | May | Jun | Jul | Aug | Sep | Oct | Nov | Dec 
2020: Jan | Feb | Mar | Apr | May | Jun | Jul | Aug | Sep | Oct | Nov | Dec 
2019: Jan | Feb | Mar | Apr | May | Jun | Jul | Aug | Sep | Oct | Nov | Dec 
2018: Jan | Feb | Mar | Apr | May | Jun | Jul | Aug | Sep | Oct | Nov | Dec 
2017: Jan | Feb | Mar | Apr | May | Jun | Jul | Aug | Sep | Oct | Nov | Dec 
2016: Jan | Feb | Mar | Apr | May | Jun | Jul | Aug | Sep | Oct | Nov | Dec 
2015: Jan | Feb | Mar | Apr | May | Jun | Jul | Aug | Sep | Oct | Nov | Dec 
2014: Jan | Feb | Mar | Apr | May | Jun | Jul | Aug | Sep | Oct | Nov | Dec 
2013: Jan | Feb | Mar | Apr | May | Jun | Jul | Aug | Sep | Oct | Nov | Dec 
2012: Jan | Feb | Mar | Apr | May | Jun | Jul | Aug | Sep | Oct | Nov | Dec 
2011: Jan | Feb | Mar | Apr | May | Jun | Jul | Aug | Sep | Oct | Nov | Dec 
2010: Jan | Feb | Mar | Apr | May | Jun | Jul | Aug | Sep | Oct | Nov | Dec 
2009: Jan | Feb | Mar | Apr | May | Jun | Jul | Aug | Sep | Oct | Nov | Dec 
2008: Jan | Feb | Mar | Apr | May | Jun | Jul | Aug | Sep | Oct | Nov | Dec 
2007: Jan | Feb | Mar | Apr | May | Jun | Jul | Aug | Sep | Oct | Nov | Dec 

Report for 2022
ANNUAL CLIMATOLOGICAL SUMMARY NAME: C32 CITY: Las Cruces|East Mesa STATE: NM ELEV: 4474 ft LAT: 32 24' 08" N LONG: 106 41' 01" W TEMPERATURE (F), HEAT BASE 65.0, COOL BASE 65.0 DEP. HEAT COOL MEAN MEAN FROM DEG DEG MAX MAX MIN MIN YR MO MAX MIN MEAN NORM DAYS DAYS HI DATE LOW DATE >=90 <=32 <=32 <=0 ------------------------------------------------------------------------------------ 22 1 58.3 30.1 43.5 0.0 666 1 71.6 14 20.7 29 0 0 24 0 22 2 60.9 30.8 45.6 0.0 548 4 73.1 15 15.8 4 0 0 16 0 22 3 69.2 39.0 54.8 0.0 367 50 86.3 27 25.6 12 0 0 5 0 22 4 82.2 51.4 67.7 0.0 104 186 91.3 18 40.7 14 1 0 0 0 22 5 91.0 59.7 76.3 0.0 26 377 101.5 27 47.6 5 18 0 0 0 22 6 95.7 68.9 82.4 0.0 0 521 108.2 11 62.5 5 24 0 0 0 22 7 98.3 71.8 84.5 0.0 0 606 106.5 19 66.5 30 31 0 0 0 22 8 90.1 68.0 78.4 0.0 0 414 101.4 2 64.3 21 17 0 0 0 22 9 88.2 63.2 75.7 0.0 8 329 94.1 10 56.0 29 10 0 0 0 22 10 74.0 50.1 61.3 0.0 195 80 85.3 1 37.4 28 0 0 0 0 22 11 63.2 36.8 49.1 0.0 491 15 78.0 8 24.9 17 0 0 11 0 22 12 57.7 34.8 45.3 0.0 612 1 71.7 2 18.5 24 0 0 14 0 ------------------------------------------------------------------------------------ 77.5 50.5 63.8 0.0 3018 2583 108.2 JUN 15.8 FEB 101 0 70 0 PRECIPITATION (in) DEP. MAX DAYS OF RAIN FROM OBS. OVER YR MO TOTAL NORM DAY DATE .01 .1 1 --------------------------------------------- 22 1 0.03 0.00 0.02 18 1 0 0 22 2 0.14 0.00 0.08 3 2 0 0 22 3 0.62 0.00 0.33 21 3 2 0 22 4 0.00 0.00 0.00 1 0 0 0 22 5 0.00 0.00 0.00 1 0 0 0 22 6 1.69 0.00 0.61 24 6 4 0 22 7 1.27 0.00 0.51 9 6 3 0 22 8 6.94 0.00 1.79 9 15 11 3 22 9 1.26 0.00 0.50 13 5 4 0 22 10 1.80 0.00 0.67 16 7 5 0 22 11 0.00 0.00 0.00 1 0 0 0 22 12 0.59 0.00 0.20 30 5 2 0 --------------------------------------------- 14.34 0.00 1.79 AUG 50 31 3 WIND SPEED (mph) DOM YR MO AVG. HI DATE DIR --------------------------------- 22 1 3.3 35.0 1 SE 22 2 4.2 49.0 16 SW 22 3 4.9 40.0 29 SW 22 4 5.9 36.0 12 WSW 22 5 5.6 33.0 8 WSW 22 6 5.2 47.0 8 E 22 7 4.3 33.0 7 S 22 8 3.9 46.0 27 E 22 9 3.9 31.0 4 E 22 10 3.8 37.0 23 E 22 11 3.6 34.0 3 SSW 22 12 3.5 38.0 28 S --------------------------------- 4.3 49.0 FEB E