NOAA-style Climate Reports

- as reported from this site (LasCruces-Weather.com) beginning 04-03-07

2024: Jan | Feb | Mar | Apr | May | Jun | Jul | Aug | Sep | Oct | Nov | Dec 
2023: Jan | Feb | Mar | Apr | May | Jun | Jul | Aug | Sep | Oct | Nov | Dec 
2022: Jan | Feb | Mar | Apr | May | Jun | Jul | Aug | Sep | Oct | Nov | Dec 
2021: Jan | Feb | Mar | Apr | May | Jun | Jul | Aug | Sep | Oct | Nov | Dec 
2020: Jan | Feb | Mar | Apr | May | Jun | Jul | Aug | Sep | Oct | Nov | Dec 
2019: Jan | Feb | Mar | Apr | May | Jun | Jul | Aug | Sep | Oct | Nov | Dec 
2018: Jan | Feb | Mar | Apr | May | Jun | Jul | Aug | Sep | Oct | Nov | Dec 
2017: Jan | Feb | Mar | Apr | May | Jun | Jul | Aug | Sep | Oct | Nov | Dec 
2016: Jan | Feb | Mar | Apr | May | Jun | Jul | Aug | Sep | Oct | Nov | Dec 
2015: Jan | Feb | Mar | Apr | May | Jun | Jul | Aug | Sep | Oct | Nov | Dec 
2014: Jan | Feb | Mar | Apr | May | Jun | Jul | Aug | Sep | Oct | Nov | Dec 
2013: Jan | Feb | Mar | Apr | May | Jun | Jul | Aug | Sep | Oct | Nov | Dec 
2012: Jan | Feb | Mar | Apr | May | Jun | Jul | Aug | Sep | Oct | Nov | Dec 
2011: Jan | Feb | Mar | Apr | May | Jun | Jul | Aug | Sep | Oct | Nov | Dec 
2010: Jan | Feb | Mar | Apr | May | Jun | Jul | Aug | Sep | Oct | Nov | Dec 
2009: Jan | Feb | Mar | Apr | May | Jun | Jul | Aug | Sep | Oct | Nov | Dec 
2008: Jan | Feb | Mar | Apr | May | Jun | Jul | Aug | Sep | Oct | Nov | Dec 
2007: Jan | Feb | Mar | Apr | May | Jun | Jul | Aug | Sep | Oct | Nov | Dec 

Report for 2024 06
MONTHLY CLIMATOLOGICAL SUMMARY for JUN. 2024 NAME: C32 CITY: Las Cruces|East Mesa STATE: NM ELEV: 4474 ft LAT: 32 24' 08" N LONG: 106 41' 01" W TEMPERATURE (F), RAIN (in), WIND SPEED (mph) HEAT COOL AVG MEAN DEG DEG WIND DOM DAY TEMP HIGH TIME LOW TIME DAYS DAYS RAIN SPEED HIGH TIME DIR ------------------------------------------------------------------------------------ 1 82.0 97.8 5:25p 64.3 7:05a 0.0 17.0 0.00 3.9 21.0 1:15p ESE 2 82.5 95.1 4:10p 68.7 6:20a 0.0 17.5 0.00 5.7 23.0 5:35p WSW 3 80.8 94.1 4:00p 62.8 6:25a 0.1 15.8 0.00 5.5 24.0 2:45p WSW 4 81.5 94.8 4:50p 67.7 6:10a 0.0 16.5 0.00 4.3 16.0 4:55p S 5 86.4 102.9 4:05p 63.9 6:20a 0.0 21.4 0.00 3.5 16.0 1:50p SSE 6 90.2 105.1 3:30p 72.9 6:30a 0.0 25.2 0.00 3.5 19.0 2:30p SE 7 92.6 104.9 3:45p 83.3 4:10a 0.0 27.6 0.00 6.2 21.0 9:20a S 8 89.4 97.4 11:45a 81.4 2:00a 0.0 24.4 0.00 5.7 30.0 4:10a WSW 9 83.5 92.7 3:35p 75.4 4:55a 0.0 18.5 0.00 4.4 30.0 1:30p S 10 78.7 92.8 4:05p 63.5 6:20a 0.1 13.7 0.00 4.3 24.0 4:25p ENE 11 83.6 99.6 6:05p 63.4 6:25a 0.1 18.7 0.00 2.9 18.0 11:40p N 12 89.4 104.3 4:50p 70.9 6:40a 0.0 24.4 0.00 4.2 28.0 1:15a E 13 91.9 106.8 3:00p 72.9 6:50a 0.0 26.9 0.00 5.4 22.0 10:15p ESE 14 89.1 102.8 4:20p 75.1 6:25a 0.0 24.1 0.00 3.6 20.0 4:05p NE 15 84.6 100.4 3:45p 67.3 6:35a 0.0 19.5 0.00 3.8 18.0 4:20p SW 16 87.6 102.4 3:50p 71.6 6:30a 0.0 22.6 0.00 4.6 22.0 4:05p WSW 17 86.9 99.6 5:00p 73.9 4:25a 0.0 21.9 0.00 6.0 23.0 4:45p WSW 18 85.1 98.2 4:40p 72.6 6:05a 0.0 20.1 0.00 5.1 20.0 11:35a WSW 19 84.0 103.6 4:00p 68.4 6:20a 0.0 19.0 0.01 9.2 46.0 8:30p E 20 79.4 89.7 4:25p 73.3 6:25a 0.0 14.4 0.00 10.4 46.0 1:45a ESE 21 77.6 85.9 5:15p 72.2 6:40a 0.0 12.6 0.01 7.1 25.0 2:20a E 22 84.1 97.8 5:35p 69.8 6:45a 0.0 19.1 0.00 4.5 22.0 12:40a NNW 23 86.7 99.8 4:45p 72.1 5:55a 0.0 21.7 0.00 4.3 19.0 11:15p N 24 88.5 103.4 3:40p 74.2 7:20a 0.0 23.1 0.00 4.9 24.0 6:45p N 25 26 27 28 29 30 ------------------------------------------------------------------------------------- 85.3 106.8 13 62.8 3 0.3 485.7 0.02 5.1 46.0 19 WSW Max >= 90.0: 22 Max <= 32.0: 0 Min <= 32.0: 0 Min <= 0.0: 0 Max Rain: 0.01 ON 06/19/24 Days of Rain: 0 (>.01 in) 0 (>.1 in) 0 (>1 in) Heat Base: 65.0 Cool Base: 65.0 Method: Integration