NOAA-style Climate Reports

- as reported from this site (LasCruces-Weather.com) beginning 04-03-07

2023: Jan | Feb | Mar | Apr | May | Jun | Jul | Aug | Sep | Oct | Nov | Dec 
2022: Jan | Feb | Mar | Apr | May | Jun | Jul | Aug | Sep | Oct | Nov | Dec 
2021: Jan | Feb | Mar | Apr | May | Jun | Jul | Aug | Sep | Oct | Nov | Dec 
2020: Jan | Feb | Mar | Apr | May | Jun | Jul | Aug | Sep | Oct | Nov | Dec 
2019: Jan | Feb | Mar | Apr | May | Jun | Jul | Aug | Sep | Oct | Nov | Dec 
2018: Jan | Feb | Mar | Apr | May | Jun | Jul | Aug | Sep | Oct | Nov | Dec 
2017: Jan | Feb | Mar | Apr | May | Jun | Jul | Aug | Sep | Oct | Nov | Dec 
2016: Jan | Feb | Mar | Apr | May | Jun | Jul | Aug | Sep | Oct | Nov | Dec 
2015: Jan | Feb | Mar | Apr | May | Jun | Jul | Aug | Sep | Oct | Nov | Dec 
2014: Jan | Feb | Mar | Apr | May | Jun | Jul | Aug | Sep | Oct | Nov | Dec 
2013: Jan | Feb | Mar | Apr | May | Jun | Jul | Aug | Sep | Oct | Nov | Dec 
2012: Jan | Feb | Mar | Apr | May | Jun | Jul | Aug | Sep | Oct | Nov | Dec 
2011: Jan | Feb | Mar | Apr | May | Jun | Jul | Aug | Sep | Oct | Nov | Dec 
2010: Jan | Feb | Mar | Apr | May | Jun | Jul | Aug | Sep | Oct | Nov | Dec 
2009: Jan | Feb | Mar | Apr | May | Jun | Jul | Aug | Sep | Oct | Nov | Dec 
2008: Jan | Feb | Mar | Apr | May | Jun | Jul | Aug | Sep | Oct | Nov | Dec 
2007: Jan | Feb | Mar | Apr | May | Jun | Jul | Aug | Sep | Oct | Nov | Dec 

Report for 2023 09
MONTHLY CLIMATOLOGICAL SUMMARY for SEP. 2023 NAME: C32 CITY: Las Cruces|East Mesa STATE: NM ELEV: 4474 ft LAT: 32 24' 08" N LONG: 106 41' 01" W TEMPERATURE (F), RAIN (in), WIND SPEED (mph) HEAT COOL AVG MEAN DEG DEG WIND DOM DAY TEMP HIGH TIME LOW TIME DAYS DAYS RAIN SPEED HIGH TIME DIR ------------------------------------------------------------------------------------ 1 83.8 97.8 4:25p 68.5 6:15a 0.0 18.8 0.00 3.8 20.0 10:20a S 2 83.0 96.8 5:05p 68.0 6:05a 0.0 18.0 0.00 3.4 15.0 3:25p SSW 3 85.1 98.6 4:20p 69.6 6:45a 0.0 20.1 0.00 3.0 14.0 12:15p SW 4 83.9 94.6 5:05p 70.6 6:55a 0.0 18.9 0.00 4.4 22.0 2:40p WSW 5 81.5 96.6 4:00p 64.6 7:10a 0.0 16.5 0.00 2.5 16.0 3:55p E 6 84.4 101.5 3:20p 64.0 6:45a 0.0 19.4 0.00 3.2 21.0 4:40p ESE 7 89.0 103.0 2:55p 75.5 4:00a 0.0 24.0 0.00 4.9 23.0 6:45p SSW 8 86.3 102.8 5:00p 70.3 5:05a 0.0 21.3 0.00 4.2 19.0 1:10p N 9 85.5 102.3 3:45p 68.4 7:00a 0.0 20.5 0.00 4.3 37.0 3:40p E 10 87.5 101.1 4:40p 71.8 7:10a 0.0 22.5 0.00 3.4 22.0 1:40p SSW 11 85.3 98.3 3:30p 74.8 11:40p 0.0 20.3 0.03 3.8 32.0 6:55p WSW 12 72.0 76.4 2:10p 66.3 12:00m 0.0 7.0 0.10 3.2 19.0 1:45a N 13 66.2 75.0 5:35p 59.0 7:35a 1.0 2.2 0.80 2.8 26.0 7:15a SSW 14 72.9 86.3 3:35p 61.7 5:30a 0.5 8.4 0.00 2.8 18.0 4:40p SSW 15 74.5 90.1 4:35p 58.2 7:10a 1.1 10.6 0.00 3.0 15.0 12:00m NNE 16 75.3 86.6 2:05p 61.1 7:05a 0.4 10.7 0.00 5.4 19.0 3:05p E 17 75.4 88.5 4:30p 62.6 12:00m 0.1 10.4 0.41 3.6 25.0 10:15p E 18 74.6 88.7 4:25p 61.4 6:55a 0.5 10.1 0.01 2.5 17.0 12:20a N 19 76.5 89.6 5:10p 62.3 7:15a 0.2 11.7 0.00 3.5 19.0 1:50p W 20 74.4 90.6 2:10p 58.9 6:40a 0.8 10.2 0.12 3.2 19.0 7:00p E 21 72.0 83.6 6:20p 61.6 7:20a 0.5 7.4 0.02 3.1 18.0 12:10a SSW 22 78.8 91.2 4:20p 68.4 5:05a 0.0 13.8 0.00 2.9 19.0 11:25a W 23 66.8 71.1 8:25a 63.3 7:05a 0.1 0.7 0.00 1.7 4.0 12:05a E 24 25 26 27 28 29 30 ------------------------------------------------------------------------------------- 78.9 103.0 7 58.2 15 5.2 323.5 1.49 3.4 37.0 9 E Max >= 90.0: 14 Max <= 32.0: 0 Min <= 32.0: 0 Min <= 0.0: 0 Max Rain: 0.80 ON 09/13/23 Days of Rain: 6 (>.01 in) 3 (>.1 in) 0 (>1 in) Heat Base: 65.0 Cool Base: 65.0 Method: Integration