NOAA-style Climate Reports

- as reported from this site (LasCruces-Weather.com) beginning 04-03-07

2023: Jan | Feb | Mar | Apr | May | Jun | Jul | Aug | Sep | Oct | Nov | Dec 
2022: Jan | Feb | Mar | Apr | May | Jun | Jul | Aug | Sep | Oct | Nov | Dec 
2021: Jan | Feb | Mar | Apr | May | Jun | Jul | Aug | Sep | Oct | Nov | Dec 
2020: Jan | Feb | Mar | Apr | May | Jun | Jul | Aug | Sep | Oct | Nov | Dec 
2019: Jan | Feb | Mar | Apr | May | Jun | Jul | Aug | Sep | Oct | Nov | Dec 
2018: Jan | Feb | Mar | Apr | May | Jun | Jul | Aug | Sep | Oct | Nov | Dec 
2017: Jan | Feb | Mar | Apr | May | Jun | Jul | Aug | Sep | Oct | Nov | Dec 
2016: Jan | Feb | Mar | Apr | May | Jun | Jul | Aug | Sep | Oct | Nov | Dec 
2015: Jan | Feb | Mar | Apr | May | Jun | Jul | Aug | Sep | Oct | Nov | Dec 
2014: Jan | Feb | Mar | Apr | May | Jun | Jul | Aug | Sep | Oct | Nov | Dec 
2013: Jan | Feb | Mar | Apr | May | Jun | Jul | Aug | Sep | Oct | Nov | Dec 
2012: Jan | Feb | Mar | Apr | May | Jun | Jul | Aug | Sep | Oct | Nov | Dec 
2011: Jan | Feb | Mar | Apr | May | Jun | Jul | Aug | Sep | Oct | Nov | Dec 
2010: Jan | Feb | Mar | Apr | May | Jun | Jul | Aug | Sep | Oct | Nov | Dec 
2009: Jan | Feb | Mar | Apr | May | Jun | Jul | Aug | Sep | Oct | Nov | Dec 
2008: Jan | Feb | Mar | Apr | May | Jun | Jul | Aug | Sep | Oct | Nov | Dec 
2007: Jan | Feb | Mar | Apr | May | Jun | Jul | Aug | Sep | Oct | Nov | Dec 

Report for 2018
ANNUAL CLIMATOLOGICAL SUMMARY NAME: C32 CITY: Las Cruces|East Mesa STATE: NM ELEV: 4474 ft LAT: 32 24' 08" N LONG: 106 41' 01" W TEMPERATURE (F), HEAT BASE 65.0, COOL BASE 65.0 DEP. HEAT COOL MEAN MEAN FROM DEG DEG MAX MAX MIN MIN YR MO MAX MIN MEAN NORM DAYS DAYS HI DATE LOW DATE >=90 <=32 <=32 <=0 ------------------------------------------------------------------------------------ 18 1 59.7 29.8 44.4 0.0 639 1 70.7 31 17.5 23 0 0 22 0 18 2 64.8 40.0 52.6 0.0 360 12 74.2 5 27.5 26 0 0 3 0 18 3 71.6 43.6 58.0 0.0 274 57 86.0 22 27.0 1 0 0 4 0 18 4 81.4 52.6 67.9 0.0 95 180 90.4 24 37.7 14 2 0 0 0 18 5 91.4 60.0 77.0 0.0 26 397 99.1 9 45.9 3 22 0 0 0 18 6 98.7 70.3 84.9 0.0 1 600 104.7 22 59.5 17 28 0 0 0 18 7 96.0 70.7 82.7 0.0 0 548 104.8 22 64.4 1 27 0 0 0 18 8 95.2 69.6 81.8 0.0 1 520 101.4 5 61.6 12 27 0 0 0 18 9 88.5 63.7 76.1 0.0 11 342 96.4 13 55.7 23 16 0 0 0 18 10 72.3 53.4 62.3 0.0 179 96 88.5 1 42.7 17 0 0 0 0 18 11 64.0 37.8 50.6 0.0 445 13 75.1 7 20.3 13 0 0 8 0 18 12 55.5 35.3 44.7 0.0 631 1 68.0 22 20.4 30 0 0 9 0 ------------------------------------------------------------------------------------ 78.3 52.3 65.3 0.0 2661 2767 104.8 JUL 17.5 JAN 122 0 46 0 PRECIPITATION (in) DEP. MAX DAYS OF RAIN FROM OBS. OVER YR MO TOTAL NORM DAY DATE .01 .1 1 --------------------------------------------- 18 1 0.03 0.00 0.03 10 1 0 0 18 2 0.75 0.00 0.59 16 2 2 0 18 3 0.06 0.00 0.06 11 1 0 0 18 4 0.00 0.00 0.00 1 0 0 0 18 5 0.00 0.00 0.00 1 0 0 0 18 6 0.46 0.00 0.44 16 2 1 0 18 7 1.74 0.00 0.61 11 6 3 0 18 8 0.46 0.00 0.10 10 8 0 0 18 9 1.09 0.00 0.68 20 4 2 0 18 10 2.63 0.00 1.48 23 8 5 1 18 11 0.02 0.00 0.02 30 1 0 0 18 12 1.04 0.00 0.32 26 6 4 0 --------------------------------------------- 8.28 0.00 1.48 OCT 39 17 1 WIND SPEED (mph) DOM YR MO AVG. HI DATE DIR --------------------------------- 18 1 3.6 32.0 10 ESE 18 2 4.6 34.0 28 S 18 3 4.8 39.0 15 WSW 18 4 5.9 38.0 13 WSW 18 5 5.2 50.0 18 SW 18 6 5.5 43.0 3 S 18 7 4.6 44.0 29 E 18 8 4.0 37.0 8 S 18 9 3.5 31.0 1 S 18 10 3.8 32.0 20 S 18 11 3.9 34.0 30 S 18 12 4.1 35.0 13 SSW --------------------------------- 4.4 50.0 MAY S