NOAA-style Climate Reports

- as reported from this site (LasCruces-Weather.com) beginning 04-03-07

2023: Jan | Feb | Mar | Apr | May | Jun | Jul | Aug | Sep | Oct | Nov | Dec 
2022: Jan | Feb | Mar | Apr | May | Jun | Jul | Aug | Sep | Oct | Nov | Dec 
2021: Jan | Feb | Mar | Apr | May | Jun | Jul | Aug | Sep | Oct | Nov | Dec 
2020: Jan | Feb | Mar | Apr | May | Jun | Jul | Aug | Sep | Oct | Nov | Dec 
2019: Jan | Feb | Mar | Apr | May | Jun | Jul | Aug | Sep | Oct | Nov | Dec 
2018: Jan | Feb | Mar | Apr | May | Jun | Jul | Aug | Sep | Oct | Nov | Dec 
2017: Jan | Feb | Mar | Apr | May | Jun | Jul | Aug | Sep | Oct | Nov | Dec 
2016: Jan | Feb | Mar | Apr | May | Jun | Jul | Aug | Sep | Oct | Nov | Dec 
2015: Jan | Feb | Mar | Apr | May | Jun | Jul | Aug | Sep | Oct | Nov | Dec 
2014: Jan | Feb | Mar | Apr | May | Jun | Jul | Aug | Sep | Oct | Nov | Dec 
2013: Jan | Feb | Mar | Apr | May | Jun | Jul | Aug | Sep | Oct | Nov | Dec 
2012: Jan | Feb | Mar | Apr | May | Jun | Jul | Aug | Sep | Oct | Nov | Dec 
2011: Jan | Feb | Mar | Apr | May | Jun | Jul | Aug | Sep | Oct | Nov | Dec 
2010: Jan | Feb | Mar | Apr | May | Jun | Jul | Aug | Sep | Oct | Nov | Dec 
2009: Jan | Feb | Mar | Apr | May | Jun | Jul | Aug | Sep | Oct | Nov | Dec 
2008: Jan | Feb | Mar | Apr | May | Jun | Jul | Aug | Sep | Oct | Nov | Dec 
2007: Jan | Feb | Mar | Apr | May | Jun | Jul | Aug | Sep | Oct | Nov | Dec 

Report for 2009
ANNUAL CLIMATOLOGICAL SUMMARY NAME: C32 CITY: Las Cruces|East Mesa STATE: NM ELEV: 4474 ft LAT: 32 24' 08" N LONG: 106 41' 01" W TEMPERATURE (F), HEAT BASE 65.0, COOL BASE 65.0 DEP. HEAT COOL MEAN MEAN FROM DEG DEG MAX MAX MIN MIN YR MO MAX MIN MEAN NORM DAYS DAYS HI DATE LOW DATE >=90 <=32 <=32 <=0 ------------------------------------------------------------------------------------ 09 1 60.6 30.6 45.0 0.0 615 1 69.1 26 20.6 28 0 0 22 0 09 2 65.2 34.8 50.4 0.0 431 23 80.9 25 20.9 11 0 0 13 0 09 3 70.4 41.4 56.6 0.0 312 51 81.2 19 29.8 28 0 0 2 0 09 4 76.0 47.8 62.8 0.0 177 112 87.1 30 32.9 17 0 0 0 0 09 5 87.6 59.5 74.3 0.0 28 316 96.6 7 53.5 23 11 0 0 0 09 6 91.0 66.0 78.7 0.0 4 414 95.8 14 56.3 1 19 0 0 0 09 7 96.2 70.9 83.4 0.0 0 571 103.6 14 65.9 3 28 0 0 0 09 8 93.8 67.4 80.3 0.0 2 476 100.1 20 60.2 26 27 0 0 0 09 9 84.6 58.9 71.5 0.0 37 233 91.4 2 49.0 23 4 0 0 0 09 10 74.4 49.4 61.7 0.0 201 98 83.9 15 27.0 30 0 0 2 0 09 11 66.5 37.6 51.7 0.0 424 24 77.6 6 23.8 25 0 0 7 0 09 12 52.0 30.1 40.6 0.0 756 0 60.0 12 14.9 4 0 0 20 0 ------------------------------------------------------------------------------------ 76.6 49.6 63.2 0.0 2986 2318 103.6 JUL 14.9 DEC 89 0 66 0 PRECIPITATION (in) DEP. MAX DAYS OF RAIN FROM OBS. OVER YR MO TOTAL NORM DAY DATE .01 .1 1 --------------------------------------------- 09 1 0.00 0.00 0.00 1 0 0 0 09 2 0.00 0.00 0.00 1 0 0 0 09 3 0.15 0.00 0.11 8 2 1 0 09 4 0.00 0.00 0.00 1 0 0 0 09 5 0.79 0.00 0.37 22 5 3 0 09 6 1.15 0.00 1.06 23 3 1 1 09 7 1.82 0.00 0.59 5 5 3 0 09 8 1.02 0.00 0.46 22 7 2 0 09 9 3.56 0.00 2.08 11 6 4 1 09 10 0.71 0.00 0.36 3 3 2 0 09 11 0.99 0.00 0.39 29 3 3 0 09 12 0.68 0.00 0.25 29 4 3 0 --------------------------------------------- 10.87 0.00 2.08 SEP 38 22 2 WIND SPEED (mph) DOM YR MO AVG. HI DATE DIR --------------------------------- 09 1 2.6 30.0 26 SW 09 2 3.4 37.0 10 S 09 3 3.8 40.0 26 WSW 09 4 4.9 38.0 4 SW 09 5 3.4 33.0 19 WSW 09 6 3.6 46.0 11 SW 09 7 2.5 35.0 3 S 09 8 2.7 34.0 20 S 09 9 2.4 43.0 11 E 09 10 3.2 35.0 28 S 09 11 1.7 28.0 13 S 09 12 2.6 41.0 8 SSW --------------------------------- 3.1 46.0 JUN S