NOAA-style Climate Reports

- as reported from this site (LasCruces-Weather.com) beginning 04-03-07

2023: Jan | Feb | Mar | Apr | May | Jun | Jul | Aug | Sep | Oct | Nov | Dec 
2022: Jan | Feb | Mar | Apr | May | Jun | Jul | Aug | Sep | Oct | Nov | Dec 
2021: Jan | Feb | Mar | Apr | May | Jun | Jul | Aug | Sep | Oct | Nov | Dec 
2020: Jan | Feb | Mar | Apr | May | Jun | Jul | Aug | Sep | Oct | Nov | Dec 
2019: Jan | Feb | Mar | Apr | May | Jun | Jul | Aug | Sep | Oct | Nov | Dec 
2018: Jan | Feb | Mar | Apr | May | Jun | Jul | Aug | Sep | Oct | Nov | Dec 
2017: Jan | Feb | Mar | Apr | May | Jun | Jul | Aug | Sep | Oct | Nov | Dec 
2016: Jan | Feb | Mar | Apr | May | Jun | Jul | Aug | Sep | Oct | Nov | Dec 
2015: Jan | Feb | Mar | Apr | May | Jun | Jul | Aug | Sep | Oct | Nov | Dec 
2014: Jan | Feb | Mar | Apr | May | Jun | Jul | Aug | Sep | Oct | Nov | Dec 
2013: Jan | Feb | Mar | Apr | May | Jun | Jul | Aug | Sep | Oct | Nov | Dec 
2012: Jan | Feb | Mar | Apr | May | Jun | Jul | Aug | Sep | Oct | Nov | Dec 
2011: Jan | Feb | Mar | Apr | May | Jun | Jul | Aug | Sep | Oct | Nov | Dec 
2010: Jan | Feb | Mar | Apr | May | Jun | Jul | Aug | Sep | Oct | Nov | Dec 
2009: Jan | Feb | Mar | Apr | May | Jun | Jul | Aug | Sep | Oct | Nov | Dec 
2008: Jan | Feb | Mar | Apr | May | Jun | Jul | Aug | Sep | Oct | Nov | Dec 
2007: Jan | Feb | Mar | Apr | May | Jun | Jul | Aug | Sep | Oct | Nov | Dec 

Report for 2012
ANNUAL CLIMATOLOGICAL SUMMARY NAME: C32 CITY: Las Cruces|East Mesa STATE: NM ELEV: 4474 ft LAT: 32 24' 08" N LONG: 106 41' 01" W TEMPERATURE (F), HEAT BASE 65.0, COOL BASE 65.0 DEP. HEAT COOL MEAN MEAN FROM DEG DEG MAX MAX MIN MIN YR MO MAX MIN MEAN NORM DAYS DAYS HI DATE LOW DATE >=90 <=32 <=32 <=0 ------------------------------------------------------------------------------------ 12 1 60.8 33.3 45.9 0.0 594 1 70.6 20 23.0 13 0 0 15 0 12 2 61.7 33.4 47.8 0.0 505 5 72.9 23 25.3 6 0 0 13 0 12 3 71.8 39.8 56.3 0.0 351 84 88.1 25 23.0 3 0 0 5 0 12 4 82.1 50.4 67.4 0.0 128 201 93.8 24 35.3 3 5 0 0 0 12 5 87.4 58.0 73.4 0.0 51 310 96.4 22 49.1 11 13 0 0 0 12 6 99.6 67.5 84.8 0.0 2 596 105.8 20 57.1 8 30 0 0 0 12 7 94.1 69.1 81.1 0.0 0 500 99.6 1 64.8 8 24 0 0 0 12 8 96.1 69.5 83.1 0.0 0 561 102.0 12 62.8 31 30 0 0 0 12 9 87.8 61.3 74.6 0.0 30 318 100.1 3 47.3 15 13 0 0 0 12 10 81.5 51.7 66.4 0.0 126 169 91.4 3 35.5 27 1 0 0 0 12 11 72.8 38.4 54.9 0.0 118 15 81.5 2 32.8 24 0 0 0 0 12 12 56.8 32.3 44.2 0.0 648 4 71.6 1 18.9 20 0 0 16 0 ------------------------------------------------------------------------------------ 79.8 51.1 65.6 0.0 2553 2763 105.8 JUN 18.9 DEC 116 0 49 0 PRECIPITATION (in) DEP. MAX DAYS OF RAIN FROM OBS. OVER YR MO TOTAL NORM DAY DATE .01 .1 1 --------------------------------------------- 12 1 0.56 0.00 0.44 8 2 2 0 12 2 0.06 0.00 0.04 17 1 0 0 12 3 0.04 0.00 0.04 10 1 0 0 12 4 0.00 0.00 0.00 1 0 0 0 12 5 0.51 0.00 0.41 8 3 1 0 12 6 0.01 0.00 0.01 29 0 0 0 12 7 1.31 0.00 0.70 22 10 2 0 12 8 1.29 0.00 0.43 16 8 4 0 12 9 1.14 0.00 0.52 7 3 3 0 12 10 0.00 0.00 0.00 1 0 0 0 12 11 0.00 0.00 0.00 1 0 0 0 12 12 0.37 0.00 0.24 14 3 1 0 --------------------------------------------- 5.29 0.00 0.70 JUL 31 13 0 WIND SPEED (mph) DOM YR MO AVG. HI DATE DIR --------------------------------- 12 1 1.6 31.0 16 S 12 2 2.2 32.0 14 S 12 3 2.9 45.0 18 SW 12 4 2.9 43.0 14 SW 12 5 3.2 38.0 30 SW 12 6 2.1 29.0 10 S 12 7 2.0 32.0 22 S 12 8 1.5 45.0 4 E 12 9 1.1 27.0 6 S 12 10 1.5 32.0 21 SW 12 11 1.6 16.0 25 SE 12 12 3.8 45.0 19 S --------------------------------- 2.2 45.0 MAR SW