NOAA-style Climate Reports

- as reported from this site (LasCruces-Weather.com) beginning 04-03-07

2023: Jan | Feb | Mar | Apr | May | Jun | Jul | Aug | Sep | Oct | Nov | Dec 
2022: Jan | Feb | Mar | Apr | May | Jun | Jul | Aug | Sep | Oct | Nov | Dec 
2021: Jan | Feb | Mar | Apr | May | Jun | Jul | Aug | Sep | Oct | Nov | Dec 
2020: Jan | Feb | Mar | Apr | May | Jun | Jul | Aug | Sep | Oct | Nov | Dec 
2019: Jan | Feb | Mar | Apr | May | Jun | Jul | Aug | Sep | Oct | Nov | Dec 
2018: Jan | Feb | Mar | Apr | May | Jun | Jul | Aug | Sep | Oct | Nov | Dec 
2017: Jan | Feb | Mar | Apr | May | Jun | Jul | Aug | Sep | Oct | Nov | Dec 
2016: Jan | Feb | Mar | Apr | May | Jun | Jul | Aug | Sep | Oct | Nov | Dec 
2015: Jan | Feb | Mar | Apr | May | Jun | Jul | Aug | Sep | Oct | Nov | Dec 
2014: Jan | Feb | Mar | Apr | May | Jun | Jul | Aug | Sep | Oct | Nov | Dec 
2013: Jan | Feb | Mar | Apr | May | Jun | Jul | Aug | Sep | Oct | Nov | Dec 
2012: Jan | Feb | Mar | Apr | May | Jun | Jul | Aug | Sep | Oct | Nov | Dec 
2011: Jan | Feb | Mar | Apr | May | Jun | Jul | Aug | Sep | Oct | Nov | Dec 
2010: Jan | Feb | Mar | Apr | May | Jun | Jul | Aug | Sep | Oct | Nov | Dec 
2009: Jan | Feb | Mar | Apr | May | Jun | Jul | Aug | Sep | Oct | Nov | Dec 
2008: Jan | Feb | Mar | Apr | May | Jun | Jul | Aug | Sep | Oct | Nov | Dec 
2007: Jan | Feb | Mar | Apr | May | Jun | Jul | Aug | Sep | Oct | Nov | Dec 

Report for 2016
ANNUAL CLIMATOLOGICAL SUMMARY NAME: C32 CITY: Las Cruces|East Mesa STATE: NM ELEV: 4474 ft LAT: 32 24' 08" N LONG: 106 41' 01" W TEMPERATURE (F), HEAT BASE 65.0, COOL BASE 65.0 DEP. HEAT COOL MEAN MEAN FROM DEG DEG MAX MAX MIN MIN YR MO MAX MIN MEAN NORM DAYS DAYS HI DATE LOW DATE >=90 <=32 <=32 <=0 ------------------------------------------------------------------------------------ 16 1 55.6 31.3 42.7 0.0 691 1 68.8 30 22.3 12 0 0 19 0 16 2 67.3 34.2 50.4 0.0 464 39 80.8 18 16.4 4 0 0 13 0 16 3 73.7 43.3 59.0 0.0 254 69 82.1 2 33.6 24 0 0 0 0 16 4 76.6 47.5 63.0 0.0 174 114 87.0 22 31.3 2 0 0 1 0 16 5 84.6 55.3 70.8 0.0 68 248 93.2 13 39.0 2 3 0 0 0 16 6 97.1 68.5 83.1 0.0 4 547 106.6 18 56.6 2 27 0 0 0 16 7 100.5 71.8 86.5 0.0 0 665 106.4 24 65.1 2 30 0 0 0 16 8 91.8 66.0 78.2 0.0 2 413 101.2 8 60.9 22 21 0 0 0 16 9 86.6 62.4 74.1 0.0 24 296 95.3 19 52.2 27 11 0 0 0 16 10 82.9 55.8 69.1 0.0 64 190 88.1 15 45.3 21 0 0 0 0 16 11 66.5 42.7 54.5 0.0 335 21 77.6 1 23.9 30 0 0 1 0 16 12 58.7 36.5 47.4 0.0 551 5 72.4 15 23.6 1 0 0 10 0 ------------------------------------------------------------------------------------ 78.5 51.3 64.9 0.0 2633 2607 106.6 JUN 16.4 FEB 92 0 44 0 PRECIPITATION (in) DEP. MAX DAYS OF RAIN FROM OBS. OVER YR MO TOTAL NORM DAY DATE .01 .1 1 --------------------------------------------- 16 1 0.28 0.00 0.17 5 2 1 0 16 2 0.04 0.00 0.04 1 1 0 0 16 3 0.00 0.00 0.00 1 0 0 0 16 4 0.40 0.00 0.20 12 3 2 0 16 5 0.56 0.00 0.27 17 4 2 0 16 6 0.38 0.00 0.34 7 2 1 0 16 7 0.63 0.00 0.26 26 3 2 0 16 8 1.92 0.00 0.86 22 12 4 0 16 9 3.20 0.00 0.90 30 6 5 0 16 10 0.05 0.00 0.04 10 1 0 0 16 11 0.22 0.00 0.18 4 2 1 0 16 12 0.91 0.00 0.73 22 3 2 0 --------------------------------------------- 8.59 0.00 0.90 SEP 39 20 0 WIND SPEED (mph) DOM YR MO AVG. HI DATE DIR --------------------------------- 16 1 3.0 30.0 7 S 16 2 3.0 38.0 1 NE 16 3 4.0 37.0 29 WSW 16 4 3.7 32.0 15 WSW 16 5 3.8 43.0 27 WSW 16 6 3.5 40.0 5 S 16 7 2.9 41.0 15 S 16 8 2.9 29.0 13 S 16 9 2.4 31.0 6 S 16 10 1.8 25.0 20 SW 16 11 3.4 41.0 4 E 16 12 3.2 44.0 17 S --------------------------------- 3.1 44.0 DEC S