NOAA-style Climate Reports

- as reported from this site (LasCruces-Weather.com) beginning 04-03-07

2023: Jan | Feb | Mar | Apr | May | Jun | Jul | Aug | Sep | Oct | Nov | Dec 
2022: Jan | Feb | Mar | Apr | May | Jun | Jul | Aug | Sep | Oct | Nov | Dec 
2021: Jan | Feb | Mar | Apr | May | Jun | Jul | Aug | Sep | Oct | Nov | Dec 
2020: Jan | Feb | Mar | Apr | May | Jun | Jul | Aug | Sep | Oct | Nov | Dec 
2019: Jan | Feb | Mar | Apr | May | Jun | Jul | Aug | Sep | Oct | Nov | Dec 
2018: Jan | Feb | Mar | Apr | May | Jun | Jul | Aug | Sep | Oct | Nov | Dec 
2017: Jan | Feb | Mar | Apr | May | Jun | Jul | Aug | Sep | Oct | Nov | Dec 
2016: Jan | Feb | Mar | Apr | May | Jun | Jul | Aug | Sep | Oct | Nov | Dec 
2015: Jan | Feb | Mar | Apr | May | Jun | Jul | Aug | Sep | Oct | Nov | Dec 
2014: Jan | Feb | Mar | Apr | May | Jun | Jul | Aug | Sep | Oct | Nov | Dec 
2013: Jan | Feb | Mar | Apr | May | Jun | Jul | Aug | Sep | Oct | Nov | Dec 
2012: Jan | Feb | Mar | Apr | May | Jun | Jul | Aug | Sep | Oct | Nov | Dec 
2011: Jan | Feb | Mar | Apr | May | Jun | Jul | Aug | Sep | Oct | Nov | Dec 
2010: Jan | Feb | Mar | Apr | May | Jun | Jul | Aug | Sep | Oct | Nov | Dec 
2009: Jan | Feb | Mar | Apr | May | Jun | Jul | Aug | Sep | Oct | Nov | Dec 
2008: Jan | Feb | Mar | Apr | May | Jun | Jul | Aug | Sep | Oct | Nov | Dec 
2007: Jan | Feb | Mar | Apr | May | Jun | Jul | Aug | Sep | Oct | Nov | Dec 

Report for 2014
ANNUAL CLIMATOLOGICAL SUMMARY NAME: C32 CITY: Las Cruces|East Mesa STATE: NM ELEV: 4474 ft LAT: 32 24' 08" N LONG: 106 41' 01" W TEMPERATURE (F), HEAT BASE 65.0, COOL BASE 65.0 DEP. HEAT COOL MEAN MEAN FROM DEG DEG MAX MAX MIN MIN YR MO MAX MIN MEAN NORM DAYS DAYS HI DATE LOW DATE >=90 <=32 <=32 <=0 ------------------------------------------------------------------------------------ 14 1 60.2 29.5 44.5 0.0 636 2 69.5 26 16.8 6 0 0 23 0 14 2 67.3 39.7 53.8 0.0 346 32 80.9 15 19.9 6 0 0 6 0 14 3 70.4 42.1 56.6 0.0 301 42 80.8 30 32.1 9 0 0 0 0 14 4 76.9 47.9 63.5 0.0 160 114 87.9 10 33.7 15 0 0 0 0 14 5 85.3 56.0 71.7 0.0 71 275 99.6 31 41.2 15 10 0 0 0 14 6 99.2 70.0 85.5 0.0 0 614 106.5 3 62.4 8 30 0 0 0 14 7 96.5 69.9 82.7 0.0 0 550 103.6 26 65.3 7 29 0 0 0 14 8 89.4 67.1 77.5 0.0 1 389 96.8 31 62.2 29 13 0 0 0 14 9 84.1 62.9 72.9 0.0 12 248 99.3 2 54.4 27 4 0 0 0 14 10 80.1 52.1 66.0 0.0 116 146 85.8 8 41.7 14 0 0 0 0 14 11 64.9 38.1 51.3 0.0 425 14 78.3 2 23.0 18 0 0 9 0 14 12 59.2 35.2 46.7 0.0 572 3 71.1 3 21.8 24 0 0 11 0 ------------------------------------------------------------------------------------ 77.8 50.9 64.4 0.0 2640 2428 106.5 JUN 16.8 JAN 86 0 49 0 PRECIPITATION (in) DEP. MAX DAYS OF RAIN FROM OBS. OVER YR MO TOTAL NORM DAY DATE .01 .1 1 --------------------------------------------- 14 1 0.00 0.00 0.00 1 0 0 0 14 2 0.00 0.00 0.00 1 0 0 0 14 3 0.44 0.00 0.30 2 2 2 0 14 4 0.03 0.00 0.03 19 1 0 0 14 5 0.01 0.00 0.01 23 0 0 0 14 6 0.02 0.00 0.02 20 1 0 0 14 7 0.62 0.00 0.12 27 10 1 0 14 8 2.88 0.00 0.82 1 10 7 0 14 9 2.41 0.00 0.74 18 8 6 0 14 10 0.32 0.00 0.31 19 1 1 0 14 11 0.34 0.00 0.23 3 2 1 0 14 12 0.39 0.00 0.14 26 3 3 0 --------------------------------------------- 7.46 0.00 0.82 AUG 38 21 0 WIND SPEED (mph) DOM YR MO AVG. HI DATE DIR --------------------------------- 14 1 2.3 31.0 30 SSW 14 2 3.0 28.0 27 SW 14 3 3.2 36.0 16 SW 14 4 4.6 43.0 26 WSW 14 5 4.0 41.0 7 WSW 14 6 3.9 33.0 13 WSW 14 7 2.8 40.0 1 S 14 8 2.3 32.0 19 S 14 9 1.8 30.0 12 E 14 10 2.1 35.0 19 ESE 14 11 2.9 39.0 2 S 14 12 2.5 28.0 25 S --------------------------------- 2.9 43.0 APR S