NOAA-style Climate Reports

- as reported from this site (LasCruces-Weather.com) beginning 04-03-07

2023: Jan | Feb | Mar | Apr | May | Jun | Jul | Aug | Sep | Oct | Nov | Dec 
2022: Jan | Feb | Mar | Apr | May | Jun | Jul | Aug | Sep | Oct | Nov | Dec 
2021: Jan | Feb | Mar | Apr | May | Jun | Jul | Aug | Sep | Oct | Nov | Dec 
2020: Jan | Feb | Mar | Apr | May | Jun | Jul | Aug | Sep | Oct | Nov | Dec 
2019: Jan | Feb | Mar | Apr | May | Jun | Jul | Aug | Sep | Oct | Nov | Dec 
2018: Jan | Feb | Mar | Apr | May | Jun | Jul | Aug | Sep | Oct | Nov | Dec 
2017: Jan | Feb | Mar | Apr | May | Jun | Jul | Aug | Sep | Oct | Nov | Dec 
2016: Jan | Feb | Mar | Apr | May | Jun | Jul | Aug | Sep | Oct | Nov | Dec 
2015: Jan | Feb | Mar | Apr | May | Jun | Jul | Aug | Sep | Oct | Nov | Dec 
2014: Jan | Feb | Mar | Apr | May | Jun | Jul | Aug | Sep | Oct | Nov | Dec 
2013: Jan | Feb | Mar | Apr | May | Jun | Jul | Aug | Sep | Oct | Nov | Dec 
2012: Jan | Feb | Mar | Apr | May | Jun | Jul | Aug | Sep | Oct | Nov | Dec 
2011: Jan | Feb | Mar | Apr | May | Jun | Jul | Aug | Sep | Oct | Nov | Dec 
2010: Jan | Feb | Mar | Apr | May | Jun | Jul | Aug | Sep | Oct | Nov | Dec 
2009: Jan | Feb | Mar | Apr | May | Jun | Jul | Aug | Sep | Oct | Nov | Dec 
2008: Jan | Feb | Mar | Apr | May | Jun | Jul | Aug | Sep | Oct | Nov | Dec 
2007: Jan | Feb | Mar | Apr | May | Jun | Jul | Aug | Sep | Oct | Nov | Dec 

Report for 2023
ANNUAL CLIMATOLOGICAL SUMMARY NAME: C32 CITY: Las Cruces|East Mesa STATE: NM ELEV: 4474 ft LAT: 32 24' 08" N LONG: 106 41' 01" W TEMPERATURE (F), HEAT BASE 65.0, COOL BASE 65.0 DEP. HEAT COOL MEAN MEAN FROM DEG DEG MAX MAX MIN MIN YR MO MAX MIN MEAN NORM DAYS DAYS HI DATE LOW DATE >=90 <=32 <=32 <=0 ------------------------------------------------------------------------------------ 23 1 57.6 33.1 45.0 0.0 622 1 67.9 14 21.2 27 0 0 15 0 23 2 60.3 32.8 46.4 0.0 525 3 72.9 5 18.2 17 0 0 13 0 23 3 68.1 42.2 55.3 0.0 333 32 78.3 10 27.0 3 0 0 2 0 23 4 79.4 48.1 64.7 0.0 150 142 91.0 30 30.1 5 1 0 1 0 23 5 87.4 58.2 73.5 0.0 38 300 94.6 30 46.4 11 11 0 0 0 23 6 95.3 66.4 81.9 0.0 7 513 107.4 26 56.0 14 24 0 0 0 23 7 103.4 74.8 89.4 0.0 0 756 109.3 19 63.5 1 31 0 0 0 23 8 97.4 71.6 84.0 0.0 1 590 108.6 6 62.3 24 30 0 0 0 23 9 91.8 65.9 79.0 0.0 5 323 103.0 7 58.2 15 14 0 0 0 23 10 23 11 23 12 ------------------------------------------------------------------------------------ 82.2 54.7 68.7 0.0 1680 2660 109.3 JUL 18.2 FEB 111 0 31 0 PRECIPITATION (in) DEP. MAX DAYS OF RAIN FROM OBS. OVER YR MO TOTAL NORM DAY DATE .01 .1 1 --------------------------------------------- 23 1 0.48 0.00 0.27 2 2 2 0 23 2 0.03 0.00 0.02 21 1 0 0 23 3 0.06 0.00 0.06 16 1 0 0 23 4 0.00 0.00 0.00 1 0 0 0 23 5 0.47 0.00 0.36 20 2 1 0 23 6 0.09 0.00 0.09 6 1 0 0 23 7 1.21 0.00 0.95 22 5 2 0 23 8 1.04 0.00 0.54 23 6 2 0 23 9 1.49 0.00 0.80 13 6 3 0 23 10 23 11 23 12 --------------------------------------------- 4.87 0.00 0.95 JUL 24 10 0 WIND SPEED (mph) DOM YR MO AVG. HI DATE DIR --------------------------------- 23 1 4.3 39.0 15 S 23 2 4.7 52.0 26 SSW 23 3 5.6 36.0 30 WSW 23 4 5.1 37.0 6 WSW 23 5 4.6 35.0 13 SW 23 6 5.0 37.0 5 WSW 23 7 4.5 40.0 22 E 23 8 4.8 40.0 21 E 23 9 3.5 37.0 9 E 23 10 23 11 23 12 --------------------------------- 4.7 52.0 FEB WSW