NOAA-style Climate Reports

- as reported from this site (LasCruces-Weather.com) beginning 04-03-07

2023: Jan | Feb | Mar | Apr | May | Jun | Jul | Aug | Sep | Oct | Nov | Dec 
2022: Jan | Feb | Mar | Apr | May | Jun | Jul | Aug | Sep | Oct | Nov | Dec 
2021: Jan | Feb | Mar | Apr | May | Jun | Jul | Aug | Sep | Oct | Nov | Dec 
2020: Jan | Feb | Mar | Apr | May | Jun | Jul | Aug | Sep | Oct | Nov | Dec 
2019: Jan | Feb | Mar | Apr | May | Jun | Jul | Aug | Sep | Oct | Nov | Dec 
2018: Jan | Feb | Mar | Apr | May | Jun | Jul | Aug | Sep | Oct | Nov | Dec 
2017: Jan | Feb | Mar | Apr | May | Jun | Jul | Aug | Sep | Oct | Nov | Dec 
2016: Jan | Feb | Mar | Apr | May | Jun | Jul | Aug | Sep | Oct | Nov | Dec 
2015: Jan | Feb | Mar | Apr | May | Jun | Jul | Aug | Sep | Oct | Nov | Dec 
2014: Jan | Feb | Mar | Apr | May | Jun | Jul | Aug | Sep | Oct | Nov | Dec 
2013: Jan | Feb | Mar | Apr | May | Jun | Jul | Aug | Sep | Oct | Nov | Dec 
2012: Jan | Feb | Mar | Apr | May | Jun | Jul | Aug | Sep | Oct | Nov | Dec 
2011: Jan | Feb | Mar | Apr | May | Jun | Jul | Aug | Sep | Oct | Nov | Dec 
2010: Jan | Feb | Mar | Apr | May | Jun | Jul | Aug | Sep | Oct | Nov | Dec 
2009: Jan | Feb | Mar | Apr | May | Jun | Jul | Aug | Sep | Oct | Nov | Dec 
2008: Jan | Feb | Mar | Apr | May | Jun | Jul | Aug | Sep | Oct | Nov | Dec 
2007: Jan | Feb | Mar | Apr | May | Jun | Jul | Aug | Sep | Oct | Nov | Dec 

Report for 2008
ANNUAL CLIMATOLOGICAL SUMMARY NAME: C32 CITY: Las Cruces|East Mesa STATE: NM ELEV: 4474 ft LAT: 32 24' 08" N LONG: 106 41' 01" W TEMPERATURE (F), HEAT BASE 65.0, COOL BASE 65.0 DEP. HEAT COOL MEAN MEAN FROM DEG DEG MAX MAX MIN MIN YR MO MAX MIN MEAN NORM DAYS DAYS HI DATE LOW DATE >=90 <=32 <=32 <=0 ------------------------------------------------------------------------------------ 08 1 54.4 29.6 41.9 0.0 717 0 65.4 6 13.7 18 0 0 18 0 08 2 64.3 34.0 49.5 0.0 459 9 76.8 28 18.4 6 0 0 11 0 08 3 69.4 39.0 55.2 0.0 354 50 80.5 25 23.1 7 0 0 8 0 08 4 76.9 45.8 62.7 0.0 184 114 86.9 29 33.6 13 0 0 0 0 08 5 85.4 54.6 71.0 0.0 76 262 100.0 20 39.3 2 8 0 0 0 08 6 96.8 67.5 83.1 0.0 4 548 104.4 16 51.4 6 27 0 0 0 08 7 88.9 66.8 76.8 0.0 1 359 97.5 6 62.4 18 18 0 0 0 08 8 88.1 66.8 76.5 0.0 3 359 95.5 1 61.2 17 15 0 0 0 08 9 82.0 57.8 69.9 0.0 45 193 88.4 6 49.8 16 0 0 0 0 08 10 77.0 47.2 62.3 0.0 191 108 84.9 9 30.6 23 0 0 1 0 08 11 65.5 35.8 50.7 0.0 449 19 79.4 1 25.3 16 0 0 11 0 08 12 58.5 32.4 45.6 0.0 601 1 69.8 2 18.2 28 0 0 17 0 ------------------------------------------------------------------------------------ 75.6 48.1 62.1 0.0 3083 2021 104.4 JUN 13.7 JAN 68 0 66 0 PRECIPITATION (in) DEP. MAX DAYS OF RAIN FROM OBS. OVER YR MO TOTAL NORM DAY DATE .01 .1 1 --------------------------------------------- 08 1 0.01 0.00 0.01 24 0 0 0 08 2 0.33 0.00 0.25 16 2 1 0 08 3 0.00 0.00 0.00 1 0 0 0 08 4 0.00 0.00 0.00 1 0 0 0 08 5 0.04 0.00 0.02 16 1 0 0 08 6 0.04 0.00 0.04 23 1 0 0 08 7 8.92 0.00 2.38 26 14 12 3 08 8 3.96 0.00 1.15 26 8 6 2 08 9 1.86 0.00 1.12 7 5 4 1 08 10 0.50 0.00 0.40 5 3 1 0 08 11 0.37 0.00 0.37 27 1 1 0 08 12 0.15 0.00 0.12 9 2 1 0 --------------------------------------------- 16.18 0.00 2.38 JUL 37 26 6 WIND SPEED (mph) DOM YR MO AVG. HI DATE DIR --------------------------------- 08 1 3.6 38.0 7 SSW 08 2 4.5 39.0 4 SSW 08 3 5.1 40.0 14 WSW 08 4 5.2 39.0 12 WSW 08 5 5.4 46.0 21 SW 08 6 5.1 43.0 17 SW 08 7 2.9 36.0 4 S 08 8 2.7 33.0 29 S 08 9 2.0 34.0 7 E 08 10 2.6 40.0 26 S 08 11 2.3 31.0 5 ESE 08 12 3.6 41.0 23 SSW --------------------------------- 3.7 46.0 MAY S