NOAA-style Climate Reports

- as reported from this site (LasCruces-Weather.com) beginning 04-03-07

2023: Jan | Feb | Mar | Apr | May | Jun | Jul | Aug | Sep | Oct | Nov | Dec 
2022: Jan | Feb | Mar | Apr | May | Jun | Jul | Aug | Sep | Oct | Nov | Dec 
2021: Jan | Feb | Mar | Apr | May | Jun | Jul | Aug | Sep | Oct | Nov | Dec 
2020: Jan | Feb | Mar | Apr | May | Jun | Jul | Aug | Sep | Oct | Nov | Dec 
2019: Jan | Feb | Mar | Apr | May | Jun | Jul | Aug | Sep | Oct | Nov | Dec 
2018: Jan | Feb | Mar | Apr | May | Jun | Jul | Aug | Sep | Oct | Nov | Dec 
2017: Jan | Feb | Mar | Apr | May | Jun | Jul | Aug | Sep | Oct | Nov | Dec 
2016: Jan | Feb | Mar | Apr | May | Jun | Jul | Aug | Sep | Oct | Nov | Dec 
2015: Jan | Feb | Mar | Apr | May | Jun | Jul | Aug | Sep | Oct | Nov | Dec 
2014: Jan | Feb | Mar | Apr | May | Jun | Jul | Aug | Sep | Oct | Nov | Dec 
2013: Jan | Feb | Mar | Apr | May | Jun | Jul | Aug | Sep | Oct | Nov | Dec 
2012: Jan | Feb | Mar | Apr | May | Jun | Jul | Aug | Sep | Oct | Nov | Dec 
2011: Jan | Feb | Mar | Apr | May | Jun | Jul | Aug | Sep | Oct | Nov | Dec 
2010: Jan | Feb | Mar | Apr | May | Jun | Jul | Aug | Sep | Oct | Nov | Dec 
2009: Jan | Feb | Mar | Apr | May | Jun | Jul | Aug | Sep | Oct | Nov | Dec 
2008: Jan | Feb | Mar | Apr | May | Jun | Jul | Aug | Sep | Oct | Nov | Dec 
2007: Jan | Feb | Mar | Apr | May | Jun | Jul | Aug | Sep | Oct | Nov | Dec 

Report for 2020
ANNUAL CLIMATOLOGICAL SUMMARY NAME: C32 CITY: Las Cruces|East Mesa STATE: NM ELEV: 4474 ft LAT: 32 24' 08" N LONG: 106 41' 01" W TEMPERATURE (F), HEAT BASE 65.0, COOL BASE 65.0 DEP. HEAT COOL MEAN MEAN FROM DEG DEG MAX MAX MIN MIN YR MO MAX MIN MEAN NORM DAYS DAYS HI DATE LOW DATE >=90 <=32 <=32 <=0 ------------------------------------------------------------------------------------ 20 1 58.9 33.5 45.6 0.0 601 0 67.3 14 22.9 11 0 0 12 0 20 2 60.4 35.4 47.8 0.0 502 4 70.6 29 23.5 5 0 0 9 0 20 3 68.4 45.5 56.8 0.0 283 28 80.7 25 31.4 28 0 0 1 0 20 4 79.1 50.6 65.9 0.0 119 146 92.0 26 41.1 15 4 0 0 0 20 5 90.1 59.8 76.0 0.0 25 367 99.0 28 51.2 22 16 0 0 0 20 6 96.2 66.6 82.1 0.0 6 519 105.7 5 51.1 9 28 0 0 0 20 7 99.9 72.8 85.6 0.0 0 639 107.7 12 64.8 25 30 0 0 0 20 8 99.8 71.7 85.8 0.0 0 646 105.9 13 64.0 18 31 0 0 0 20 9 88.4 59.9 74.2 0.0 46 321 99.9 3 49.4 29 15 0 0 0 20 10 82.9 50.0 66.4 0.0 163 207 94.6 14 25.4 27 9 0 2 0 20 11 71.5 41.9 56.4 0.0 313 56 82.4 4 26.0 29 0 0 4 0 20 12 57.4 28.4 42.3 0.0 705 1 69.5 28 18.6 31 0 0 24 0 ------------------------------------------------------------------------------------ 79.5 51.4 65.5 0.0 2764 2934 107.7 JUL 18.6 DEC 133 0 52 0 PRECIPITATION (in) DEP. MAX DAYS OF RAIN FROM OBS. OVER YR MO TOTAL NORM DAY DATE .01 .1 1 --------------------------------------------- 20 1 0.15 0.00 0.12 21 2 1 0 20 2 0.96 0.00 0.38 10 5 4 0 20 3 2.29 0.00 0.95 3 6 4 0 20 4 0.00 0.00 0.00 1 0 0 0 20 5 0.06 0.00 0.06 28 1 0 0 20 6 0.62 0.00 0.50 12 4 1 0 20 7 1.91 0.00 0.88 24 5 3 0 20 8 0.10 0.00 0.09 1 1 0 0 20 9 0.55 0.00 0.44 9 3 1 0 20 10 0.52 0.00 0.49 28 2 1 0 20 11 0.02 0.00 0.02 8 1 0 0 20 12 0.20 0.00 0.20 10 1 1 0 --------------------------------------------- 7.38 0.00 0.95 MAR 31 16 0 WIND SPEED (mph) DOM YR MO AVG. HI DATE DIR --------------------------------- 20 1 3.5 28.0 27 SSW 20 2 3.8 34.0 23 S 20 3 4.3 41.0 27 S 20 4 4.9 42.0 20 WSW 20 5 4.5 35.0 9 WSW 20 6 5.1 48.0 11 WSW 20 7 4.0 38.0 31 S 20 8 3.5 34.0 5 S 20 9 3.4 34.0 8 SE 20 10 2.9 30.0 26 SE 20 11 3.6 36.0 8 SSW 20 12 3.6 34.0 23 N --------------------------------- 3.9 48.0 JUN S