NOAA-style Climate Reports

- as reported from this site (LasCruces-Weather.com) beginning 04-03-07

2023: Jan | Feb | Mar | Apr | May | Jun | Jul | Aug | Sep | Oct | Nov | Dec 
2022: Jan | Feb | Mar | Apr | May | Jun | Jul | Aug | Sep | Oct | Nov | Dec 
2021: Jan | Feb | Mar | Apr | May | Jun | Jul | Aug | Sep | Oct | Nov | Dec 
2020: Jan | Feb | Mar | Apr | May | Jun | Jul | Aug | Sep | Oct | Nov | Dec 
2019: Jan | Feb | Mar | Apr | May | Jun | Jul | Aug | Sep | Oct | Nov | Dec 
2018: Jan | Feb | Mar | Apr | May | Jun | Jul | Aug | Sep | Oct | Nov | Dec 
2017: Jan | Feb | Mar | Apr | May | Jun | Jul | Aug | Sep | Oct | Nov | Dec 
2016: Jan | Feb | Mar | Apr | May | Jun | Jul | Aug | Sep | Oct | Nov | Dec 
2015: Jan | Feb | Mar | Apr | May | Jun | Jul | Aug | Sep | Oct | Nov | Dec 
2014: Jan | Feb | Mar | Apr | May | Jun | Jul | Aug | Sep | Oct | Nov | Dec 
2013: Jan | Feb | Mar | Apr | May | Jun | Jul | Aug | Sep | Oct | Nov | Dec 
2012: Jan | Feb | Mar | Apr | May | Jun | Jul | Aug | Sep | Oct | Nov | Dec 
2011: Jan | Feb | Mar | Apr | May | Jun | Jul | Aug | Sep | Oct | Nov | Dec 
2010: Jan | Feb | Mar | Apr | May | Jun | Jul | Aug | Sep | Oct | Nov | Dec 
2009: Jan | Feb | Mar | Apr | May | Jun | Jul | Aug | Sep | Oct | Nov | Dec 
2008: Jan | Feb | Mar | Apr | May | Jun | Jul | Aug | Sep | Oct | Nov | Dec 
2007: Jan | Feb | Mar | Apr | May | Jun | Jul | Aug | Sep | Oct | Nov | Dec 

Report for 2011
ANNUAL CLIMATOLOGICAL SUMMARY NAME: C32 CITY: Las Cruces|East Mesa STATE: NM ELEV: 4474 ft LAT: 32 24' 08" N LONG: 106 41' 01" W TEMPERATURE (F), HEAT BASE 65.0, COOL BASE 65.0 DEP. HEAT COOL MEAN MEAN FROM DEG DEG MAX MAX MIN MIN YR MO MAX MIN MEAN NORM DAYS DAYS HI DATE LOW DATE >=90 <=32 <=32 <=0 ------------------------------------------------------------------------------------ 11 1 56.8 26.5 41.2 0.0 738 1 69.9 17 10.2 2 0 0 23 0 11 2 58.4 28.6 43.9 0.0 604 13 77.0 16 -9.4 3 0 2 14 3 11 3 75.3 44.2 60.4 0.0 228 87 83.0 16 26.6 1 0 0 3 0 11 4 80.6 51.0 66.8 0.0 116 169 89.5 2 34.4 11 0 0 0 0 11 5 85.1 54.4 71.1 0.0 77 266 95.3 31 36.4 2 6 0 0 0 11 6 99.5 68.7 85.3 0.0 1 611 108.1 27 60.9 21 30 0 0 0 11 7 97.4 71.9 84.6 0.0 0 607 101.3 9 65.8 4 31 0 0 0 11 8 97.8 70.6 84.1 0.0 0 591 102.9 8 65.2 14 30 0 0 0 11 9 89.6 63.5 76.5 0.0 12 357 98.7 3 55.7 26 13 0 0 0 11 10 79.1 49.1 64.4 0.0 161 143 88.1 15 36.4 28 0 0 0 0 11 11 63.7 37.7 50.5 0.0 442 8 80.2 1 27.1 28 0 0 7 0 11 12 48.6 27.5 37.5 0.0 854 1 68.6 1 7.6 6 0 1 19 0 ------------------------------------------------------------------------------------ 77.8 49.6 64.0 0.0 3231 2853 108.1 JUN -9.4 FEB 110 3 66 3 PRECIPITATION (in) DEP. MAX DAYS OF RAIN FROM OBS. OVER YR MO TOTAL NORM DAY DATE .01 .1 1 --------------------------------------------- 11 1 0.00 0.00 0.00 1 0 0 0 11 2 0.02 0.00 0.02 5 1 0 0 11 3 0.00 0.00 0.00 1 0 0 0 11 4 0.00 0.00 0.00 1 0 0 0 11 5 0.00 0.00 0.00 1 0 0 0 11 6 0.06 0.00 0.04 5 2 0 0 11 7 0.62 0.00 0.18 29 5 3 0 11 8 1.12 0.00 0.36 19 6 5 0 11 9 0.88 0.00 0.57 14 3 2 0 11 10 0.06 0.00 0.04 26 2 0 0 11 11 0.32 0.00 0.25 25 2 1 0 11 12 1.50 0.00 0.40 18 10 4 0 --------------------------------------------- 4.58 0.00 0.57 SEP 31 15 0 WIND SPEED (mph) DOM YR MO AVG. HI DATE DIR --------------------------------- 11 1 2.2 28.0 31 N 11 2 3.1 34.0 8 SW 11 3 3.3 38.0 7 SW 11 4 5.4 39.0 17 WSW 11 5 4.7 37.0 10 SW 11 6 3.9 42.0 1 WSW 11 7 2.6 31.0 20 S 11 8 1.9 35.0 3 S 11 9 2.0 38.0 30 N 11 10 1.7 37.0 6 N 11 11 1.5 38.0 5 SSW 11 12 2.0 52.0 1 N --------------------------------- 2.8 52.0 DEC SW