NOAA-style Climate Reports

- as reported from this site (LasCruces-Weather.com) beginning 04-03-07

2023: Jan | Feb | Mar | Apr | May | Jun | Jul | Aug | Sep | Oct | Nov | Dec 
2022: Jan | Feb | Mar | Apr | May | Jun | Jul | Aug | Sep | Oct | Nov | Dec 
2021: Jan | Feb | Mar | Apr | May | Jun | Jul | Aug | Sep | Oct | Nov | Dec 
2020: Jan | Feb | Mar | Apr | May | Jun | Jul | Aug | Sep | Oct | Nov | Dec 
2019: Jan | Feb | Mar | Apr | May | Jun | Jul | Aug | Sep | Oct | Nov | Dec 
2018: Jan | Feb | Mar | Apr | May | Jun | Jul | Aug | Sep | Oct | Nov | Dec 
2017: Jan | Feb | Mar | Apr | May | Jun | Jul | Aug | Sep | Oct | Nov | Dec 
2016: Jan | Feb | Mar | Apr | May | Jun | Jul | Aug | Sep | Oct | Nov | Dec 
2015: Jan | Feb | Mar | Apr | May | Jun | Jul | Aug | Sep | Oct | Nov | Dec 
2014: Jan | Feb | Mar | Apr | May | Jun | Jul | Aug | Sep | Oct | Nov | Dec 
2013: Jan | Feb | Mar | Apr | May | Jun | Jul | Aug | Sep | Oct | Nov | Dec 
2012: Jan | Feb | Mar | Apr | May | Jun | Jul | Aug | Sep | Oct | Nov | Dec 
2011: Jan | Feb | Mar | Apr | May | Jun | Jul | Aug | Sep | Oct | Nov | Dec 
2010: Jan | Feb | Mar | Apr | May | Jun | Jul | Aug | Sep | Oct | Nov | Dec 
2009: Jan | Feb | Mar | Apr | May | Jun | Jul | Aug | Sep | Oct | Nov | Dec 
2008: Jan | Feb | Mar | Apr | May | Jun | Jul | Aug | Sep | Oct | Nov | Dec 
2007: Jan | Feb | Mar | Apr | May | Jun | Jul | Aug | Sep | Oct | Nov | Dec 

Report for 2007
ANNUAL CLIMATOLOGICAL SUMMARY NAME: C32 CITY: Las Cruces|East Mesa STATE: NM ELEV: 4474 ft LAT: 32 24' 08" N LONG: 106 41' 01" W TEMPERATURE (F), HEAT BASE 65.0, COOL BASE 65.0 DEP. HEAT COOL MEAN MEAN FROM DEG DEG MAX MAX MIN MIN YR MO MAX MIN MEAN NORM DAYS DAYS HI DATE LOW DATE >=90 <=32 <=32 <=0 ------------------------------------------------------------------------------------ 07 1 07 2 07 3 07 4 75.9 47.2 62.3 0.0 171 95 87.2 27 32.8 14 0 0 0 0 07 5 83.1 55.4 69.8 0.0 65 214 92.3 31 42.4 7 1 0 0 0 07 6 94.0 63.5 79.7 0.0 11 453 102.1 26 55.0 8 23 0 0 0 07 7 92.7 67.1 79.7 0.0 0 455 100.4 2 62.7 5 19 0 0 0 07 8 92.3 68.1 80.4 0.0 0 477 102.1 21 63.5 31 24 0 0 0 07 9 87.6 62.4 75.1 0.0 11 313 94.4 14 53.5 25 9 0 0 0 07 10 79.8 49.8 65.2 0.0 148 156 88.7 12 33.4 23 0 0 0 0 07 11 67.9 40.0 54.1 0.0 366 38 79.2 5 28.0 25 0 0 6 0 07 12 54.9 31.4 42.6 0.0 693 1 70.2 5 17.9 23 0 0 17 0 ------------------------------------------------------------------------------------ 80.9 53.9 67.7 0.0 1465 2202 102.1 JUN 17.9 DEC 76 0 23 0 PRECIPITATION (in) DEP. MAX DAYS OF RAIN FROM OBS. OVER YR MO TOTAL NORM DAY DATE .01 .1 1 --------------------------------------------- 07 1 07 2 07 3 07 4 0.76 0.00 0.66 28 2 1 0 07 5 1.54 0.00 0.45 8 7 4 0 07 6 0.12 0.00 0.12 11 1 1 0 07 7 1.55 0.00 0.73 14 8 4 0 07 8 2.83 0.00 1.80 2 5 4 1 07 9 0.33 0.00 0.23 9 3 1 0 07 10 0.02 0.00 0.01 1 0 0 0 07 11 0.51 0.00 0.26 30 3 2 0 07 12 0.87 0.00 0.58 10 2 2 0 --------------------------------------------- 8.53 0.00 1.80 AUG 31 19 1 WIND SPEED (mph) DOM YR MO AVG. HI DATE DIR --------------------------------- 07 1 07 2 07 3 07 4 5.8 40.0 28 SW 07 5 4.8 37.0 25 SW 07 6 4.2 38.0 6 SW 07 7 3.3 33.0 29 E 07 8 3.1 33.0 28 SSW 07 9 3.2 31.0 20 SSW 07 10 3.4 35.0 17 SSW 07 11 2.2 28.0 14 SSW 07 12 3.5 38.0 21 S --------------------------------- 3.7 40.0 APR SSW