NOAA-style Climate Reports

- as reported from this site (LasCruces-Weather.com) beginning 04-03-07

2023: Jan | Feb | Mar | Apr | May | Jun | Jul | Aug | Sep | Oct | Nov | Dec 
2022: Jan | Feb | Mar | Apr | May | Jun | Jul | Aug | Sep | Oct | Nov | Dec 
2021: Jan | Feb | Mar | Apr | May | Jun | Jul | Aug | Sep | Oct | Nov | Dec 
2020: Jan | Feb | Mar | Apr | May | Jun | Jul | Aug | Sep | Oct | Nov | Dec 
2019: Jan | Feb | Mar | Apr | May | Jun | Jul | Aug | Sep | Oct | Nov | Dec 
2018: Jan | Feb | Mar | Apr | May | Jun | Jul | Aug | Sep | Oct | Nov | Dec 
2017: Jan | Feb | Mar | Apr | May | Jun | Jul | Aug | Sep | Oct | Nov | Dec 
2016: Jan | Feb | Mar | Apr | May | Jun | Jul | Aug | Sep | Oct | Nov | Dec 
2015: Jan | Feb | Mar | Apr | May | Jun | Jul | Aug | Sep | Oct | Nov | Dec 
2014: Jan | Feb | Mar | Apr | May | Jun | Jul | Aug | Sep | Oct | Nov | Dec 
2013: Jan | Feb | Mar | Apr | May | Jun | Jul | Aug | Sep | Oct | Nov | Dec 
2012: Jan | Feb | Mar | Apr | May | Jun | Jul | Aug | Sep | Oct | Nov | Dec 
2011: Jan | Feb | Mar | Apr | May | Jun | Jul | Aug | Sep | Oct | Nov | Dec 
2010: Jan | Feb | Mar | Apr | May | Jun | Jul | Aug | Sep | Oct | Nov | Dec 
2009: Jan | Feb | Mar | Apr | May | Jun | Jul | Aug | Sep | Oct | Nov | Dec 
2008: Jan | Feb | Mar | Apr | May | Jun | Jul | Aug | Sep | Oct | Nov | Dec 
2007: Jan | Feb | Mar | Apr | May | Jun | Jul | Aug | Sep | Oct | Nov | Dec 

Report for 2019
ANNUAL CLIMATOLOGICAL SUMMARY NAME: C32 CITY: Las Cruces|East Mesa STATE: NM ELEV: 4474 ft LAT: 32 24' 08" N LONG: 106 41' 01" W TEMPERATURE (F), HEAT BASE 65.0, COOL BASE 65.0 DEP. HEAT COOL MEAN MEAN FROM DEG DEG MAX MAX MIN MIN YR MO MAX MIN MEAN NORM DAYS DAYS HI DATE LOW DATE >=90 <=32 <=32 <=0 ------------------------------------------------------------------------------------ 19 1 57.3 31.5 43.9 0.0 656 1 70.2 21 22.4 4 0 0 15 0 19 2 61.1 35.2 48.1 0.0 479 5 75.3 28 19.5 8 0 0 13 0 19 3 69.7 42.9 56.7 0.0 305 48 84.2 27 32.1 5 0 0 0 0 19 4 78.4 48.6 64.4 0.0 158 141 90.2 26 34.6 1 1 0 0 0 19 5 83.1 54.2 69.4 0.0 82 218 93.4 16 44.5 21 4 0 0 0 19 6 93.8 64.8 79.9 0.0 13 460 100.7 27 55.3 5 27 0 0 0 19 7 98.3 70.9 84.5 0.0 0 603 103.0 21 62.9 8 30 0 0 0 19 8 98.0 70.6 83.7 0.0 0 580 103.5 27 64.1 10 30 0 0 0 19 9 89.3 65.3 77.1 0.0 7 370 98.3 7 57.7 28 16 0 0 0 19 10 76.2 50.0 63.1 0.0 174 116 85.5 6 24.2 31 0 0 3 0 19 11 65.0 39.3 51.4 0.0 425 18 80.5 5 28.3 1 0 0 2 0 19 12 56.9 33.3 43.8 0.0 656 0 67.4 13 19.6 18 0 0 14 0 ------------------------------------------------------------------------------------ 77.4 50.6 63.9 0.0 2955 2562 103.5 AUG 19.5 FEB 108 0 47 0 PRECIPITATION (in) DEP. MAX DAYS OF RAIN FROM OBS. OVER YR MO TOTAL NORM DAY DATE .01 .1 1 --------------------------------------------- 19 1 0.06 0.00 0.06 10 1 0 0 19 2 0.05 0.00 0.05 22 1 0 0 19 3 0.52 0.00 0.26 12 3 2 0 19 4 0.26 0.00 0.14 23 3 1 0 19 5 0.16 0.00 0.11 12 3 1 0 19 6 1.33 0.00 1.11 10 3 2 1 19 7 0.30 0.00 0.10 7 5 0 0 19 8 1.14 0.00 0.44 10 6 4 0 19 9 0.33 0.00 0.14 15 5 2 0 19 10 0.38 0.00 0.27 4 2 1 0 19 11 1.65 0.00 0.53 28 6 5 0 19 12 0.52 0.00 0.47 9 2 1 0 --------------------------------------------- 6.70 0.00 1.11 JUN 40 19 1 WIND SPEED (mph) DOM YR MO AVG. HI DATE DIR --------------------------------- 19 1 3.6 29.0 18 SSW 19 2 5.0 37.0 11 SSW 19 3 5.7 45.0 13 S 19 4 5.2 46.0 10 WSW 19 5 5.6 41.0 22 WSW 19 6 5.1 33.0 3 SW 19 7 4.6 38.0 29 S 19 8 4.2 43.0 21 S 19 9 4.0 30.0 7 S 19 10 4.2 31.0 28 SSW 19 11 3.6 39.0 26 SSW 19 12 3.5 29.0 14 SSW --------------------------------- 4.5 46.0 APR SSW