NOAA-style Climate Reports

- as reported from this site (LasCruces-Weather.com) beginning 04-03-07

2023: Jan | Feb | Mar | Apr | May | Jun | Jul | Aug | Sep | Oct | Nov | Dec 
2022: Jan | Feb | Mar | Apr | May | Jun | Jul | Aug | Sep | Oct | Nov | Dec 
2021: Jan | Feb | Mar | Apr | May | Jun | Jul | Aug | Sep | Oct | Nov | Dec 
2020: Jan | Feb | Mar | Apr | May | Jun | Jul | Aug | Sep | Oct | Nov | Dec 
2019: Jan | Feb | Mar | Apr | May | Jun | Jul | Aug | Sep | Oct | Nov | Dec 
2018: Jan | Feb | Mar | Apr | May | Jun | Jul | Aug | Sep | Oct | Nov | Dec 
2017: Jan | Feb | Mar | Apr | May | Jun | Jul | Aug | Sep | Oct | Nov | Dec 
2016: Jan | Feb | Mar | Apr | May | Jun | Jul | Aug | Sep | Oct | Nov | Dec 
2015: Jan | Feb | Mar | Apr | May | Jun | Jul | Aug | Sep | Oct | Nov | Dec 
2014: Jan | Feb | Mar | Apr | May | Jun | Jul | Aug | Sep | Oct | Nov | Dec 
2013: Jan | Feb | Mar | Apr | May | Jun | Jul | Aug | Sep | Oct | Nov | Dec 
2012: Jan | Feb | Mar | Apr | May | Jun | Jul | Aug | Sep | Oct | Nov | Dec 
2011: Jan | Feb | Mar | Apr | May | Jun | Jul | Aug | Sep | Oct | Nov | Dec 
2010: Jan | Feb | Mar | Apr | May | Jun | Jul | Aug | Sep | Oct | Nov | Dec 
2009: Jan | Feb | Mar | Apr | May | Jun | Jul | Aug | Sep | Oct | Nov | Dec 
2008: Jan | Feb | Mar | Apr | May | Jun | Jul | Aug | Sep | Oct | Nov | Dec 
2007: Jan | Feb | Mar | Apr | May | Jun | Jul | Aug | Sep | Oct | Nov | Dec 

Report for 2013
ANNUAL CLIMATOLOGICAL SUMMARY NAME: C32 CITY: Las Cruces|East Mesa STATE: NM ELEV: 4474 ft LAT: 32 24' 08" N LONG: 106 41' 01" W TEMPERATURE (F), HEAT BASE 65.0, COOL BASE 65.0 DEP. HEAT COOL MEAN MEAN FROM DEG DEG MAX MAX MIN MIN YR MO MAX MIN MEAN NORM DAYS DAYS HI DATE LOW DATE >=90 <=32 <=32 <=0 ------------------------------------------------------------------------------------ 13 1 51.8 26.5 38.5 0.0 822 0 67.0 23 10.7 13 0 1 25 0 13 2 58.3 28.7 43.8 0.0 594 0 66.9 8 20.5 28 0 0 20 0 13 3 71.9 40.8 57.5 0.0 291 61 83.7 15 26.7 1 0 0 7 0 13 4 78.4 47.9 64.1 0.0 159 133 90.4 30 29.5 19 1 0 1 0 13 5 85.1 56.5 72.1 0.0 62 282 96.8 23 36.2 3 10 0 0 0 13 6 99.9 69.7 85.7 0.0 1 621 108.4 27 61.1 6 30 0 0 0 13 7 93.1 68.2 79.7 0.0 0 458 101.7 7 62.3 27 22 0 0 0 13 8 92.9 68.2 80.2 0.0 1 472 100.5 4 60.9 11 25 0 0 0 13 9 85.4 62.6 73.9 0.0 29 297 98.5 1 44.5 29 9 0 0 0 13 10 76.8 46.8 61.9 0.0 198 102 86.8 1 36.5 31 0 0 0 0 13 11 64.0 38.4 50.6 0.0 448 18 76.9 11 23.9 28 0 0 9 0 13 12 55.3 29.8 41.8 0.0 721 1 67.8 3 16.2 10 0 0 24 0 ------------------------------------------------------------------------------------ 76.2 48.8 62.6 0.0 3327 2442 108.4 JUN 10.7 JAN 97 1 86 0 PRECIPITATION (in) DEP. MAX DAYS OF RAIN FROM OBS. OVER YR MO TOTAL NORM DAY DATE .01 .1 1 --------------------------------------------- 13 1 0.19 0.00 0.10 4 3 0 0 13 2 0.05 0.00 0.04 19 1 0 0 13 3 0.00 0.00 0.00 1 0 0 0 13 4 0.00 0.00 0.00 1 0 0 0 13 5 0.03 0.00 0.03 10 1 0 0 13 6 0.44 0.00 0.30 30 3 2 0 13 7 2.96 0.00 1.13 27 13 5 1 13 8 2.05 0.00 1.38 11 8 3 1 13 9 3.09 0.00 0.92 13 7 4 0 13 10 0.04 0.00 0.04 30 1 0 0 13 11 0.35 0.00 0.26 25 3 1 0 13 12 0.19 0.00 0.09 12 3 0 0 --------------------------------------------- 9.39 0.00 1.38 AUG 43 15 2 WIND SPEED (mph) DOM YR MO AVG. HI DATE DIR --------------------------------- 13 1 3.7 35.0 29 NE 13 2 4.4 34.0 20 SW 13 3 4.5 37.0 23 WSW 13 4 5.2 41.0 21 WSW 13 5 4.8 39.0 26 WSW 13 6 4.5 35.0 28 S 13 7 3.6 35.0 17 S 13 8 3.1 28.0 10 S 13 9 2.7 26.0 9 E 13 10 2.6 37.0 10 SSW 13 11 2.3 30.0 12 SSW 13 12 2.6 32.0 4 N --------------------------------- 3.7 41.0 APR S