NOAA-style Climate Reports

- as reported from this site (LasCruces-Weather.com) beginning 04-03-07

2024: Jan | Feb | Mar | Apr | May | Jun | Jul | Aug | Sep | Oct | Nov | Dec 
2023: Jan | Feb | Mar | Apr | May | Jun | Jul | Aug | Sep | Oct | Nov | Dec 
2022: Jan | Feb | Mar | Apr | May | Jun | Jul | Aug | Sep | Oct | Nov | Dec 
2021: Jan | Feb | Mar | Apr | May | Jun | Jul | Aug | Sep | Oct | Nov | Dec 
2020: Jan | Feb | Mar | Apr | May | Jun | Jul | Aug | Sep | Oct | Nov | Dec 
2019: Jan | Feb | Mar | Apr | May | Jun | Jul | Aug | Sep | Oct | Nov | Dec 
2018: Jan | Feb | Mar | Apr | May | Jun | Jul | Aug | Sep | Oct | Nov | Dec 
2017: Jan | Feb | Mar | Apr | May | Jun | Jul | Aug | Sep | Oct | Nov | Dec 
2016: Jan | Feb | Mar | Apr | May | Jun | Jul | Aug | Sep | Oct | Nov | Dec 
2015: Jan | Feb | Mar | Apr | May | Jun | Jul | Aug | Sep | Oct | Nov | Dec 
2014: Jan | Feb | Mar | Apr | May | Jun | Jul | Aug | Sep | Oct | Nov | Dec 
2013: Jan | Feb | Mar | Apr | May | Jun | Jul | Aug | Sep | Oct | Nov | Dec 
2012: Jan | Feb | Mar | Apr | May | Jun | Jul | Aug | Sep | Oct | Nov | Dec 
2011: Jan | Feb | Mar | Apr | May | Jun | Jul | Aug | Sep | Oct | Nov | Dec 
2010: Jan | Feb | Mar | Apr | May | Jun | Jul | Aug | Sep | Oct | Nov | Dec 
2009: Jan | Feb | Mar | Apr | May | Jun | Jul | Aug | Sep | Oct | Nov | Dec 
2008: Jan | Feb | Mar | Apr | May | Jun | Jul | Aug | Sep | Oct | Nov | Dec 
2007: Jan | Feb | Mar | Apr | May | Jun | Jul | Aug | Sep | Oct | Nov | Dec 

Report for 2024
ANNUAL CLIMATOLOGICAL SUMMARY NAME: C32 CITY: Las Cruces|East Mesa STATE: NM ELEV: 4474 ft LAT: 32 24' 08" N LONG: 106 41' 01" W TEMPERATURE (F), HEAT BASE 65.0, COOL BASE 65.0 DEP. HEAT COOL MEAN MEAN FROM DEG DEG MAX MAX MIN MIN YR MO MAX MIN MEAN NORM DAYS DAYS HI DATE LOW DATE >=90 <=32 <=32 <=0 ------------------------------------------------------------------------------------ 24 1 58.0 34.8 45.6 0.0 604 1 70.7 18 21.3 9 0 0 11 0 24 2 63.7 38.9 51.0 0.0 423 16 78.8 25 28.9 18 0 0 5 0 24 3 67.8 43.9 56.1 0.0 303 27 78.9 29 33.3 27 0 0 0 0 24 4 78.0 49.0 64.3 0.0 161 139 88.7 19 37.0 7 0 0 0 0 24 5 88.4 58.7 74.6 0.0 30 328 97.1 31 53.7 10 9 0 0 0 24 6 99.2 71.4 85.4 0.0 0 613 106.8 13 62.8 3 28 0 0 0 24 7 96.4 71.3 83.7 0.0 0 269 103.3 7 64.6 11 13 0 0 0 24 8 24 9 24 10 24 11 24 12 ------------------------------------------------------------------------------------ 77.4 51.1 64.4 0.0 1521 1393 106.8 JUN 21.3 JAN 50 0 16 0 PRECIPITATION (in) DEP. MAX DAYS OF RAIN FROM OBS. OVER YR MO TOTAL NORM DAY DATE .01 .1 1 --------------------------------------------- 24 1 0.32 0.00 0.27 23 2 1 0 24 2 0.37 0.00 0.11 10 5 1 0 24 3 0.04 0.00 0.03 16 1 0 0 24 4 0.06 0.00 0.06 1 1 0 0 24 5 0.08 0.00 0.08 16 1 0 0 24 6 1.53 0.00 1.21 30 4 3 1 24 7 0.02 0.00 0.02 9 1 0 0 24 8 24 9 24 10 24 11 24 12 --------------------------------------------- 2.42 0.00 1.21 JUN 15 5 1 WIND SPEED (mph) DOM YR MO AVG. HI DATE DIR --------------------------------- 24 1 3.9 41.0 11 S 24 2 4.4 37.0 27 WSW 24 3 5.9 42.0 18 WSW 24 4 4.8 43.0 25 WSW 24 5 5.2 38.0 29 WSW 24 6 5.0 46.0 19 WSW 24 7 4.4 42.0 9 E 24 8 24 9 24 10 24 11 24 12 --------------------------------- 4.8 46.0 JUN WSW