NOAA-style Climate Reports

- as reported from this site (LasCruces-Weather.com) beginning 04-03-07

2023: Jan | Feb | Mar | Apr | May | Jun | Jul | Aug | Sep | Oct | Nov | Dec 
2022: Jan | Feb | Mar | Apr | May | Jun | Jul | Aug | Sep | Oct | Nov | Dec 
2021: Jan | Feb | Mar | Apr | May | Jun | Jul | Aug | Sep | Oct | Nov | Dec 
2020: Jan | Feb | Mar | Apr | May | Jun | Jul | Aug | Sep | Oct | Nov | Dec 
2019: Jan | Feb | Mar | Apr | May | Jun | Jul | Aug | Sep | Oct | Nov | Dec 
2018: Jan | Feb | Mar | Apr | May | Jun | Jul | Aug | Sep | Oct | Nov | Dec 
2017: Jan | Feb | Mar | Apr | May | Jun | Jul | Aug | Sep | Oct | Nov | Dec 
2016: Jan | Feb | Mar | Apr | May | Jun | Jul | Aug | Sep | Oct | Nov | Dec 
2015: Jan | Feb | Mar | Apr | May | Jun | Jul | Aug | Sep | Oct | Nov | Dec 
2014: Jan | Feb | Mar | Apr | May | Jun | Jul | Aug | Sep | Oct | Nov | Dec 
2013: Jan | Feb | Mar | Apr | May | Jun | Jul | Aug | Sep | Oct | Nov | Dec 
2012: Jan | Feb | Mar | Apr | May | Jun | Jul | Aug | Sep | Oct | Nov | Dec 
2011: Jan | Feb | Mar | Apr | May | Jun | Jul | Aug | Sep | Oct | Nov | Dec 
2010: Jan | Feb | Mar | Apr | May | Jun | Jul | Aug | Sep | Oct | Nov | Dec 
2009: Jan | Feb | Mar | Apr | May | Jun | Jul | Aug | Sep | Oct | Nov | Dec 
2008: Jan | Feb | Mar | Apr | May | Jun | Jul | Aug | Sep | Oct | Nov | Dec 
2007: Jan | Feb | Mar | Apr | May | Jun | Jul | Aug | Sep | Oct | Nov | Dec 

Report for 2017
ANNUAL CLIMATOLOGICAL SUMMARY NAME: C32 CITY: Las Cruces|East Mesa STATE: NM ELEV: 4474 ft LAT: 32 24' 08" N LONG: 106 41' 01" W TEMPERATURE (F), HEAT BASE 65.0, COOL BASE 65.0 DEP. HEAT COOL MEAN MEAN FROM DEG DEG MAX MAX MIN MIN YR MO MAX MIN MEAN NORM DAYS DAYS HI DATE LOW DATE >=90 <=32 <=32 <=0 ------------------------------------------------------------------------------------ 17 1 56.9 36.1 45.9 0.0 592 1 68.5 11 23.3 28 0 0 10 0 17 2 65.9 41.0 53.3 0.0 348 20 80.2 10 32.8 15 0 0 0 0 17 3 76.5 45.3 61.5 0.0 215 105 87.9 22 32.6 2 0 0 0 0 17 4 79.9 49.2 65.9 0.0 139 166 88.8 20 35.1 30 0 0 0 0 17 5 85.8 56.1 72.0 0.0 58 275 93.4 24 46.5 1 9 0 0 0 17 6 98.4 67.4 83.2 0.0 5 551 107.4 22 55.2 14 28 0 0 0 17 7 94.8 69.3 80.9 0.0 0 494 104.4 4 65.0 28 26 0 0 0 17 8 91.0 66.6 78.6 0.0 2 424 96.4 18 62.4 23 18 0 0 0 17 9 89.1 62.7 75.9 0.0 12 340 98.3 13 52.9 26 15 0 0 0 17 10 80.3 53.3 66.5 0.0 126 172 89.7 5 38.3 28 0 0 0 0 17 11 73.3 45.5 59.0 0.0 238 58 81.9 14 31.7 20 0 0 1 0 17 12 60.0 33.4 46.2 0.0 588 5 72.8 3 19.4 8 0 0 17 0 ------------------------------------------------------------------------------------ 79.4 52.2 65.8 0.0 2322 2612 107.4 JUN 19.4 DEC 96 0 28 0 PRECIPITATION (in) DEP. MAX DAYS OF RAIN FROM OBS. OVER YR MO TOTAL NORM DAY DATE .01 .1 1 --------------------------------------------- 17 1 1.70 0.00 0.67 15 6 4 0 17 2 0.43 0.00 0.21 12 3 2 0 17 3 0.01 0.00 0.01 28 0 0 0 17 4 0.17 0.00 0.17 29 1 1 0 17 5 0.46 0.00 0.41 30 2 1 0 17 6 0.30 0.00 0.15 7 3 2 0 17 7 3.47 0.00 1.13 31 12 7 1 17 8 2.03 0.00 0.79 20 8 6 0 17 9 0.15 0.00 0.15 27 1 1 0 17 10 0.77 0.00 0.47 6 3 2 0 17 11 0.32 0.00 0.32 8 1 1 0 17 12 0.14 0.00 0.09 17 2 0 0 --------------------------------------------- 9.95 0.00 1.13 JUL 42 27 1 WIND SPEED (mph) DOM YR MO AVG. HI DATE DIR --------------------------------- 17 1 3.8 38.0 21 S 17 2 3.7 42.0 28 WSW 17 3 3.3 43.0 23 WSW 17 4 4.5 40.0 25 WSW 17 5 4.2 39.0 6 WSW 17 6 3.5 40.0 6 N 17 7 4.3 38.0 20 S 17 8 3.5 36.0 13 E 17 9 4.1 38.0 26 E 17 10 3.9 34.0 24 S 17 11 3.6 33.0 21 SSW 17 12 3.2 31.0 17 S --------------------------------- 3.8 43.0 MAR S