NOAA-style Climate Reports

- as reported from this site (LasCruces-Weather.com) beginning 04-03-07

2024: Jan | Feb | Mar | Apr | May | Jun | Jul | Aug | Sep | Oct | Nov | Dec 
2023: Jan | Feb | Mar | Apr | May | Jun | Jul | Aug | Sep | Oct | Nov | Dec 
2022: Jan | Feb | Mar | Apr | May | Jun | Jul | Aug | Sep | Oct | Nov | Dec 
2021: Jan | Feb | Mar | Apr | May | Jun | Jul | Aug | Sep | Oct | Nov | Dec 
2020: Jan | Feb | Mar | Apr | May | Jun | Jul | Aug | Sep | Oct | Nov | Dec 
2019: Jan | Feb | Mar | Apr | May | Jun | Jul | Aug | Sep | Oct | Nov | Dec 
2018: Jan | Feb | Mar | Apr | May | Jun | Jul | Aug | Sep | Oct | Nov | Dec 
2017: Jan | Feb | Mar | Apr | May | Jun | Jul | Aug | Sep | Oct | Nov | Dec 
2016: Jan | Feb | Mar | Apr | May | Jun | Jul | Aug | Sep | Oct | Nov | Dec 
2015: Jan | Feb | Mar | Apr | May | Jun | Jul | Aug | Sep | Oct | Nov | Dec 
2014: Jan | Feb | Mar | Apr | May | Jun | Jul | Aug | Sep | Oct | Nov | Dec 
2013: Jan | Feb | Mar | Apr | May | Jun | Jul | Aug | Sep | Oct | Nov | Dec 
2012: Jan | Feb | Mar | Apr | May | Jun | Jul | Aug | Sep | Oct | Nov | Dec 
2011: Jan | Feb | Mar | Apr | May | Jun | Jul | Aug | Sep | Oct | Nov | Dec 
2010: Jan | Feb | Mar | Apr | May | Jun | Jul | Aug | Sep | Oct | Nov | Dec 
2009: Jan | Feb | Mar | Apr | May | Jun | Jul | Aug | Sep | Oct | Nov | Dec 
2008: Jan | Feb | Mar | Apr | May | Jun | Jul | Aug | Sep | Oct | Nov | Dec 
2007: Jan | Feb | Mar | Apr | May | Jun | Jul | Aug | Sep | Oct | Nov | Dec 

Report for 2024 03
MONTHLY CLIMATOLOGICAL SUMMARY for MAR. 2024 NAME: C32 CITY: Las Cruces|East Mesa STATE: NM ELEV: 4474 ft LAT: 32 24' 08" N LONG: 106 41' 01" W TEMPERATURE (F), RAIN (in), WIND SPEED (mph) HEAT COOL AVG MEAN DEG DEG WIND DOM DAY TEMP HIGH TIME LOW TIME DAYS DAYS RAIN SPEED HIGH TIME DIR ------------------------------------------------------------------------------------ 1 55.5 70.0 3:15p 42.2 7:05a 10.2 0.7 0.00 5.0 20.0 12:50p SW 2 57.6 71.1 4:10p 45.4 6:10a 8.5 1.1 0.00 4.9 23.0 2:30p SE 3 57.0 68.3 3:45p 44.7 7:00a 8.5 0.5 0.00 6.9 33.0 1:30p WSW 4 56.1 67.3 2:40p 45.6 11:50p 9.1 0.3 0.00 6.3 27.0 2:50p WSW 5 56.1 69.7 2:45p 43.4 4:45a 9.5 0.6 0.00 4.5 21.0 2:10p SW 6 59.1 67.4 2:55p 48.7 5:40a 6.2 0.3 0.00 5.4 30.0 7:45p SW 7 56.2 65.4 2:25p 46.9 12:00m 8.8 0.0 0.00 7.3 28.0 5:05p WSW 8 49.4 60.4 2:25p 38.2 6:05a 15.6 0.0 0.00 4.3 21.0 4:55p SSW 9 47.8 58.7 1:05p 38.8 4:00a 17.2 0.0 0.00 1.9 10.0 1:05p E 10 49.4 64.6 3:45p 33.7 6:25a 14.9 0.0 0.00 2.5 13.0 5:20p ESE 11 55.0 72.3 4:00p 37.0 7:40a 11.2 1.2 0.00 3.4 20.0 5:20p SW 12 60.2 72.2 4:45p 47.1 7:45a 6.5 1.7 0.00 5.4 24.0 4:15p WSW 13 58.5 69.5 5:00p 46.3 7:30a 7.3 0.8 0.00 5.9 31.0 3:45p WSW 14 57.6 70.0 4:25p 40.2 7:45a 8.3 0.9 0.00 4.1 31.0 10:35p SE 15 57.8 66.1 12:10a 51.4 10:45p 7.2 0.0 0.00 15.9 39.0 6:35p E 16 53.9 66.6 4:55p 39.3 7:45a 11.2 0.1 0.03 4.2 20.0 4:00p S 17 53.9 67.9 5:00p 39.5 7:50a 11.3 0.2 0.01 4.5 35.0 10:50p E 18 53.3 59.7 2:00p 47.2 6:50a 11.7 0.0 0.00 14.3 42.0 9:55a E 19 56.7 68.5 3:30p 46.9 7:55a 8.6 0.3 0.00 3.0 21.0 12:35a E 20 54.9 67.5 2:50p 43.2 7:40a 10.3 0.3 0.00 5.5 22.0 7:25p NE 21 58.6 71.0 4:15p 46.6 7:20a 7.4 1.0 0.00 4.7 20.0 6:50p S 22 61.6 76.5 4:45p 45.4 5:45a 6.5 3.1 0.00 2.9 14.0 1:35p E 23 64.1 75.7 2:20p 53.8 6:45a 4.0 3.1 0.00 5.6 26.0 11:55a SW 24 52.1 61.2 12:05a 42.8 12:00m 12.9 0.0 0.00 12.2 42.0 1:10p WSW 25 46.1 56.3 5:00p 36.6 7:05a 18.9 0.0 0.00 9.1 32.0 6:50p WSW 26 46.8 55.9 5:20p 39.1 7:30a 18.2 0.0 0.00 6.9 26.0 3:25p W 27 50.9 65.1 5:25p 33.3 7:35a 14.1 0.0 0.00 3.9 19.0 11:50a S 28 59.1 77.6 4:55p 40.3 6:30a 8.7 2.7 0.00 3.9 20.0 3:00p SE 29 66.6 78.9 4:00p 54.1 7:25a 2.6 4.1 0.00 6.3 28.0 4:40p WSW 30 64.2 73.6 3:25p 47.3 6:10a 3.9 3.1 0.00 6.5 37.0 9:40p SW 31 62.0 68.0 2:05p 54.6 5:20a 3.5 0.5 0.00 6.2 28.0 5:50p SW ------------------------------------------------------------------------------------- 56.1 78.9 29 33.3 27 302.8 26.6 0.04 5.9 42.0 18 WSW Max >= 90.0: 0 Max <= 32.0: 0 Min <= 32.0: 0 Min <= 0.0: 0 Max Rain: 0.03 ON 03/16/24 Days of Rain: 1 (>.01 in) 0 (>.1 in) 0 (>1 in) Heat Base: 65.0 Cool Base: 65.0 Method: Integration