NOAA-style Climate Reports

- as reported from this site (LasCruces-Weather.com) beginning 04-03-07

2024: Jan | Feb | Mar | Apr | May | Jun | Jul | Aug | Sep | Oct | Nov | Dec 
2023: Jan | Feb | Mar | Apr | May | Jun | Jul | Aug | Sep | Oct | Nov | Dec 
2022: Jan | Feb | Mar | Apr | May | Jun | Jul | Aug | Sep | Oct | Nov | Dec 
2021: Jan | Feb | Mar | Apr | May | Jun | Jul | Aug | Sep | Oct | Nov | Dec 
2020: Jan | Feb | Mar | Apr | May | Jun | Jul | Aug | Sep | Oct | Nov | Dec 
2019: Jan | Feb | Mar | Apr | May | Jun | Jul | Aug | Sep | Oct | Nov | Dec 
2018: Jan | Feb | Mar | Apr | May | Jun | Jul | Aug | Sep | Oct | Nov | Dec 
2017: Jan | Feb | Mar | Apr | May | Jun | Jul | Aug | Sep | Oct | Nov | Dec 
2016: Jan | Feb | Mar | Apr | May | Jun | Jul | Aug | Sep | Oct | Nov | Dec 
2015: Jan | Feb | Mar | Apr | May | Jun | Jul | Aug | Sep | Oct | Nov | Dec 
2014: Jan | Feb | Mar | Apr | May | Jun | Jul | Aug | Sep | Oct | Nov | Dec 
2013: Jan | Feb | Mar | Apr | May | Jun | Jul | Aug | Sep | Oct | Nov | Dec 
2012: Jan | Feb | Mar | Apr | May | Jun | Jul | Aug | Sep | Oct | Nov | Dec 
2011: Jan | Feb | Mar | Apr | May | Jun | Jul | Aug | Sep | Oct | Nov | Dec 
2010: Jan | Feb | Mar | Apr | May | Jun | Jul | Aug | Sep | Oct | Nov | Dec 
2009: Jan | Feb | Mar | Apr | May | Jun | Jul | Aug | Sep | Oct | Nov | Dec 
2008: Jan | Feb | Mar | Apr | May | Jun | Jul | Aug | Sep | Oct | Nov | Dec 
2007: Jan | Feb | Mar | Apr | May | Jun | Jul | Aug | Sep | Oct | Nov | Dec 

Report for 2024 02
MONTHLY CLIMATOLOGICAL SUMMARY for FEB. 2024 NAME: C32 CITY: Las Cruces|East Mesa STATE: NM ELEV: 4474 ft LAT: 32 24' 08" N LONG: 106 41' 01" W TEMPERATURE (F), RAIN (in), WIND SPEED (mph) HEAT COOL AVG MEAN DEG DEG WIND DOM DAY TEMP HIGH TIME LOW TIME DAYS DAYS RAIN SPEED HIGH TIME DIR ------------------------------------------------------------------------------------ 1 57.6 70.3 2:55p 45.5 7:40a 8.1 0.7 0.00 3.8 20.0 3:25p SE 2 49.7 59.5 12:30a 39.8 11:20p 15.3 0.0 0.07 8.8 28.0 5:20p WSW 3 44.4 53.1 2:10p 37.8 7:45a 20.6 0.0 0.00 10.0 30.0 10:55a W 4 45.1 60.0 4:10p 30.0 7:35a 19.9 0.0 0.00 2.6 16.0 2:20p SE 5 48.3 66.0 4:00p 34.3 6:05a 16.7 0.1 0.00 2.0 13.0 2:35p NNE 6 49.8 57.3 2:55p 41.6 4:30a 15.2 0.0 0.01 2.2 12.0 12:00p NNE 7 49.0 56.5 3:15p 39.3 10:50p 16.0 0.0 0.04 7.2 28.0 4:15p SSW 8 46.2 57.1 2:55p 34.7 3:55a 18.8 0.0 0.00 4.7 23.0 2:35p S 9 47.1 56.9 3:45p 38.6 7:20a 17.9 0.0 0.00 4.1 17.0 4:15p S 10 40.3 44.7 9:30a 34.8 11:55p 24.7 0.0 0.11 4.5 24.0 1:00p S 11 37.7 48.6 4:10p 29.4 7:25a 27.3 0.0 0.07 3.9 19.0 1:05p N 12 41.8 56.3 5:00p 29.7 7:35a 23.2 0.0 0.00 2.0 12.0 1:50a S 13 45.4 62.9 4:15p 30.0 6:45a 19.6 0.0 0.00 2.7 12.0 2:50p SE 14 52.1 65.6 3:55p 39.6 4:55a 12.9 0.0 0.00 4.6 21.0 1:40p SSE 15 52.0 67.6 3:05p 36.6 6:15a 13.2 0.2 0.00 3.6 20.0 4:35p E 16 52.7 67.6 4:30p 37.3 5:55a 12.5 0.2 0.00 2.9 15.0 1:35p WSW 17 47.6 62.4 2:15p 35.6 7:15a 17.4 0.0 0.00 2.4 13.0 3:30p E 18 45.9 61.4 4:25p 28.9 6:55a 19.1 0.0 0.00 2.6 16.0 2:05p S 19 55.6 71.1 4:30p 36.0 7:20a 10.4 1.0 0.00 3.0 17.0 2:45p SW 20 59.4 75.1 2:55p 46.3 7:20a 8.0 2.3 0.00 3.9 18.0 3:40p E 21 60.6 73.5 12:05p 45.9 4:55a 6.5 2.1 0.00 6.7 35.0 2:20p S 22 54.0 68.4 5:10p 38.3 6:55a 11.4 0.4 0.00 3.2 16.0 1:05p NNW 23 52.4 69.1 4:20p 38.2 6:40a 13.0 0.4 0.00 4.1 15.0 9:45a NNE 24 55.0 72.8 4:30p 36.8 6:55a 11.3 1.3 0.00 3.6 14.0 4:45p NNE 25 63.8 78.8 1:40p 51.0 2:30a 5.3 4.0 0.00 4.1 23.0 4:45p SE 26 63.6 76.2 1:45p 54.1 7:55a 4.2 2.8 0.00 4.9 25.0 2:15p S 27 60.8 69.9 2:45p 53.4 6:40a 5.1 0.9 0.00 9.7 37.0 1:05p WSW 28 52.2 59.3 11:25a 44.8 12:00m 12.8 0.0 0.00 5.4 23.0 8:50p E 29 48.0 58.0 4:55p 39.6 3:40a 17.0 0.0 0.07 3.1 33.0 12:15a S ------------------------------------------------------------------------------------- 51.0 78.8 25 28.9 18 423.4 16.4 0.37 4.4 37.0 27 WSW Max >= 90.0: 0 Max <= 32.0: 0 Min <= 32.0: 5 Min <= 0.0: 0 Max Rain: 0.11 ON 02/10/24 Days of Rain: 5 (>.01 in) 1 (>.1 in) 0 (>1 in) Heat Base: 65.0 Cool Base: 65.0 Method: Integration