NOAA-style Climate Reports

- as reported from this site (LasCruces-Weather.com) beginning 04-03-07

2024: Jan | Feb | Mar | Apr | May | Jun | Jul | Aug | Sep | Oct | Nov | Dec 
2023: Jan | Feb | Mar | Apr | May | Jun | Jul | Aug | Sep | Oct | Nov | Dec 
2022: Jan | Feb | Mar | Apr | May | Jun | Jul | Aug | Sep | Oct | Nov | Dec 
2021: Jan | Feb | Mar | Apr | May | Jun | Jul | Aug | Sep | Oct | Nov | Dec 
2020: Jan | Feb | Mar | Apr | May | Jun | Jul | Aug | Sep | Oct | Nov | Dec 
2019: Jan | Feb | Mar | Apr | May | Jun | Jul | Aug | Sep | Oct | Nov | Dec 
2018: Jan | Feb | Mar | Apr | May | Jun | Jul | Aug | Sep | Oct | Nov | Dec 
2017: Jan | Feb | Mar | Apr | May | Jun | Jul | Aug | Sep | Oct | Nov | Dec 
2016: Jan | Feb | Mar | Apr | May | Jun | Jul | Aug | Sep | Oct | Nov | Dec 
2015: Jan | Feb | Mar | Apr | May | Jun | Jul | Aug | Sep | Oct | Nov | Dec 
2014: Jan | Feb | Mar | Apr | May | Jun | Jul | Aug | Sep | Oct | Nov | Dec 
2013: Jan | Feb | Mar | Apr | May | Jun | Jul | Aug | Sep | Oct | Nov | Dec 
2012: Jan | Feb | Mar | Apr | May | Jun | Jul | Aug | Sep | Oct | Nov | Dec 
2011: Jan | Feb | Mar | Apr | May | Jun | Jul | Aug | Sep | Oct | Nov | Dec 
2010: Jan | Feb | Mar | Apr | May | Jun | Jul | Aug | Sep | Oct | Nov | Dec 
2009: Jan | Feb | Mar | Apr | May | Jun | Jul | Aug | Sep | Oct | Nov | Dec 
2008: Jan | Feb | Mar | Apr | May | Jun | Jul | Aug | Sep | Oct | Nov | Dec 
2007: Jan | Feb | Mar | Apr | May | Jun | Jul | Aug | Sep | Oct | Nov | Dec 

Report for 2024 01
MONTHLY CLIMATOLOGICAL SUMMARY for JAN. 2024 NAME: C32 CITY: Las Cruces|East Mesa STATE: NM ELEV: 4474 ft LAT: 32 24' 08" N LONG: 106 41' 01" W TEMPERATURE (F), RAIN (in), WIND SPEED (mph) HEAT COOL AVG MEAN DEG DEG WIND DOM DAY TEMP HIGH TIME LOW TIME DAYS DAYS RAIN SPEED HIGH TIME DIR ------------------------------------------------------------------------------------ 1 44.2 60.5 2:10p 27.4 6:45a 20.8 0.0 0.00 2.0 13.0 11:10p E 2 48.0 58.4 4:40p 41.0 10:45p 17.0 0.0 0.00 2.5 16.0 5:30a SE 3 44.8 58.5 2:50p 30.0 7:50a 20.2 0.0 0.00 2.7 17.0 11:20p S 4 43.6 52.1 12:25a 37.8 11:55p 21.4 0.0 0.00 8.8 34.0 4:10p WSW 5 41.2 52.1 2:55p 30.3 7:50a 23.8 0.0 0.00 3.5 17.0 4:30p SW 6 42.0 51.4 4:20p 35.7 6:10a 23.0 0.0 0.00 2.7 16.0 11:10a SSE 7 43.6 58.5 2:35p 33.0 7:55a 21.4 0.0 0.00 9.0 31.0 11:15a S 8 34.1 43.7 4:35p 27.1 11:55p 30.9 0.0 0.00 7.9 27.0 3:10a WSW 9 34.3 47.7 4:25p 21.3 5:30a 30.7 0.0 0.00 1.8 15.0 11:30a NE 10 44.3 56.3 3:10p 33.5 2:40a 20.7 0.0 0.00 6.5 29.0 1:15p S 11 41.5 54.1 12:05p 29.1 12:00m 23.5 0.0 0.00 8.3 41.0 1:00p W 12 37.1 51.4 4:10p 21.7 3:35a 27.9 0.0 0.00 4.7 18.0 12:25p SSE 13 47.4 60.1 3:55p 36.4 1:40a 17.6 0.0 0.00 5.6 20.0 3:15p SSE 14 52.3 63.8 2:15p 42.6 7:30a 12.7 0.0 0.00 6.2 27.0 2:50p SW 15 51.2 64.8 3:25p 39.0 5:40a 13.8 0.0 0.00 4.0 23.0 2:10p SW 16 39.1 50.9 4:20p 26.2 7:50a 25.9 0.0 0.00 2.4 16.0 1:05a WSW 17 46.2 65.0 4:40p 26.9 4:10a 18.8 0.0 0.00 3.5 18.0 2:25p SW 18 56.8 70.7 3:05p 46.6 12:00m 9.1 0.8 0.00 4.3 21.0 1:40p S 19 49.6 65.0 4:15p 36.5 7:00a 15.4 0.0 0.00 1.4 9.0 5:00a NNW 20 44.3 57.7 2:40p 32.5 7:45a 20.7 0.0 0.00 1.1 14.0 3:25p E 21 47.6 55.4 4:40p 42.8 3:45a 17.4 0.0 0.01 1.2 14.0 1:00p E 22 48.3 56.4 2:55p 38.9 3:10a 16.7 0.0 0.00 3.4 20.0 3:10p WSW 23 47.1 53.9 1:35p 44.0 9:40p 17.9 0.0 0.27 2.6 20.0 4:30p S 24 45.3 52.9 1:00p 41.3 4:45a 19.7 0.0 0.04 3.2 16.0 1:45p S 25 47.0 56.6 4:20p 37.9 7:45a 18.0 0.0 0.00 4.4 20.0 3:15p S 26 48.0 57.7 3:05p 39.5 7:50a 17.0 0.0 0.00 3.6 20.0 2:25p NNW 27 44.6 59.2 4:35p 31.4 7:40a 20.4 0.0 0.00 2.0 12.0 12:05p E 28 45.2 62.0 5:00p 30.9 6:55a 19.8 0.0 0.00 2.1 9.0 8:30a N 29 46.7 66.8 3:35p 32.3 7:20a 18.3 0.1 0.00 2.6 12.0 9:15a NNE 30 50.4 65.4 3:10p 35.7 7:00a 14.6 0.0 0.00 2.6 12.0 8:00a NNE 31 56.4 69.2 3:45p 48.3 6:20a 8.9 0.3 0.00 3.8 15.0 12:50p N ------------------------------------------------------------------------------------- 45.6 70.7 18 21.3 9 604.0 1.2 0.32 3.9 41.0 11 S Max >= 90.0: 0 Max <= 32.0: 0 Min <= 32.0: 11 Min <= 0.0: 0 Max Rain: 0.27 ON 01/23/24 Days of Rain: 2 (>.01 in) 1 (>.1 in) 0 (>1 in) Heat Base: 65.0 Cool Base: 65.0 Method: Integration