NOAA-style Climate Reports

- as reported from this site (LasCruces-Weather.com) beginning 04-03-07

2024: Jan | Feb | Mar | Apr | May | Jun | Jul | Aug | Sep | Oct | Nov | Dec 
2023: Jan | Feb | Mar | Apr | May | Jun | Jul | Aug | Sep | Oct | Nov | Dec 
2022: Jan | Feb | Mar | Apr | May | Jun | Jul | Aug | Sep | Oct | Nov | Dec 
2021: Jan | Feb | Mar | Apr | May | Jun | Jul | Aug | Sep | Oct | Nov | Dec 
2020: Jan | Feb | Mar | Apr | May | Jun | Jul | Aug | Sep | Oct | Nov | Dec 
2019: Jan | Feb | Mar | Apr | May | Jun | Jul | Aug | Sep | Oct | Nov | Dec 
2018: Jan | Feb | Mar | Apr | May | Jun | Jul | Aug | Sep | Oct | Nov | Dec 
2017: Jan | Feb | Mar | Apr | May | Jun | Jul | Aug | Sep | Oct | Nov | Dec 
2016: Jan | Feb | Mar | Apr | May | Jun | Jul | Aug | Sep | Oct | Nov | Dec 
2015: Jan | Feb | Mar | Apr | May | Jun | Jul | Aug | Sep | Oct | Nov | Dec 
2014: Jan | Feb | Mar | Apr | May | Jun | Jul | Aug | Sep | Oct | Nov | Dec 
2013: Jan | Feb | Mar | Apr | May | Jun | Jul | Aug | Sep | Oct | Nov | Dec 
2012: Jan | Feb | Mar | Apr | May | Jun | Jul | Aug | Sep | Oct | Nov | Dec 
2011: Jan | Feb | Mar | Apr | May | Jun | Jul | Aug | Sep | Oct | Nov | Dec 
2010: Jan | Feb | Mar | Apr | May | Jun | Jul | Aug | Sep | Oct | Nov | Dec 
2009: Jan | Feb | Mar | Apr | May | Jun | Jul | Aug | Sep | Oct | Nov | Dec 
2008: Jan | Feb | Mar | Apr | May | Jun | Jul | Aug | Sep | Oct | Nov | Dec 
2007: Jan | Feb | Mar | Apr | May | Jun | Jul | Aug | Sep | Oct | Nov | Dec 

Report for 2023 12
MONTHLY CLIMATOLOGICAL SUMMARY for DEC. 2023 NAME: C32 CITY: Las Cruces|East Mesa STATE: NM ELEV: 4474 ft LAT: 32 24' 08" N LONG: 106 41' 01" W TEMPERATURE (F), RAIN (in), WIND SPEED (mph) HEAT COOL AVG MEAN DEG DEG WIND DOM DAY TEMP HIGH TIME LOW TIME DAYS DAYS RAIN SPEED HIGH TIME DIR ------------------------------------------------------------------------------------ 1 47.8 56.5 2:05p 40.0 3:40a 17.2 0.0 0.00 3.8 21.0 12:20p W 2 45.9 57.5 3:00p 34.6 7:10a 19.1 0.0 0.00 3.7 14.0 4:20p S 3 44.8 61.5 3:50p 28.7 7:10a 20.2 0.0 0.00 2.4 13.0 1:40p SSW 4 48.1 66.9 4:25p 32.1 6:00a 17.0 0.1 0.00 1.7 9.0 11:05a E 5 49.9 66.7 2:25p 36.9 5:20a 15.2 0.2 0.00 3.1 12.0 5:30a NNE 6 49.3 70.3 3:15p 35.3 7:20a 16.2 0.5 0.00 2.8 11.0 4:20a NE 7 55.2 70.1 2:05p 40.6 2:10a 10.6 0.7 0.00 3.9 21.0 1:05p SSW 8 56.1 68.3 2:55p 45.9 11:45p 9.2 0.3 0.00 6.6 32.0 3:15p S 9 41.6 51.1 2:55p 29.6 7:05a 23.4 0.0 0.00 6.0 22.0 2:10p NNE 10 35.0 51.0 3:35p 21.3 5:15a 30.0 0.0 0.00 1.8 9.0 3:50p E 11 40.6 58.4 4:25p 26.2 1:15a 24.4 0.0 0.00 2.4 10.0 8:50a E 12 46.2 62.6 1:50p 33.7 4:35a 18.8 0.0 0.00 1.7 9.0 9:20a NNE 13 50.3 66.4 3:15p 32.9 7:15a 14.7 0.0 0.00 4.9 29.0 8:35p ESE 14 51.9 61.4 3:00p 38.8 11:10p 13.1 0.0 0.00 4.5 21.0 1:05a SSE 15 44.5 62.4 3:40p 30.2 7:30a 20.5 0.0 0.00 3.3 12.0 8:35a N 16 44.2 62.4 2:55p 34.1 12:00m 20.8 0.0 0.00 3.4 13.0 9:10a NE 17 46.1 65.2 4:20p 29.0 7:30a 18.9 0.0 0.00 4.4 15.0 10:05a NNE 18 48.9 67.3 3:55p 35.3 7:20a 16.2 0.1 0.00 2.3 11.0 9:20a NE 19 49.6 60.9 1:20p 37.7 7:15a 15.4 0.0 0.00 1.9 11.0 2:05p E 20 45.3 55.9 12:30p 39.5 3:25a 19.7 0.0 0.20 2.9 14.0 10:40a E 21 45.4 59.1 4:25p 35.2 7:25a 19.6 0.0 0.01 2.7 10.0 10:15a N 22 50.3 66.0 4:45p 39.6 4:35a 14.7 0.0 0.05 2.9 33.0 9:40p N 23 49.4 57.1 2:20p 41.2 11:50p 15.6 0.0 0.39 4.6 24.0 2:00p W 24 44.1 55.5 3:25p 34.9 7:35a 20.9 0.0 0.00 2.7 16.0 3:40p SSE 25 39.3 50.4 4:00p 30.2 7:45a 25.7 0.0 0.00 2.4 12.0 1:50p N 26 38.4 53.4 4:25p 25.4 4:55a 26.6 0.0 0.00 2.9 13.0 12:55p NNW 27 40.2 55.2 3:10p 28.9 6:00a 24.8 0.0 0.00 2.7 12.0 1:40a NNE 28 39.3 54.9 2:20p 25.7 6:45a 25.7 0.0 0.00 2.4 11.0 1:55p NNE 29 40.3 57.2 4:10p 30.0 7:15a 24.7 0.0 0.00 2.9 10.0 5:15a NE 30 39.8 57.3 3:55p 28.5 2:45a 25.2 0.0 0.00 1.8 9.0 2:25p E 31 44.0 59.2 3:45p 29.3 7:45a 21.0 0.0 0.00 3.8 25.0 2:45p E ------------------------------------------------------------------------------------- 45.5 70.3 6 21.3 10 605.1 1.9 0.65 3.2 33.0 22 NNE Max >= 90.0: 0 Max <= 32.0: 0 Min <= 32.0: 13 Min <= 0.0: 0 Max Rain: 0.39 ON 12/23/23 Days of Rain: 3 (>.01 in) 2 (>.1 in) 0 (>1 in) Heat Base: 65.0 Cool Base: 65.0 Method: Integration