NOAA-style Climate Reports

- as reported from this site (LasCruces-Weather.com) beginning 04-03-07

2024: Jan | Feb | Mar | Apr | May | Jun | Jul | Aug | Sep | Oct | Nov | Dec 
2023: Jan | Feb | Mar | Apr | May | Jun | Jul | Aug | Sep | Oct | Nov | Dec 
2022: Jan | Feb | Mar | Apr | May | Jun | Jul | Aug | Sep | Oct | Nov | Dec 
2021: Jan | Feb | Mar | Apr | May | Jun | Jul | Aug | Sep | Oct | Nov | Dec 
2020: Jan | Feb | Mar | Apr | May | Jun | Jul | Aug | Sep | Oct | Nov | Dec 
2019: Jan | Feb | Mar | Apr | May | Jun | Jul | Aug | Sep | Oct | Nov | Dec 
2018: Jan | Feb | Mar | Apr | May | Jun | Jul | Aug | Sep | Oct | Nov | Dec 
2017: Jan | Feb | Mar | Apr | May | Jun | Jul | Aug | Sep | Oct | Nov | Dec 
2016: Jan | Feb | Mar | Apr | May | Jun | Jul | Aug | Sep | Oct | Nov | Dec 
2015: Jan | Feb | Mar | Apr | May | Jun | Jul | Aug | Sep | Oct | Nov | Dec 
2014: Jan | Feb | Mar | Apr | May | Jun | Jul | Aug | Sep | Oct | Nov | Dec 
2013: Jan | Feb | Mar | Apr | May | Jun | Jul | Aug | Sep | Oct | Nov | Dec 
2012: Jan | Feb | Mar | Apr | May | Jun | Jul | Aug | Sep | Oct | Nov | Dec 
2011: Jan | Feb | Mar | Apr | May | Jun | Jul | Aug | Sep | Oct | Nov | Dec 
2010: Jan | Feb | Mar | Apr | May | Jun | Jul | Aug | Sep | Oct | Nov | Dec 
2009: Jan | Feb | Mar | Apr | May | Jun | Jul | Aug | Sep | Oct | Nov | Dec 
2008: Jan | Feb | Mar | Apr | May | Jun | Jul | Aug | Sep | Oct | Nov | Dec 
2007: Jan | Feb | Mar | Apr | May | Jun | Jul | Aug | Sep | Oct | Nov | Dec 

Report for 2023 11
MONTHLY CLIMATOLOGICAL SUMMARY for NOV. 2023 NAME: C32 CITY: Las Cruces|East Mesa STATE: NM ELEV: 4474 ft LAT: 32 24' 08" N LONG: 106 41' 01" W TEMPERATURE (F), RAIN (in), WIND SPEED (mph) HEAT COOL AVG MEAN DEG DEG WIND DOM DAY TEMP HIGH TIME LOW TIME DAYS DAYS RAIN SPEED HIGH TIME DIR ------------------------------------------------------------------------------------ 1 47.2 63.5 4:50p 31.2 8:05a 17.8 0.0 0.00 1.3 12.0 3:30p E 2 53.0 72.4 4:05p 34.7 7:45a 13.1 1.2 0.00 1.3 8.0 12:45p SE 3 57.9 77.3 5:05p 41.8 6:55a 9.5 2.4 0.00 1.6 10.0 2:05p SE 4 59.3 81.4 4:10p 40.5 8:05a 9.2 3.5 0.00 2.2 9.0 9:55a E 5 62.1 81.0 3:40p 44.6 4:40a 6.9 4.0 0.00 2.7 16.0 3:35p E 6 66.6 83.1 1:55p 49.1 7:10a 4.3 5.9 0.00 3.1 24.0 1:55p WSW 7 67.8 81.8 2:50p 56.6 2:15a 2.6 5.4 0.00 3.9 21.0 1:25p SSE 8 66.2 78.7 2:00p 56.1 6:40a 2.9 4.1 0.00 3.9 23.0 2:00p W 9 58.0 66.4 3:20p 48.2 11:25p 7.1 0.1 0.13 3.1 18.0 1:50p E 10 48.1 51.0 2:45p 45.3 6:30a 16.9 0.0 0.19 1.4 17.0 1:05a SW 11 51.2 62.2 3:10p 43.6 7:10a 13.8 0.0 0.00 0.9 9.0 6:05a WNW 12 51.7 66.7 2:55p 36.8 6:45a 13.4 0.1 0.00 2.1 13.0 9:45a N 13 53.6 64.9 3:20p 43.2 7:20a 11.4 0.0 0.00 1.9 13.0 5:55p E 14 53.2 63.2 2:40p 43.4 6:00a 11.8 0.0 0.00 1.0 10.0 11:15a E 15 55.0 71.8 4:05p 40.5 6:50a 11.0 0.9 0.00 1.2 8.0 9:15a E 16 60.1 68.8 3:00p 50.3 5:25a 5.6 0.8 0.00 1.7 11.0 1:25p S 17 65.6 77.4 2:55p 56.4 5:25a 2.4 3.1 0.00 1.8 15.0 3:10p SSW 18 66.0 76.2 3:20p 55.7 12:00m 2.0 3.1 0.00 2.9 17.0 2:30p S 19 57.1 65.6 2:05p 47.5 4:50a 7.9 0.0 0.00 6.5 30.0 2:45p WSW 20 52.2 62.2 3:55p 41.9 7:20a 12.8 0.0 0.06 3.4 16.0 2:25a NE 21 49.7 60.8 3:00p 37.6 12:00m 15.3 0.0 0.00 2.3 15.0 12:30a E 22 46.1 62.4 3:25p 32.4 7:25a 18.9 0.0 0.00 1.1 7.0 12:35p E 23 48.5 61.0 3:00p 34.1 6:15a 16.5 0.0 0.00 2.8 15.0 3:20p SSW 24 54.6 64.9 3:00p 41.9 7:35a 10.4 0.0 0.00 5.3 22.0 1:10p S 25 50.6 60.0 2:35p 38.8 12:00m 14.4 0.0 0.00 4.4 25.0 11:55a WSW 26 45.5 58.3 1:05p 32.3 6:50a 19.5 0.0 0.00 2.7 13.0 4:25a NNE 27 43.1 53.5 3:05p 34.5 7:20a 21.9 0.0 0.00 2.5 11.0 11:25a N 28 44.7 60.8 4:10p 33.5 5:45a 20.3 0.0 0.00 3.1 12.0 8:20a NE 29 49.3 65.2 2:45p 34.8 6:00a 15.7 0.0 0.00 2.9 12.0 1:25p NE 30 49.0 54.8 12:10p 42.8 11:55p 16.0 0.0 0.00 5.9 28.0 11:45a WSW ------------------------------------------------------------------------------------- 54.4 83.1 6 31.2 1 351.3 34.6 0.38 2.7 30.0 19 E Max >= 90.0: 0 Max <= 32.0: 0 Min <= 32.0: 1 Min <= 0.0: 0 Max Rain: 0.19 ON 11/10/23 Days of Rain: 3 (>.01 in) 2 (>.1 in) 0 (>1 in) Heat Base: 65.0 Cool Base: 65.0 Method: Integration