NOAA-style Climate Reports

- as reported from this site (LasCruces-Weather.com) beginning 04-03-07

2024: Jan | Feb | Mar | Apr | May | Jun | Jul | Aug | Sep | Oct | Nov | Dec 
2023: Jan | Feb | Mar | Apr | May | Jun | Jul | Aug | Sep | Oct | Nov | Dec 
2022: Jan | Feb | Mar | Apr | May | Jun | Jul | Aug | Sep | Oct | Nov | Dec 
2021: Jan | Feb | Mar | Apr | May | Jun | Jul | Aug | Sep | Oct | Nov | Dec 
2020: Jan | Feb | Mar | Apr | May | Jun | Jul | Aug | Sep | Oct | Nov | Dec 
2019: Jan | Feb | Mar | Apr | May | Jun | Jul | Aug | Sep | Oct | Nov | Dec 
2018: Jan | Feb | Mar | Apr | May | Jun | Jul | Aug | Sep | Oct | Nov | Dec 
2017: Jan | Feb | Mar | Apr | May | Jun | Jul | Aug | Sep | Oct | Nov | Dec 
2016: Jan | Feb | Mar | Apr | May | Jun | Jul | Aug | Sep | Oct | Nov | Dec 
2015: Jan | Feb | Mar | Apr | May | Jun | Jul | Aug | Sep | Oct | Nov | Dec 
2014: Jan | Feb | Mar | Apr | May | Jun | Jul | Aug | Sep | Oct | Nov | Dec 
2013: Jan | Feb | Mar | Apr | May | Jun | Jul | Aug | Sep | Oct | Nov | Dec 
2012: Jan | Feb | Mar | Apr | May | Jun | Jul | Aug | Sep | Oct | Nov | Dec 
2011: Jan | Feb | Mar | Apr | May | Jun | Jul | Aug | Sep | Oct | Nov | Dec 
2010: Jan | Feb | Mar | Apr | May | Jun | Jul | Aug | Sep | Oct | Nov | Dec 
2009: Jan | Feb | Mar | Apr | May | Jun | Jul | Aug | Sep | Oct | Nov | Dec 
2008: Jan | Feb | Mar | Apr | May | Jun | Jul | Aug | Sep | Oct | Nov | Dec 
2007: Jan | Feb | Mar | Apr | May | Jun | Jul | Aug | Sep | Oct | Nov | Dec 

Report for 2023 10
MONTHLY CLIMATOLOGICAL SUMMARY for OCT. 2023 NAME: C32 CITY: Las Cruces|East Mesa STATE: NM ELEV: 4474 ft LAT: 32 24' 08" N LONG: 106 41' 01" W TEMPERATURE (F), RAIN (in), WIND SPEED (mph) HEAT COOL AVG MEAN DEG DEG WIND DOM DAY TEMP HIGH TIME LOW TIME DAYS DAYS RAIN SPEED HIGH TIME DIR ------------------------------------------------------------------------------------ 1 79.0 89.5 3:05p 68.0 7:30a 0.0 14.0 0.00 6.2 26.0 1:30a S 2 76.4 89.9 2:55p 67.7 8:05a 0.0 11.4 0.03 5.2 33.0 6:00p SE 3 72.5 85.3 5:25p 59.4 7:25a 0.6 8.0 0.00 3.0 18.0 2:20p WSW 4 69.7 84.5 4:30p 54.5 7:15a 2.3 7.0 0.00 3.0 19.0 2:55p E 5 70.6 87.4 4:30p 54.5 5:45a 2.7 8.3 0.00 3.9 23.0 10:30p NE 6 70.8 84.1 3:05p 54.3 7:30a 1.9 7.7 0.00 2.9 20.0 9:30p E 7 69.3 79.3 4:20p 60.8 7:15a 0.6 4.9 0.00 4.0 24.0 12:55a E 8 67.9 81.6 3:55p 54.1 6:10a 2.9 5.7 0.00 1.5 12.0 1:15p ENE 9 69.8 85.7 4:15p 55.4 7:35a 2.3 7.1 0.00 2.1 19.0 6:20p E 10 71.9 85.2 4:15p 59.5 3:25a 0.9 7.8 0.00 2.3 18.0 2:20p ENE 11 73.3 86.5 4:45p 60.1 2:10a 0.9 9.2 0.00 6.3 25.0 4:50p SSW 12 72.1 80.5 3:55p 63.1 7:40a 0.0 7.1 0.00 6.4 28.0 4:10p WSW 13 66.3 80.5 4:45p 53.2 7:25a 2.8 4.1 0.00 2.8 21.0 2:55p NNE 14 66.6 83.8 5:15p 51.6 7:40a 3.3 5.0 0.00 1.5 10.0 5:55p N 15 68.1 85.1 4:15p 50.5 7:30a 3.9 7.0 0.00 2.2 13.0 9:00p E 16 66.1 82.9 4:30p 50.4 6:40a 4.2 5.3 0.00 1.7 12.0 3:55p E 17 69.7 87.3 4:25p 53.1 6:45a 3.2 8.0 0.00 2.4 12.0 2:05p WSW 18 71.2 89.4 3:50p 54.0 6:40a 2.0 8.2 0.00 3.2 18.0 5:05p NNW 19 68.8 87.8 4:25p 51.8 7:20a 3.1 6.9 0.00 2.6 13.0 4:55p SE 20 71.3 88.3 2:50p 53.1 7:25a 2.3 8.5 0.00 2.3 12.0 3:35p SE 21 74.6 88.0 2:30p 61.4 6:30a 0.4 10.1 0.00 2.7 14.0 2:15p S 22 72.7 84.3 2:50p 58.5 6:55a 0.6 8.3 0.00 3.5 22.0 9:50p S 23 71.2 84.3 3:40p 57.2 7:15a 0.8 7.0 0.00 3.4 18.0 1:40p S 24 62.7 73.6 12:25p 55.0 11:50p 3.8 1.5 0.42 4.2 27.0 5:10a SW 25 59.3 68.9 4:10p 52.0 5:45a 6.2 0.5 0.00 4.1 18.0 3:05p S 26 62.5 74.6 4:30p 51.9 7:25a 4.7 2.2 0.00 4.1 27.0 3:10p S 27 65.0 78.3 4:05p 52.1 6:05a 3.9 3.9 0.00 3.2 17.0 2:55p SE 28 63.9 79.0 3:25p 48.8 6:15a 5.2 4.1 0.00 3.1 18.0 3:40p E 29 62.3 74.9 4:05p 45.6 12:00m 5.2 2.5 0.00 4.1 22.0 9:10p SSE 30 43.2 53.9 4:55p 35.3 7:25a 21.8 0.0 0.00 1.6 13.0 3:15p S 31 44.4 60.2 4:35p 29.6 7:50a 20.6 0.0 0.00 1.2 10.0 1:45p E ------------------------------------------------------------------------------------- 67.5 89.9 2 29.6 31 113.1 191.3 0.45 3.2 33.0 2 S Max >= 90.0: 0 Max <= 32.0: 0 Min <= 32.0: 1 Min <= 0.0: 0 Max Rain: 0.42 ON 10/24/23 Days of Rain: 2 (>.01 in) 1 (>.1 in) 0 (>1 in) Heat Base: 65.0 Cool Base: 65.0 Method: Integration