NOAA-style Climate Reports

- as reported from this site (LasCruces-Weather.com) beginning 04-03-07

2023: Jan | Feb | Mar | Apr | May | Jun | Jul | Aug | Sep | Oct | Nov | Dec 
2022: Jan | Feb | Mar | Apr | May | Jun | Jul | Aug | Sep | Oct | Nov | Dec 
2021: Jan | Feb | Mar | Apr | May | Jun | Jul | Aug | Sep | Oct | Nov | Dec 
2020: Jan | Feb | Mar | Apr | May | Jun | Jul | Aug | Sep | Oct | Nov | Dec 
2019: Jan | Feb | Mar | Apr | May | Jun | Jul | Aug | Sep | Oct | Nov | Dec 
2018: Jan | Feb | Mar | Apr | May | Jun | Jul | Aug | Sep | Oct | Nov | Dec 
2017: Jan | Feb | Mar | Apr | May | Jun | Jul | Aug | Sep | Oct | Nov | Dec 
2016: Jan | Feb | Mar | Apr | May | Jun | Jul | Aug | Sep | Oct | Nov | Dec 
2015: Jan | Feb | Mar | Apr | May | Jun | Jul | Aug | Sep | Oct | Nov | Dec 
2014: Jan | Feb | Mar | Apr | May | Jun | Jul | Aug | Sep | Oct | Nov | Dec 
2013: Jan | Feb | Mar | Apr | May | Jun | Jul | Aug | Sep | Oct | Nov | Dec 
2012: Jan | Feb | Mar | Apr | May | Jun | Jul | Aug | Sep | Oct | Nov | Dec 
2011: Jan | Feb | Mar | Apr | May | Jun | Jul | Aug | Sep | Oct | Nov | Dec 
2010: Jan | Feb | Mar | Apr | May | Jun | Jul | Aug | Sep | Oct | Nov | Dec 
2009: Jan | Feb | Mar | Apr | May | Jun | Jul | Aug | Sep | Oct | Nov | Dec 
2008: Jan | Feb | Mar | Apr | May | Jun | Jul | Aug | Sep | Oct | Nov | Dec 
2007: Jan | Feb | Mar | Apr | May | Jun | Jul | Aug | Sep | Oct | Nov | Dec 

Report for 2023 08
MONTHLY CLIMATOLOGICAL SUMMARY for AUG. 2023 NAME: C32 CITY: Las Cruces|East Mesa STATE: NM ELEV: 4474 ft LAT: 32 24' 08" N LONG: 106 41' 01" W TEMPERATURE (F), RAIN (in), WIND SPEED (mph) HEAT COOL AVG MEAN DEG DEG WIND DOM DAY TEMP HIGH TIME LOW TIME DAYS DAYS RAIN SPEED HIGH TIME DIR ------------------------------------------------------------------------------------ 1 86.8 99.1 5:20p 75.4 6:40a 0.0 21.8 0.00 6.7 33.0 11:10p S 2 84.5 98.2 1:50p 74.1 6:55a 0.0 19.5 0.00 4.1 25.0 6:05p E 3 84.5 99.9 5:35p 70.8 6:50a 0.0 19.5 0.00 2.9 25.0 12:00p S 4 89.9 104.3 3:25p 73.8 6:30a 0.0 24.9 0.00 3.3 26.0 5:55p E 5 93.2 107.2 5:00p 76.8 5:05a 0.0 28.2 0.00 3.1 22.0 3:00p SE 6 94.5 108.6 5:30p 79.5 5:20a 0.0 29.5 0.00 3.4 17.0 12:35p NNW 7 89.0 105.1 2:50p 73.9 6:50a 0.0 24.0 0.00 5.5 29.0 6:15p N 8 83.5 100.3 4:50p 73.6 3:55a 0.0 18.5 0.01 4.2 24.0 5:50p SW 9 81.8 99.0 4:50p 64.9 7:00a 0.0 16.8 0.03 4.8 21.0 6:25p N 10 84.0 99.8 3:50p 72.3 6:55a 0.0 19.0 0.00 4.5 24.0 6:00p N 11 82.3 95.8 5:35p 70.7 5:15a 0.0 17.3 0.00 5.0 22.0 3:05a S 12 82.2 95.6 4:55p 71.2 6:10a 0.0 17.2 0.00 3.9 20.0 3:00a S 13 82.2 94.6 5:50p 72.1 5:20a 0.0 17.2 0.00 3.1 14.0 6:00p SW 14 79.7 93.8 4:30p 66.3 6:50a 0.0 14.7 0.09 7.6 37.0 4:00a E 15 80.3 94.3 3:55p 63.9 6:45a 0.0 15.3 0.26 3.8 20.0 2:15a S 16 84.0 97.2 4:40p 68.8 7:05a 0.0 19.0 0.00 2.7 16.0 2:35p SE 17 87.2 102.1 4:05p 71.6 6:10a 0.0 22.2 0.00 3.5 38.0 7:05p E 18 88.8 100.8 2:40p 73.7 7:20a 0.0 23.8 0.00 6.0 25.0 11:40p ESE 19 88.3 98.1 3:45p 73.4 7:05a 0.0 23.3 0.00 6.8 28.0 10:45p ESE 20 87.9 96.4 2:15p 79.2 6:55a 0.0 22.9 0.00 12.0 36.0 8:30p E 21 86.8 95.9 5:00p 79.4 6:30a 0.0 21.8 0.00 11.6 40.0 1:20a ESE 22 85.7 95.1 3:30p 77.5 7:05a 0.0 20.7 0.00 6.5 29.0 3:35p E 23 69.8 80.2 12:30a 65.4 2:00p 0.0 4.8 0.54 3.3 20.0 4:55a NE 24 75.6 90.1 6:45p 62.3 7:00a 0.5 11.0 0.00 2.4 15.0 1:00p N 25 80.1 95.1 2:45p 71.7 12:00m 0.0 15.0 0.04 3.6 22.0 4:15p N 26 81.5 96.7 3:15p 68.7 7:00a 0.0 16.5 0.00 5.7 19.0 1:10p N 27 82.8 97.1 4:40p 69.0 5:35a 0.0 17.8 0.00 3.5 22.0 5:20p N 28 82.2 94.0 1:45p 71.3 6:25a 0.0 17.2 0.00 3.7 26.0 2:05p E 29 80.2 91.9 5:15p 69.9 6:00a 0.0 15.2 0.07 5.2 28.0 11:50p E 30 82.8 95.2 4:30p 70.2 7:35a 0.0 17.8 0.00 3.2 26.0 12:15a S 31 82.9 98.0 4:55p 67.5 7:10a 0.0 17.9 0.00 2.4 15.0 4:45p SE ------------------------------------------------------------------------------------- 84.0 108.6 6 62.3 24 0.5 590.3 1.04 4.8 40.0 21 E Max >= 90.0: 30 Max <= 32.0: 0 Min <= 32.0: 0 Min <= 0.0: 0 Max Rain: 0.54 ON 08/23/23 Days of Rain: 6 (>.01 in) 2 (>.1 in) 0 (>1 in) Heat Base: 65.0 Cool Base: 65.0 Method: Integration