NOAA-style Climate Reports

- as reported from this site (LasCruces-Weather.com) beginning 04-03-07

2023: Jan | Feb | Mar | Apr | May | Jun | Jul | Aug | Sep | Oct | Nov | Dec 
2022: Jan | Feb | Mar | Apr | May | Jun | Jul | Aug | Sep | Oct | Nov | Dec 
2021: Jan | Feb | Mar | Apr | May | Jun | Jul | Aug | Sep | Oct | Nov | Dec 
2020: Jan | Feb | Mar | Apr | May | Jun | Jul | Aug | Sep | Oct | Nov | Dec 
2019: Jan | Feb | Mar | Apr | May | Jun | Jul | Aug | Sep | Oct | Nov | Dec 
2018: Jan | Feb | Mar | Apr | May | Jun | Jul | Aug | Sep | Oct | Nov | Dec 
2017: Jan | Feb | Mar | Apr | May | Jun | Jul | Aug | Sep | Oct | Nov | Dec 
2016: Jan | Feb | Mar | Apr | May | Jun | Jul | Aug | Sep | Oct | Nov | Dec 
2015: Jan | Feb | Mar | Apr | May | Jun | Jul | Aug | Sep | Oct | Nov | Dec 
2014: Jan | Feb | Mar | Apr | May | Jun | Jul | Aug | Sep | Oct | Nov | Dec 
2013: Jan | Feb | Mar | Apr | May | Jun | Jul | Aug | Sep | Oct | Nov | Dec 
2012: Jan | Feb | Mar | Apr | May | Jun | Jul | Aug | Sep | Oct | Nov | Dec 
2011: Jan | Feb | Mar | Apr | May | Jun | Jul | Aug | Sep | Oct | Nov | Dec 
2010: Jan | Feb | Mar | Apr | May | Jun | Jul | Aug | Sep | Oct | Nov | Dec 
2009: Jan | Feb | Mar | Apr | May | Jun | Jul | Aug | Sep | Oct | Nov | Dec 
2008: Jan | Feb | Mar | Apr | May | Jun | Jul | Aug | Sep | Oct | Nov | Dec 
2007: Jan | Feb | Mar | Apr | May | Jun | Jul | Aug | Sep | Oct | Nov | Dec 

Report for 2023 07
MONTHLY CLIMATOLOGICAL SUMMARY for JUL. 2023 NAME: C32 CITY: Las Cruces|East Mesa STATE: NM ELEV: 4474 ft LAT: 32 24' 08" N LONG: 106 41' 01" W TEMPERATURE (F), RAIN (in), WIND SPEED (mph) HEAT COOL AVG MEAN DEG DEG WIND DOM DAY TEMP HIGH TIME LOW TIME DAYS DAYS RAIN SPEED HIGH TIME DIR ------------------------------------------------------------------------------------ 1 84.8 100.4 6:30p 63.5 6:30a 0.0 19.8 0.00 3.7 17.0 10:45p N 2 85.0 99.5 3:00p 74.4 7:40a 0.0 20.0 0.06 6.4 31.0 5:05p E 3 83.2 99.8 4:05p 67.6 6:30a 0.0 18.2 0.00 3.4 28.0 4:40p S 4 85.9 101.3 5:00p 66.7 6:30a 0.0 20.9 0.00 3.6 17.0 2:30p SW 5 92.0 104.6 5:10p 76.2 4:40a 0.0 27.0 0.00 5.1 19.0 11:05p SE 6 93.2 105.0 4:40p 82.0 6:40a 0.0 28.2 0.00 6.0 19.0 10:25p S 7 93.5 105.4 4:20p 84.0 6:25a 0.0 28.5 0.00 7.2 27.0 8:00a S 8 92.9 105.5 3:35p 82.8 5:45a 0.0 27.9 0.00 5.9 33.0 7:50p E 9 91.0 103.4 2:50p 75.6 6:20a 0.0 26.0 0.00 5.1 34.0 4:10p E 10 91.5 106.4 4:40p 77.7 6:25a 0.0 26.5 0.00 5.1 24.0 9:20p E 11 90.7 105.5 4:20p 79.6 6:35a 0.0 25.7 0.03 4.6 29.0 11:30p S 12 87.1 103.2 4:55p 74.0 3:20a 0.0 22.1 0.00 4.6 27.0 12:20a WSW 13 87.6 103.9 4:50p 74.4 6:25a 0.0 22.6 0.14 3.7 26.0 7:10p SSW 14 87.8 104.2 3:30p 75.2 7:10a 0.0 22.8 0.00 3.8 24.0 3:45p E 15 86.8 102.2 3:40p 77.1 5:20a 0.0 21.8 0.00 5.3 34.0 6:50p S 16 90.0 103.1 4:40p 78.7 7:05a 0.0 25.0 0.00 3.8 19.0 12:00p NE 17 92.1 107.7 4:25p 75.1 6:05a 0.0 27.1 0.00 3.3 21.0 3:20p SW 18 93.5 107.7 4:50p 75.6 6:40a 0.0 28.5 0.00 3.2 18.0 12:25p SW 19 93.1 109.3 5:25p 74.7 6:45a 0.0 28.1 0.00 3.3 20.0 4:10p E 20 93.5 107.6 3:55p 75.0 6:05a 0.0 28.5 0.00 5.6 26.0 1:40p E 21 91.5 105.2 4:10p 75.0 6:50a 0.0 26.5 0.00 5.2 27.0 11:45p E 22 87.0 101.3 4:10p 68.5 10:15p 0.0 21.9 0.95 7.4 40.0 3:10p E 23 84.8 96.5 5:10p 71.2 12:20a 0.0 19.8 0.03 3.5 38.0 12:20a E 24 87.7 101.0 4:55p 72.2 6:20a 0.0 22.7 0.00 2.9 17.0 9:20a SSW 25 89.2 103.0 5:10p 74.0 6:50a 0.0 24.2 0.00 2.8 17.0 2:20p SW 26 91.0 106.2 5:50p 73.0 6:40a 0.0 26.0 0.00 2.9 15.0 3:25p SE 27 91.2 106.8 4:40p 76.6 5:20a 0.0 26.2 0.00 3.4 21.0 7:25p E 28 90.2 103.8 5:40p 71.9 6:55a 0.0 25.2 0.00 3.0 15.0 2:00p E 29 89.5 101.8 4:35p 77.5 6:25a 0.0 24.5 0.00 4.9 28.0 11:45p E 30 87.5 96.1 2:10p 73.7 6:20a 0.0 22.5 0.00 6.4 27.0 12:25p ESE 31 86.1 98.3 4:20p 73.8 7:00a 0.0 21.1 0.00 4.6 27.0 5:25p SSW ------------------------------------------------------------------------------------- 89.4 109.3 19 63.5 1 0.0 755.8 1.21 4.5 40.0 22 E Max >= 90.0: 31 Max <= 32.0: 0 Min <= 32.0: 0 Min <= 0.0: 0 Max Rain: 0.95 ON 07/22/23 Days of Rain: 5 (>.01 in) 2 (>.1 in) 0 (>1 in) Heat Base: 65.0 Cool Base: 65.0 Method: Integration