NOAA-style Climate Reports

- as reported from this site (LasCruces-Weather.com) beginning 04-03-07

2023: Jan | Feb | Mar | Apr | May | Jun | Jul | Aug | Sep | Oct | Nov | Dec 
2022: Jan | Feb | Mar | Apr | May | Jun | Jul | Aug | Sep | Oct | Nov | Dec 
2021: Jan | Feb | Mar | Apr | May | Jun | Jul | Aug | Sep | Oct | Nov | Dec 
2020: Jan | Feb | Mar | Apr | May | Jun | Jul | Aug | Sep | Oct | Nov | Dec 
2019: Jan | Feb | Mar | Apr | May | Jun | Jul | Aug | Sep | Oct | Nov | Dec 
2018: Jan | Feb | Mar | Apr | May | Jun | Jul | Aug | Sep | Oct | Nov | Dec 
2017: Jan | Feb | Mar | Apr | May | Jun | Jul | Aug | Sep | Oct | Nov | Dec 
2016: Jan | Feb | Mar | Apr | May | Jun | Jul | Aug | Sep | Oct | Nov | Dec 
2015: Jan | Feb | Mar | Apr | May | Jun | Jul | Aug | Sep | Oct | Nov | Dec 
2014: Jan | Feb | Mar | Apr | May | Jun | Jul | Aug | Sep | Oct | Nov | Dec 
2013: Jan | Feb | Mar | Apr | May | Jun | Jul | Aug | Sep | Oct | Nov | Dec 
2012: Jan | Feb | Mar | Apr | May | Jun | Jul | Aug | Sep | Oct | Nov | Dec 
2011: Jan | Feb | Mar | Apr | May | Jun | Jul | Aug | Sep | Oct | Nov | Dec 
2010: Jan | Feb | Mar | Apr | May | Jun | Jul | Aug | Sep | Oct | Nov | Dec 
2009: Jan | Feb | Mar | Apr | May | Jun | Jul | Aug | Sep | Oct | Nov | Dec 
2008: Jan | Feb | Mar | Apr | May | Jun | Jul | Aug | Sep | Oct | Nov | Dec 
2007: Jan | Feb | Mar | Apr | May | Jun | Jul | Aug | Sep | Oct | Nov | Dec 

Report for 2023 06
MONTHLY CLIMATOLOGICAL SUMMARY for JUN. 2023 NAME: C32 CITY: Las Cruces|East Mesa STATE: NM ELEV: 4474 ft LAT: 32 24' 08" N LONG: 106 41' 01" W TEMPERATURE (F), RAIN (in), WIND SPEED (mph) HEAT COOL AVG MEAN DEG DEG WIND DOM DAY TEMP HIGH TIME LOW TIME DAYS DAYS RAIN SPEED HIGH TIME DIR ------------------------------------------------------------------------------------ 1 74.8 84.7 4:20p 61.6 6:25a 0.2 10.0 0.00 5.3 27.0 4:05p WSW 2 75.1 86.4 3:30p 64.3 3:45a 0.0 10.1 0.00 4.0 20.0 3:00p WSW 3 75.4 92.1 5:00p 56.1 5:45a 1.1 11.5 0.00 4.2 24.0 7:20p N 4 79.0 91.6 5:15p 66.4 5:50a 0.0 14.0 0.00 4.8 27.0 10:30p E 5 79.0 92.4 4:35p 65.8 5:55a 0.0 14.0 0.00 7.4 37.0 9:45p E 6 76.5 91.5 3:35p 67.5 6:45a 0.0 11.5 0.09 9.1 35.0 1:45a E 7 74.4 88.6 3:25p 57.2 6:45a 1.1 10.5 0.00 3.4 26.0 5:00p W 8 76.4 91.1 3:20p 59.5 4:20a 0.8 12.2 0.00 3.3 19.0 2:15p SE 9 74.6 86.5 2:35p 63.2 12:00m 0.1 9.7 0.00 4.1 23.0 4:00p WSW 10 76.3 90.3 6:30p 57.8 6:35a 1.2 12.5 0.00 3.1 25.0 2:30p WSW 11 80.1 94.1 5:20p 62.2 6:00a 0.2 15.3 0.00 5.3 25.0 2:35p SSW 12 77.5 88.1 4:45p 64.6 5:45a 0.0 12.5 0.00 6.3 25.0 1:25p WSW 13 75.0 88.4 4:50p 59.1 5:30a 1.1 11.2 0.00 5.4 28.0 1:35p W 14 77.4 93.0 4:25p 56.0 6:20a 1.3 13.8 0.00 4.6 27.0 2:05p E 15 80.4 93.4 4:35p 63.9 6:05a 0.0 15.5 0.00 6.0 28.0 2:50p W 16 83.0 95.2 1:50p 66.2 6:05a 0.0 18.0 0.00 6.2 32.0 2:30p W 17 81.8 94.3 4:40p 65.8 5:30a 0.0 16.8 0.00 6.4 32.0 4:50p W 18 84.3 96.4 4:00p 70.5 1:40a 0.0 19.3 0.00 4.9 28.0 4:20p W 19 85.6 96.8 4:10p 70.2 6:35a 0.0 20.6 0.00 5.1 24.0 1:25p WSW 20 85.3 99.0 3:05p 67.4 6:35a 0.0 20.3 0.00 3.8 19.0 3:25p W 21 85.8 100.9 3:10p 70.7 3:35a 0.0 20.8 0.00 4.4 26.0 3:55p W 22 86.5 101.1 3:40p 71.0 6:25a 0.0 21.5 0.00 5.7 27.0 3:10p WSW 23 87.2 101.3 3:10p 70.6 4:45a 0.0 22.2 0.00 5.2 25.0 3:50p WSW 24 86.9 100.4 3:45p 68.9 5:50a 0.0 21.9 0.00 5.6 31.0 3:40p W 25 87.5 103.2 3:55p 67.9 6:15a 0.0 22.5 0.00 4.2 25.0 5:10p E 26 92.5 107.4 2:35p 76.0 5:00a 0.0 27.5 0.00 3.9 25.0 11:55p SSW 27 92.1 106.9 3:55p 76.8 6:40a 0.0 27.1 0.00 4.6 23.0 12:05a SSW 28 89.5 103.5 4:40p 73.6 6:15a 0.0 24.5 0.00 4.8 23.0 8:30p S 29 88.6 101.3 4:35p 75.5 6:20a 0.0 23.6 0.00 3.7 24.0 5:30p SSW 30 87.1 99.5 4:55p 74.6 12:00m 0.0 22.1 0.00 4.3 23.0 5:40p S ------------------------------------------------------------------------------------- 81.9 107.4 26 56.0 14 7.1 513.0 0.09 5.0 37.0 5 WSW Max >= 90.0: 24 Max <= 32.0: 0 Min <= 32.0: 0 Min <= 0.0: 0 Max Rain: 0.09 ON 06/06/23 Days of Rain: 1 (>.01 in) 0 (>.1 in) 0 (>1 in) Heat Base: 65.0 Cool Base: 65.0 Method: Integration