NOAA-style Climate Reports

- as reported from this site (LasCruces-Weather.com) beginning 04-03-07

2023: Jan | Feb | Mar | Apr | May | Jun | Jul | Aug | Sep | Oct | Nov | Dec 
2022: Jan | Feb | Mar | Apr | May | Jun | Jul | Aug | Sep | Oct | Nov | Dec 
2021: Jan | Feb | Mar | Apr | May | Jun | Jul | Aug | Sep | Oct | Nov | Dec 
2020: Jan | Feb | Mar | Apr | May | Jun | Jul | Aug | Sep | Oct | Nov | Dec 
2019: Jan | Feb | Mar | Apr | May | Jun | Jul | Aug | Sep | Oct | Nov | Dec 
2018: Jan | Feb | Mar | Apr | May | Jun | Jul | Aug | Sep | Oct | Nov | Dec 
2017: Jan | Feb | Mar | Apr | May | Jun | Jul | Aug | Sep | Oct | Nov | Dec 
2016: Jan | Feb | Mar | Apr | May | Jun | Jul | Aug | Sep | Oct | Nov | Dec 
2015: Jan | Feb | Mar | Apr | May | Jun | Jul | Aug | Sep | Oct | Nov | Dec 
2014: Jan | Feb | Mar | Apr | May | Jun | Jul | Aug | Sep | Oct | Nov | Dec 
2013: Jan | Feb | Mar | Apr | May | Jun | Jul | Aug | Sep | Oct | Nov | Dec 
2012: Jan | Feb | Mar | Apr | May | Jun | Jul | Aug | Sep | Oct | Nov | Dec 
2011: Jan | Feb | Mar | Apr | May | Jun | Jul | Aug | Sep | Oct | Nov | Dec 
2010: Jan | Feb | Mar | Apr | May | Jun | Jul | Aug | Sep | Oct | Nov | Dec 
2009: Jan | Feb | Mar | Apr | May | Jun | Jul | Aug | Sep | Oct | Nov | Dec 
2008: Jan | Feb | Mar | Apr | May | Jun | Jul | Aug | Sep | Oct | Nov | Dec 
2007: Jan | Feb | Mar | Apr | May | Jun | Jul | Aug | Sep | Oct | Nov | Dec 

Report for 2023 05
MONTHLY CLIMATOLOGICAL SUMMARY for MAY. 2023 NAME: C32 CITY: Las Cruces|East Mesa STATE: NM ELEV: 4474 ft LAT: 32 24' 08" N LONG: 106 41' 01" W TEMPERATURE (F), RAIN (in), WIND SPEED (mph) HEAT COOL AVG MEAN DEG DEG WIND DOM DAY TEMP HIGH TIME LOW TIME DAYS DAYS RAIN SPEED HIGH TIME DIR ------------------------------------------------------------------------------------ 1 74.0 86.3 3:45p 55.9 7:05a 0.7 9.6 0.00 3.6 23.0 8:05p SE 2 73.0 85.7 4:30p 58.9 6:30a 0.7 8.7 0.00 4.3 24.0 4:25p SW 3 70.3 83.9 1:30p 52.4 6:25a 2.4 7.6 0.00 3.7 22.0 5:00p SSW 4 72.1 81.6 5:05p 61.3 6:35a 0.3 7.5 0.00 6.4 25.0 2:00p WSW 5 69.6 83.2 4:35p 54.6 5:55a 2.2 6.8 0.00 6.6 29.0 1:25p WSW 6 70.1 85.5 4:55p 55.3 4:35a 2.3 7.4 0.00 5.1 27.0 4:10p SE 7 71.5 87.1 3:25p 54.3 6:30a 2.1 8.7 0.00 4.3 25.0 2:35p SW 8 72.0 90.4 4:15p 52.2 5:40a 3.1 10.0 0.00 3.7 18.0 12:35p E 9 73.2 91.1 4:10p 52.9 7:00a 2.1 10.3 0.00 3.9 24.0 3:45p SE 10 71.8 84.8 2:40p 59.0 6:40a 0.7 7.5 0.00 7.6 33.0 3:35p SW 11 66.4 81.3 5:00p 46.4 6:00a 4.1 5.5 0.00 3.4 22.0 3:50p SW 12 72.1 88.9 3:55p 53.0 6:20a 2.6 9.7 0.00 2.6 16.0 4:10p E 13 71.0 82.5 12:50p 57.1 5:55a 0.8 6.8 0.00 8.5 35.0 10:20p E 14 69.0 83.6 5:00p 53.3 6:15a 3.0 6.9 0.01 6.0 29.0 10:15p N 15 72.6 83.1 2:45p 64.0 7:45a 0.0 7.6 0.00 5.8 32.0 1:55a E 16 72.5 86.1 3:10p 63.2 7:10a 0.1 7.6 0.00 3.1 25.0 4:55p S 17 73.6 86.4 5:05p 62.5 7:10a 0.1 8.8 0.09 5.0 26.0 7:40p WSW 18 71.4 83.3 3:55p 61.0 3:25a 0.4 6.8 0.00 4.4 20.0 6:30p SSW 19 73.5 88.8 5:00p 55.8 6:50a 1.6 10.2 0.00 3.5 27.0 3:55p SSW 20 69.0 83.8 4:25p 57.1 10:10p 1.9 5.9 0.36 4.6 31.0 7:30p SE 21 68.7 83.6 4:20p 55.0 6:05a 2.6 6.3 0.01 2.8 23.0 5:45p E 22 73.2 89.0 3:45p 56.7 5:55a 1.7 9.9 0.00 3.6 19.0 3:45p W 23 76.5 91.4 2:20p 58.5 4:55a 0.9 12.3 0.00 3.0 21.0 2:20p SW 24 78.3 92.3 3:55p 62.0 6:35a 0.2 13.4 0.00 3.8 21.0 4:30p SE 25 77.4 93.0 4:00p 59.0 6:50a 0.7 13.0 0.00 3.8 20.0 4:05p SE 26 80.2 93.3 4:30p 63.6 6:30a 0.0 15.3 0.00 4.7 20.0 5:05p S 27 79.5 90.4 3:55p 68.4 7:15a 0.0 14.5 0.00 4.4 21.0 4:20p WSW 28 77.3 90.2 4:45p 59.5 4:45a 0.3 12.6 0.00 5.2 25.0 3:00p S 29 78.2 92.7 4:40p 61.4 6:40a 0.2 13.4 0.00 4.4 19.0 4:45p S 30 79.7 94.6 3:55p 65.1 6:30a 0.0 14.7 0.00 3.7 21.0 2:10p SE 31 79.6 91.0 3:45p 65.0 6:40a 0.0 14.6 0.00 5.6 30.0 4:50p SW ------------------------------------------------------------------------------------- 73.5 94.6 30 46.4 11 37.8 299.9 0.47 4.6 35.0 13 SW Max >= 90.0: 11 Max <= 32.0: 0 Min <= 32.0: 0 Min <= 0.0: 0 Max Rain: 0.36 ON 05/20/23 Days of Rain: 2 (>.01 in) 1 (>.1 in) 0 (>1 in) Heat Base: 65.0 Cool Base: 65.0 Method: Integration