NOAA-style Climate Reports

- as reported from this site (LasCruces-Weather.com) beginning 04-03-07

2023: Jan | Feb | Mar | Apr | May | Jun | Jul | Aug | Sep | Oct | Nov | Dec 
2022: Jan | Feb | Mar | Apr | May | Jun | Jul | Aug | Sep | Oct | Nov | Dec 
2021: Jan | Feb | Mar | Apr | May | Jun | Jul | Aug | Sep | Oct | Nov | Dec 
2020: Jan | Feb | Mar | Apr | May | Jun | Jul | Aug | Sep | Oct | Nov | Dec 
2019: Jan | Feb | Mar | Apr | May | Jun | Jul | Aug | Sep | Oct | Nov | Dec 
2018: Jan | Feb | Mar | Apr | May | Jun | Jul | Aug | Sep | Oct | Nov | Dec 
2017: Jan | Feb | Mar | Apr | May | Jun | Jul | Aug | Sep | Oct | Nov | Dec 
2016: Jan | Feb | Mar | Apr | May | Jun | Jul | Aug | Sep | Oct | Nov | Dec 
2015: Jan | Feb | Mar | Apr | May | Jun | Jul | Aug | Sep | Oct | Nov | Dec 
2014: Jan | Feb | Mar | Apr | May | Jun | Jul | Aug | Sep | Oct | Nov | Dec 
2013: Jan | Feb | Mar | Apr | May | Jun | Jul | Aug | Sep | Oct | Nov | Dec 
2012: Jan | Feb | Mar | Apr | May | Jun | Jul | Aug | Sep | Oct | Nov | Dec 
2011: Jan | Feb | Mar | Apr | May | Jun | Jul | Aug | Sep | Oct | Nov | Dec 
2010: Jan | Feb | Mar | Apr | May | Jun | Jul | Aug | Sep | Oct | Nov | Dec 
2009: Jan | Feb | Mar | Apr | May | Jun | Jul | Aug | Sep | Oct | Nov | Dec 
2008: Jan | Feb | Mar | Apr | May | Jun | Jul | Aug | Sep | Oct | Nov | Dec 
2007: Jan | Feb | Mar | Apr | May | Jun | Jul | Aug | Sep | Oct | Nov | Dec 

Report for 2023 04
MONTHLY CLIMATOLOGICAL SUMMARY for APR. 2023 NAME: C32 CITY: Las Cruces|East Mesa STATE: NM ELEV: 4474 ft LAT: 32 24' 08" N LONG: 106 41' 01" W TEMPERATURE (F), RAIN (in), WIND SPEED (mph) HEAT COOL AVG MEAN DEG DEG WIND DOM DAY TEMP HIGH TIME LOW TIME DAYS DAYS RAIN SPEED HIGH TIME DIR ------------------------------------------------------------------------------------ 1 57.3 77.7 5:40p 35.0 7:20a 11.1 3.3 0.00 3.7 25.0 3:45p E 2 63.7 78.3 3:40p 48.7 6:35a 5.0 3.8 0.00 6.1 24.0 4:20p SSW 3 64.5 80.4 3:45p 48.8 7:25a 5.1 4.6 0.00 7.5 35.0 3:25p SW 4 55.5 64.1 3:15p 41.5 12:00m 9.5 0.0 0.00 10.5 36.0 1:45p WSW 5 46.3 62.9 6:30p 30.1 6:20a 18.7 0.0 0.00 3.0 15.0 9:55a N 6 54.9 73.4 3:50p 35.2 7:20a 11.7 1.6 0.00 8.0 37.0 9:25p E 7 60.0 72.4 4:40p 47.9 7:50a 6.2 1.2 0.00 5.2 24.0 12:15a E 8 62.5 78.7 4:30p 41.7 7:25a 6.7 4.2 0.00 2.8 24.0 3:40p SSW 9 67.0 84.7 5:10p 49.2 6:45a 4.3 6.2 0.00 2.6 14.0 3:10p E 10 68.5 85.7 5:25p 51.3 4:55a 3.3 6.9 0.00 3.7 16.0 12:10p E 11 71.4 86.8 4:20p 53.0 6:25a 2.1 8.5 0.00 3.6 30.0 1:55p ESE 12 72.5 86.5 3:40p 59.6 5:40a 0.9 8.4 0.00 4.8 21.0 1:40p S 13 71.5 80.9 3:25p 63.8 5:20a 0.1 6.6 0.00 7.0 24.0 2:40p WSW 14 64.5 74.3 4:55p 51.3 7:00a 2.9 2.5 0.00 8.4 33.0 2:05p WSW 15 62.4 76.4 5:50p 46.3 7:00a 5.7 3.0 0.00 3.2 19.0 1:40p E 16 65.3 81.8 4:20p 46.2 6:20a 4.7 5.0 0.00 3.4 25.0 12:55p E 17 69.5 84.4 3:50p 51.0 5:45a 2.9 7.4 0.00 4.1 23.0 7:05p SW 18 68.2 80.1 4:05p 56.4 5:45a 2.1 5.3 0.00 6.7 27.0 4:55p WSW 19 67.4 79.9 4:25p 54.1 7:00a 2.7 5.1 0.00 6.7 29.0 3:40p WSW 20 65.3 79.8 4:20p 48.7 6:30a 3.7 4.0 0.00 5.6 29.0 5:20p WSW 21 62.9 77.5 4:25p 44.1 6:50a 5.9 3.7 0.00 6.0 21.0 6:05p N 22 67.8 84.0 4:30p 46.3 6:45a 4.1 6.9 0.00 3.8 21.0 5:25p E 23 64.3 77.6 5:20p 49.0 6:45a 3.9 3.2 0.00 4.1 18.0 2:35p SSW 24 67.7 82.5 3:55p 49.2 7:10a 3.3 5.9 0.00 5.1 24.0 12:05a WSW 25 68.9 81.5 4:20p 51.7 5:05a 2.6 6.5 0.00 6.9 27.0 5:05p W 26 64.2 77.0 5:10p 51.7 4:45a 3.9 3.1 0.00 5.4 21.0 12:20p N 27 66.2 81.1 4:35p 45.9 5:35a 4.9 6.1 0.00 4.3 24.0 4:50p WSW 28 67.0 79.6 2:45p 53.7 5:05a 2.5 4.5 0.00 5.6 24.0 12:35p E 29 62.3 79.9 6:40p 42.1 6:05a 6.7 4.1 0.00 2.3 15.0 3:35p E 30 72.8 91.0 4:50p 50.2 6:05a 2.8 10.7 0.00 3.4 17.0 5:35p SW ------------------------------------------------------------------------------------- 64.7 91.0 30 30.1 5 150.0 142.3 0.00 5.1 37.0 6 WSW Max >= 90.0: 1 Max <= 32.0: 0 Min <= 32.0: 1 Min <= 0.0: 0 Max Rain: 0.00 ON 04/01/23 Days of Rain: 0 (>.01 in) 0 (>.1 in) 0 (>1 in) Heat Base: 65.0 Cool Base: 65.0 Method: Integration