NOAA-style Climate Reports

- as reported from this site (LasCruces-Weather.com) beginning 04-03-07

2023: Jan | Feb | Mar | Apr | May | Jun | Jul | Aug | Sep | Oct | Nov | Dec 
2022: Jan | Feb | Mar | Apr | May | Jun | Jul | Aug | Sep | Oct | Nov | Dec 
2021: Jan | Feb | Mar | Apr | May | Jun | Jul | Aug | Sep | Oct | Nov | Dec 
2020: Jan | Feb | Mar | Apr | May | Jun | Jul | Aug | Sep | Oct | Nov | Dec 
2019: Jan | Feb | Mar | Apr | May | Jun | Jul | Aug | Sep | Oct | Nov | Dec 
2018: Jan | Feb | Mar | Apr | May | Jun | Jul | Aug | Sep | Oct | Nov | Dec 
2017: Jan | Feb | Mar | Apr | May | Jun | Jul | Aug | Sep | Oct | Nov | Dec 
2016: Jan | Feb | Mar | Apr | May | Jun | Jul | Aug | Sep | Oct | Nov | Dec 
2015: Jan | Feb | Mar | Apr | May | Jun | Jul | Aug | Sep | Oct | Nov | Dec 
2014: Jan | Feb | Mar | Apr | May | Jun | Jul | Aug | Sep | Oct | Nov | Dec 
2013: Jan | Feb | Mar | Apr | May | Jun | Jul | Aug | Sep | Oct | Nov | Dec 
2012: Jan | Feb | Mar | Apr | May | Jun | Jul | Aug | Sep | Oct | Nov | Dec 
2011: Jan | Feb | Mar | Apr | May | Jun | Jul | Aug | Sep | Oct | Nov | Dec 
2010: Jan | Feb | Mar | Apr | May | Jun | Jul | Aug | Sep | Oct | Nov | Dec 
2009: Jan | Feb | Mar | Apr | May | Jun | Jul | Aug | Sep | Oct | Nov | Dec 
2008: Jan | Feb | Mar | Apr | May | Jun | Jul | Aug | Sep | Oct | Nov | Dec 
2007: Jan | Feb | Mar | Apr | May | Jun | Jul | Aug | Sep | Oct | Nov | Dec 

Report for 2023 03
MONTHLY CLIMATOLOGICAL SUMMARY for MAR. 2023 NAME: C32 CITY: Las Cruces|East Mesa STATE: NM ELEV: 4474 ft LAT: 32 24' 08" N LONG: 106 41' 01" W TEMPERATURE (F), RAIN (in), WIND SPEED (mph) HEAT COOL AVG MEAN DEG DEG WIND DOM DAY TEMP HIGH TIME LOW TIME DAYS DAYS RAIN SPEED HIGH TIME DIR ------------------------------------------------------------------------------------ 1 55.4 67.3 2:40p 44.9 6:55a 9.8 0.2 0.00 7.9 35.0 1:15p SW 2 41.8 51.2 12:40a 34.1 7:50a 23.2 0.0 0.00 8.4 33.0 12:45p WSW 3 45.0 62.3 3:55p 27.0 6:05a 20.0 0.0 0.00 5.1 24.0 7:40p SW 4 51.7 69.5 3:15p 32.5 6:50a 13.8 0.5 0.00 4.0 21.0 2:50p SW 5 57.7 71.8 4:25p 45.4 6:35a 8.5 1.2 0.00 4.2 23.0 2:40p WSW 6 59.1 73.2 3:55p 46.5 6:50a 7.8 1.8 0.00 3.3 17.0 1:15p E 7 59.2 70.1 11:30a 49.1 12:00m 6.5 0.7 0.00 3.7 28.0 1:55p SE 8 60.2 77.9 2:10p 41.8 5:00a 8.2 3.5 0.00 4.2 21.0 12:50p WSW 9 59.7 73.3 3:55p 46.9 3:10a 7.2 1.9 0.00 2.9 15.0 3:15p SE 10 63.8 78.3 3:00p 47.2 5:00a 5.3 4.1 0.00 4.8 22.0 2:05p SE 11 62.9 73.9 2:45p 52.4 6:55a 4.1 2.0 0.00 8.5 33.0 3:30p WSW 12 62.2 72.5 3:15p 51.5 8:10a 4.3 1.6 0.00 6.2 28.0 6:50p WSW 13 56.7 71.5 3:30p 39.5 6:55a 9.4 1.1 0.00 4.3 21.0 5:40p WSW 14 57.7 74.1 5:50p 42.2 7:50a 9.1 1.8 0.00 3.8 15.0 3:05p NE 15 61.1 74.2 3:25p 48.7 7:35a 5.6 1.8 0.00 6.0 30.0 5:05p WSW 16 55.0 61.3 5:10p 47.8 8:00a 10.0 0.0 0.06 7.6 28.0 12:55p WSW 17 49.0 57.3 5:05p 41.8 8:10a 16.0 0.0 0.00 4.1 21.0 11:10p E 18 45.5 52.4 3:50p 40.7 8:00a 19.5 0.0 0.00 7.2 24.0 11:45a E 19 45.3 55.8 4:10p 30.9 7:05a 19.7 0.0 0.00 4.6 24.0 11:45a S 20 55.6 67.1 5:40p 41.5 7:20a 9.6 0.2 0.00 6.5 22.0 3:30p WSW 21 61.8 75.0 4:55p 48.5 7:30a 5.0 1.9 0.00 8.3 32.0 1:35p SW 22 62.0 72.8 4:05p 50.1 7:50a 4.7 1.7 0.00 6.3 30.0 12:25p SW 23 55.2 63.9 11:10a 44.3 12:00m 9.8 0.0 0.00 5.1 28.0 6:05p W 24 48.3 57.7 2:50p 37.7 2:05a 16.7 0.0 0.00 7.4 29.0 2:50p W 25 49.5 63.4 3:25p 34.0 7:35a 15.5 0.0 0.00 4.4 24.0 4:25p SE 26 50.5 63.8 4:45p 35.2 4:30a 14.5 0.0 0.00 6.1 32.0 1:30p WSW 27 54.0 68.6 5:35p 35.2 7:35a 11.5 0.5 0.00 3.5 17.0 11:55a N 28 51.0 68.8 4:10p 35.6 7:45a 14.3 0.3 0.00 5.3 20.0 3:00p N 29 57.9 77.0 4:45p 37.7 7:20a 9.9 2.8 0.00 3.9 21.0 1:55p SSW 30 64.4 75.9 3:35p 53.9 12:00m 3.0 2.4 0.00 9.7 36.0 3:00p WSW 31 55.2 68.1 5:05p 44.6 7:30a 10.1 0.3 0.00 6.1 21.0 3:55a WSW ------------------------------------------------------------------------------------- 55.3 78.3 10 27.0 3 332.6 32.3 0.06 5.6 36.0 30 WSW Max >= 90.0: 0 Max <= 32.0: 0 Min <= 32.0: 2 Min <= 0.0: 0 Max Rain: 0.06 ON 03/16/23 Days of Rain: 1 (>.01 in) 0 (>.1 in) 0 (>1 in) Heat Base: 65.0 Cool Base: 65.0 Method: Integration