NOAA-style Climate Reports

- as reported from this site (LasCruces-Weather.com) beginning 04-03-07

2023: Jan | Feb | Mar | Apr | May | Jun | Jul | Aug | Sep | Oct | Nov | Dec 
2022: Jan | Feb | Mar | Apr | May | Jun | Jul | Aug | Sep | Oct | Nov | Dec 
2021: Jan | Feb | Mar | Apr | May | Jun | Jul | Aug | Sep | Oct | Nov | Dec 
2020: Jan | Feb | Mar | Apr | May | Jun | Jul | Aug | Sep | Oct | Nov | Dec 
2019: Jan | Feb | Mar | Apr | May | Jun | Jul | Aug | Sep | Oct | Nov | Dec 
2018: Jan | Feb | Mar | Apr | May | Jun | Jul | Aug | Sep | Oct | Nov | Dec 
2017: Jan | Feb | Mar | Apr | May | Jun | Jul | Aug | Sep | Oct | Nov | Dec 
2016: Jan | Feb | Mar | Apr | May | Jun | Jul | Aug | Sep | Oct | Nov | Dec 
2015: Jan | Feb | Mar | Apr | May | Jun | Jul | Aug | Sep | Oct | Nov | Dec 
2014: Jan | Feb | Mar | Apr | May | Jun | Jul | Aug | Sep | Oct | Nov | Dec 
2013: Jan | Feb | Mar | Apr | May | Jun | Jul | Aug | Sep | Oct | Nov | Dec 
2012: Jan | Feb | Mar | Apr | May | Jun | Jul | Aug | Sep | Oct | Nov | Dec 
2011: Jan | Feb | Mar | Apr | May | Jun | Jul | Aug | Sep | Oct | Nov | Dec 
2010: Jan | Feb | Mar | Apr | May | Jun | Jul | Aug | Sep | Oct | Nov | Dec 
2009: Jan | Feb | Mar | Apr | May | Jun | Jul | Aug | Sep | Oct | Nov | Dec 
2008: Jan | Feb | Mar | Apr | May | Jun | Jul | Aug | Sep | Oct | Nov | Dec 
2007: Jan | Feb | Mar | Apr | May | Jun | Jul | Aug | Sep | Oct | Nov | Dec 

Report for 2023 02
MONTHLY CLIMATOLOGICAL SUMMARY for FEB. 2023 NAME: C32 CITY: Las Cruces|East Mesa STATE: NM ELEV: 4474 ft LAT: 32 24' 08" N LONG: 106 41' 01" W TEMPERATURE (F), RAIN (in), WIND SPEED (mph) HEAT COOL AVG MEAN DEG DEG WIND DOM DAY TEMP HIGH TIME LOW TIME DAYS DAYS RAIN SPEED HIGH TIME DIR ------------------------------------------------------------------------------------ 1 41.3 57.7 4:35p 29.2 5:15a 23.7 0.0 0.00 2.4 13.0 12:10p E 2 41.4 59.6 4:00p 26.2 5:05a 23.6 0.0 0.00 3.4 15.0 12:20p N 3 44.9 62.3 3:50p 27.9 5:00a 20.1 0.0 0.00 2.8 16.0 12:25p SE 4 48.8 67.0 4:45p 30.2 7:20a 16.3 0.1 0.00 2.4 11.0 1:45p E 5 54.1 72.9 3:50p 32.8 7:15a 12.2 1.3 0.00 3.7 18.0 1:50p SSW 6 54.1 66.3 2:25p 41.9 12:00m 11.0 0.1 0.00 4.8 24.0 2:30p WSW 7 40.5 53.3 2:15p 28.9 7:15a 24.5 0.0 0.00 3.6 20.0 5:15p E 8 41.8 56.0 4:15p 27.0 4:40a 23.2 0.0 0.00 3.6 17.0 2:25p ENE 9 39.8 51.8 11:15a 29.0 5:45a 25.2 0.0 0.00 8.0 29.0 7:35p N 10 35.5 48.7 2:55p 20.1 7:10a 29.5 0.0 0.00 2.1 14.0 12:10a SE 11 41.3 60.5 3:40p 21.5 6:20a 23.7 0.0 0.00 2.3 20.0 3:40p E 12 50.4 66.0 4:25p 33.6 5:45a 14.6 0.0 0.00 2.1 14.0 8:55p E 13 48.0 65.3 11:00a 36.8 11:55p 17.0 0.0 0.01 6.5 30.0 1:05p SW 14 43.6 54.7 3:45p 35.4 3:10a 21.4 0.0 0.00 9.7 30.0 2:35a SW 15 39.0 44.6 12:10a 31.4 12:00m 26.0 0.0 0.00 8.3 31.0 11:20a W 16 34.9 46.6 2:50p 19.4 7:10a 30.1 0.0 0.00 3.8 17.0 1:40a N 17 36.3 51.5 3:45p 18.2 7:05a 28.7 0.0 0.00 2.2 12.0 7:25a NNE 18 46.8 61.7 4:55p 35.7 7:00a 18.2 0.0 0.00 2.9 17.0 9:05a SSW 19 49.4 54.4 9:55a 42.0 6:40a 15.6 0.0 0.00 4.2 21.0 11:00a SSW 20 56.2 63.7 12:00p 49.6 7:25a 8.8 0.0 0.00 4.8 22.0 2:45p SW 21 53.2 60.4 5:25p 45.2 12:00m 11.8 0.0 0.02 6.7 34.0 5:50p SW 22 47.5 59.8 1:45p 37.8 10:20p 17.5 0.0 0.00 11.9 44.0 2:30p SSW 23 48.2 63.3 4:15p 32.6 7:10a 16.8 0.0 0.00 4.9 25.0 1:45p SW 24 54.9 69.8 2:35p 40.1 12:05a 10.7 0.6 0.00 3.7 21.0 3:35p SE 25 56.6 72.5 4:25p 42.9 2:20a 9.2 0.8 0.00 2.3 13.0 4:10p E 26 50.9 67.5 11:30a 34.5 12:00m 14.2 0.1 0.00 9.2 52.0 11:45a SW 27 45.0 62.7 4:10p 27.7 6:20a 20.0 0.0 0.00 4.1 22.0 4:15p SW 28 53.4 67.4 3:30p 40.8 6:45a 11.8 0.1 0.00 6.1 27.0 12:10p WSW ------------------------------------------------------------------------------------- 46.4 72.9 5 18.2 17 525.4 3.1 0.03 4.7 52.0 26 SSW Max >= 90.0: 0 Max <= 32.0: 0 Min <= 32.0: 13 Min <= 0.0: 0 Max Rain: 0.02 ON 02/21/23 Days of Rain: 1 (>.01 in) 0 (>.1 in) 0 (>1 in) Heat Base: 65.0 Cool Base: 65.0 Method: Integration