NOAA-style Climate Reports

- as reported from this site (LasCruces-Weather.com) beginning 04-03-07

2023: Jan | Feb | Mar | Apr | May | Jun | Jul | Aug | Sep | Oct | Nov | Dec 
2022: Jan | Feb | Mar | Apr | May | Jun | Jul | Aug | Sep | Oct | Nov | Dec 
2021: Jan | Feb | Mar | Apr | May | Jun | Jul | Aug | Sep | Oct | Nov | Dec 
2020: Jan | Feb | Mar | Apr | May | Jun | Jul | Aug | Sep | Oct | Nov | Dec 
2019: Jan | Feb | Mar | Apr | May | Jun | Jul | Aug | Sep | Oct | Nov | Dec 
2018: Jan | Feb | Mar | Apr | May | Jun | Jul | Aug | Sep | Oct | Nov | Dec 
2017: Jan | Feb | Mar | Apr | May | Jun | Jul | Aug | Sep | Oct | Nov | Dec 
2016: Jan | Feb | Mar | Apr | May | Jun | Jul | Aug | Sep | Oct | Nov | Dec 
2015: Jan | Feb | Mar | Apr | May | Jun | Jul | Aug | Sep | Oct | Nov | Dec 
2014: Jan | Feb | Mar | Apr | May | Jun | Jul | Aug | Sep | Oct | Nov | Dec 
2013: Jan | Feb | Mar | Apr | May | Jun | Jul | Aug | Sep | Oct | Nov | Dec 
2012: Jan | Feb | Mar | Apr | May | Jun | Jul | Aug | Sep | Oct | Nov | Dec 
2011: Jan | Feb | Mar | Apr | May | Jun | Jul | Aug | Sep | Oct | Nov | Dec 
2010: Jan | Feb | Mar | Apr | May | Jun | Jul | Aug | Sep | Oct | Nov | Dec 
2009: Jan | Feb | Mar | Apr | May | Jun | Jul | Aug | Sep | Oct | Nov | Dec 
2008: Jan | Feb | Mar | Apr | May | Jun | Jul | Aug | Sep | Oct | Nov | Dec 
2007: Jan | Feb | Mar | Apr | May | Jun | Jul | Aug | Sep | Oct | Nov | Dec 

Report for 2023 01
MONTHLY CLIMATOLOGICAL SUMMARY for JAN. 2023 NAME: C32 CITY: Las Cruces|East Mesa STATE: NM ELEV: 4474 ft LAT: 32 24' 08" N LONG: 106 41' 01" W TEMPERATURE (F), RAIN (in), WIND SPEED (mph) HEAT COOL AVG MEAN DEG DEG WIND DOM DAY TEMP HIGH TIME LOW TIME DAYS DAYS RAIN SPEED HIGH TIME DIR ------------------------------------------------------------------------------------ 1 54.8 61.6 3:00p 45.1 4:40a 10.2 0.0 0.00 5.2 21.0 9:50p S 2 43.5 53.8 12:05a 34.0 7:40a 21.5 0.0 0.27 5.6 29.0 1:05p W 3 42.1 49.4 2:40p 35.3 1:25a 22.9 0.0 0.00 5.9 28.0 2:20p WSW 4 43.7 56.5 3:25p 32.3 7:40a 21.3 0.0 0.00 3.4 17.0 4:15p S 5 44.5 60.5 3:55p 31.1 7:35a 20.5 0.0 0.00 2.4 9.0 10:30a NE 6 52.2 66.9 2:40p 36.7 5:55a 12.9 0.2 0.00 3.4 16.0 1:10p SW 7 45.3 60.7 4:35p 34.7 11:55p 19.7 0.0 0.00 3.3 13.0 8:55a E 8 45.2 63.2 3:15p 28.8 7:45a 19.8 0.0 0.00 3.1 12.0 3:20p SE 9 49.4 65.7 3:50p 35.4 4:15a 15.6 0.0 0.00 2.9 13.0 2:00p SE 10 52.5 64.3 3:00p 43.1 5:30a 12.5 0.0 0.00 3.4 17.0 11:50a SE 11 51.8 62.3 2:35p 37.6 11:25p 13.2 0.0 0.00 6.6 25.0 2:25p WSW 12 43.5 60.6 4:05p 30.6 7:30a 21.5 0.0 0.00 3.9 17.0 10:40a E 13 44.0 62.3 3:30p 29.3 6:00a 21.0 0.0 0.00 2.3 8.0 7:50a E 14 51.2 67.9 2:35p 31.1 7:25a 14.1 0.3 0.00 3.6 17.0 10:50p S 15 52.6 59.9 12:05p 46.9 6:30a 12.4 0.0 0.00 8.5 39.0 12:35p SSW 16 47.3 50.5 2:35p 44.9 6:05a 17.7 0.0 0.00 6.6 24.0 10:40a WSW 17 44.9 52.3 2:00p 36.0 11:05p 20.1 0.0 0.20 5.4 28.0 2:00p S 18 38.6 47.3 4:05p 31.1 12:00m 26.4 0.0 0.01 6.4 30.0 1:45p WSW 19 37.5 50.8 4:05p 25.6 6:35a 27.5 0.0 0.00 2.7 13.0 2:15p SSW 20 41.6 54.8 3:35p 30.1 4:05a 23.4 0.0 0.00 4.0 21.0 4:30p WSW 21 37.6 49.6 4:25p 27.4 3:30a 27.4 0.0 0.00 3.5 17.0 10:10a NE 22 40.5 53.9 3:55p 25.2 7:45a 24.5 0.0 0.00 3.4 18.0 11:10p SSW 23 46.4 58.1 12:50p 34.5 11:45p 18.6 0.0 0.00 5.8 27.0 11:10a SSE 24 39.5 49.8 3:50p 31.8 5:50a 25.5 0.0 0.00 5.9 24.0 9:45p NNW 25 37.7 50.1 3:35p 25.1 6:10a 27.3 0.0 0.00 4.9 18.0 11:10a N 26 33.6 48.2 4:10p 22.1 4:10a 31.4 0.0 0.00 3.4 20.0 1:05p N 27 36.9 52.7 4:20p 21.2 2:45a 28.1 0.0 0.00 3.2 12.0 3:35p NE 28 45.5 61.9 4:10p 30.7 7:15a 19.5 0.0 0.00 4.0 20.0 2:05p SE 29 48.9 63.3 4:05p 34.2 7:50a 16.1 0.0 0.00 4.2 25.0 1:40p SE 30 52.2 65.7 2:15p 41.9 11:00p 12.9 0.0 0.00 4.1 22.0 3:25p SSE 31 48.9 62.1 2:50p 33.6 11:45p 16.1 0.0 0.00 2.9 19.0 2:00p SE ------------------------------------------------------------------------------------- 45.0 67.9 14 21.2 27 621.6 0.5 0.48 4.3 39.0 15 S Max >= 90.0: 0 Max <= 32.0: 0 Min <= 32.0: 15 Min <= 0.0: 0 Max Rain: 0.27 ON 01/02/23 Days of Rain: 2 (>.01 in) 2 (>.1 in) 0 (>1 in) Heat Base: 65.0 Cool Base: 65.0 Method: Integration