NOAA-style Climate Reports

- as reported from this site (LasCruces-Weather.com) beginning 04-03-07

2023: Jan | Feb | Mar | Apr | May | Jun | Jul | Aug | Sep | Oct | Nov | Dec 
2022: Jan | Feb | Mar | Apr | May | Jun | Jul | Aug | Sep | Oct | Nov | Dec 
2021: Jan | Feb | Mar | Apr | May | Jun | Jul | Aug | Sep | Oct | Nov | Dec 
2020: Jan | Feb | Mar | Apr | May | Jun | Jul | Aug | Sep | Oct | Nov | Dec 
2019: Jan | Feb | Mar | Apr | May | Jun | Jul | Aug | Sep | Oct | Nov | Dec 
2018: Jan | Feb | Mar | Apr | May | Jun | Jul | Aug | Sep | Oct | Nov | Dec 
2017: Jan | Feb | Mar | Apr | May | Jun | Jul | Aug | Sep | Oct | Nov | Dec 
2016: Jan | Feb | Mar | Apr | May | Jun | Jul | Aug | Sep | Oct | Nov | Dec 
2015: Jan | Feb | Mar | Apr | May | Jun | Jul | Aug | Sep | Oct | Nov | Dec 
2014: Jan | Feb | Mar | Apr | May | Jun | Jul | Aug | Sep | Oct | Nov | Dec 
2013: Jan | Feb | Mar | Apr | May | Jun | Jul | Aug | Sep | Oct | Nov | Dec 
2012: Jan | Feb | Mar | Apr | May | Jun | Jul | Aug | Sep | Oct | Nov | Dec 
2011: Jan | Feb | Mar | Apr | May | Jun | Jul | Aug | Sep | Oct | Nov | Dec 
2010: Jan | Feb | Mar | Apr | May | Jun | Jul | Aug | Sep | Oct | Nov | Dec 
2009: Jan | Feb | Mar | Apr | May | Jun | Jul | Aug | Sep | Oct | Nov | Dec 
2008: Jan | Feb | Mar | Apr | May | Jun | Jul | Aug | Sep | Oct | Nov | Dec 
2007: Jan | Feb | Mar | Apr | May | Jun | Jul | Aug | Sep | Oct | Nov | Dec 

Report for 2022 12
MONTHLY CLIMATOLOGICAL SUMMARY for DEC. 2022 NAME: C32 CITY: Las Cruces|East Mesa STATE: NM ELEV: 4474 ft LAT: 32 24' 08" N LONG: 106 41' 01" W TEMPERATURE (F), RAIN (in), WIND SPEED (mph) HEAT COOL AVG MEAN DEG DEG WIND DOM DAY TEMP HIGH TIME LOW TIME DAYS DAYS RAIN SPEED HIGH TIME DIR ------------------------------------------------------------------------------------ 1 48.1 65.9 3:05p 32.0 5:25a 17.0 0.0 0.00 2.2 14.0 1:10p SE 2 57.7 71.7 3:25p 43.4 4:55a 8.4 1.1 0.00 4.2 19.0 1:15p S 3 54.2 68.3 11:55a 45.2 7:10a 10.9 0.1 0.06 3.1 20.0 11:55a N 4 52.9 60.1 1:55p 44.9 7:40a 12.1 0.0 0.14 2.2 11.0 12:20a NNE 5 58.1 67.0 3:05p 51.1 7:45a 7.0 0.2 0.01 3.7 20.0 1:05p SW 6 55.8 65.4 2:10p 48.8 7:40a 9.2 0.0 0.00 3.0 18.0 12:15p SW 7 53.9 63.2 3:00p 47.8 12:30a 11.1 0.0 0.00 2.8 13.0 11:00a SE 8 52.1 63.2 3:35p 42.2 7:25a 12.9 0.0 0.00 2.7 18.0 3:35p E 9 46.2 57.0 4:00p 40.1 2:30a 18.8 0.0 0.00 3.6 14.0 11:40a NNE 10 46.9 65.1 4:30p 34.2 6:45a 18.1 0.0 0.00 3.1 12.0 8:55a NE 11 49.3 65.2 2:35p 34.4 7:35a 15.7 0.0 0.00 3.3 17.0 2:45p SE 12 49.0 63.6 1:35p 39.1 11:45p 16.0 0.0 0.00 7.6 37.0 2:00p S 13 40.0 47.0 1:50p 35.3 6:25a 25.0 0.0 0.00 7.6 26.0 2:50p W 14 36.0 48.5 3:25p 24.7 6:10a 29.0 0.0 0.00 3.3 13.0 3:35p S 15 37.2 49.8 3:45p 22.9 4:00a 27.8 0.0 0.00 3.1 20.0 7:20p SSW 16 36.8 48.1 4:10p 26.5 12:00m 28.2 0.0 0.00 2.7 11.0 10:20a NE 17 32.7 48.7 3:20p 21.4 6:35a 32.3 0.0 0.00 3.4 12.0 9:10a NE 18 35.4 43.8 5:00p 26.5 12:25a 29.6 0.0 0.09 2.8 11.0 3:00a NNE 19 40.6 54.4 4:15p 29.6 7:10a 24.4 0.0 0.00 1.5 8.0 2:15p E 20 38.8 53.7 2:55p 28.6 7:00a 26.2 0.0 0.00 2.9 11.0 9:25a NNE 21 43.1 58.0 3:15p 27.3 7:10a 21.9 0.0 0.00 3.1 16.0 3:20p S 22 50.5 62.4 3:05p 41.0 7:40a 14.5 0.0 0.00 4.7 16.0 5:15a S 23 30.5 42.0 12:05a 21.9 7:40a 34.5 0.0 0.00 1.9 10.0 12:15a W 24 32.4 48.7 4:10p 18.5 7:10a 32.6 0.0 0.00 1.8 9.0 9:55a E 25 39.3 55.6 4:25p 25.0 7:30a 25.7 0.0 0.00 1.9 9.0 9:05a E 26 43.4 59.5 3:20p 30.0 7:30a 21.6 0.0 0.00 2.3 12.0 8:20a E 27 47.0 60.7 3:30p 31.5 7:35a 18.0 0.0 0.00 3.4 16.0 2:20p E 28 52.0 60.6 1:50p 44.5 1:35a 13.0 0.0 0.00 7.7 38.0 1:45p S 29 47.7 57.6 3:25p 37.8 7:15a 17.3 0.0 0.09 3.8 18.0 12:10p W 30 46.1 55.0 2:30p 41.0 6:20a 18.9 0.0 0.20 3.6 19.0 3:45p S 31 51.0 60.0 3:30p 42.4 12:05a 14.0 0.0 0.00 5.7 19.0 12:50p S ------------------------------------------------------------------------------------- 45.3 71.7 2 18.5 24 611.7 1.4 0.59 3.5 38.0 28 S Max >= 90.0: 0 Max <= 32.0: 0 Min <= 32.0: 14 Min <= 0.0: 0 Max Rain: 0.20 ON 12/30/22 Days of Rain: 5 (>.01 in) 2 (>.1 in) 0 (>1 in) Heat Base: 65.0 Cool Base: 65.0 Method: Integration