NOAA-style Climate Reports

- as reported from this site (LasCruces-Weather.com) beginning 04-03-07

2023: Jan | Feb | Mar | Apr | May | Jun | Jul | Aug | Sep | Oct | Nov | Dec 
2022: Jan | Feb | Mar | Apr | May | Jun | Jul | Aug | Sep | Oct | Nov | Dec 
2021: Jan | Feb | Mar | Apr | May | Jun | Jul | Aug | Sep | Oct | Nov | Dec 
2020: Jan | Feb | Mar | Apr | May | Jun | Jul | Aug | Sep | Oct | Nov | Dec 
2019: Jan | Feb | Mar | Apr | May | Jun | Jul | Aug | Sep | Oct | Nov | Dec 
2018: Jan | Feb | Mar | Apr | May | Jun | Jul | Aug | Sep | Oct | Nov | Dec 
2017: Jan | Feb | Mar | Apr | May | Jun | Jul | Aug | Sep | Oct | Nov | Dec 
2016: Jan | Feb | Mar | Apr | May | Jun | Jul | Aug | Sep | Oct | Nov | Dec 
2015: Jan | Feb | Mar | Apr | May | Jun | Jul | Aug | Sep | Oct | Nov | Dec 
2014: Jan | Feb | Mar | Apr | May | Jun | Jul | Aug | Sep | Oct | Nov | Dec 
2013: Jan | Feb | Mar | Apr | May | Jun | Jul | Aug | Sep | Oct | Nov | Dec 
2012: Jan | Feb | Mar | Apr | May | Jun | Jul | Aug | Sep | Oct | Nov | Dec 
2011: Jan | Feb | Mar | Apr | May | Jun | Jul | Aug | Sep | Oct | Nov | Dec 
2010: Jan | Feb | Mar | Apr | May | Jun | Jul | Aug | Sep | Oct | Nov | Dec 
2009: Jan | Feb | Mar | Apr | May | Jun | Jul | Aug | Sep | Oct | Nov | Dec 
2008: Jan | Feb | Mar | Apr | May | Jun | Jul | Aug | Sep | Oct | Nov | Dec 
2007: Jan | Feb | Mar | Apr | May | Jun | Jul | Aug | Sep | Oct | Nov | Dec 

Report for 2022 11
MONTHLY CLIMATOLOGICAL SUMMARY for NOV. 2022 NAME: C32 CITY: Las Cruces|East Mesa STATE: NM ELEV: 4474 ft LAT: 32 24' 08" N LONG: 106 41' 01" W TEMPERATURE (F), RAIN (in), WIND SPEED (mph) HEAT COOL AVG MEAN DEG DEG WIND DOM DAY TEMP HIGH TIME LOW TIME DAYS DAYS RAIN SPEED HIGH TIME DIR ------------------------------------------------------------------------------------ 1 58.2 72.8 2:30p 43.8 5:45a 8.4 1.6 0.00 3.3 17.0 2:05p E 2 60.8 74.1 4:15p 46.9 4:40a 6.3 2.2 0.00 3.7 21.0 2:15p SW 3 61.1 71.6 3:40p 49.5 12:00m 5.3 1.4 0.00 7.9 34.0 5:10p SW 4 48.1 58.7 4:05p 38.7 8:00a 16.9 0.0 0.00 5.0 25.0 2:20a WSW 5 51.3 65.9 4:45p 36.8 6:15a 13.8 0.0 0.00 4.3 15.0 1:40p S 6 59.0 75.8 2:20p 47.8 12:00m 8.1 2.2 0.00 4.2 18.0 3:10a S 7 56.5 71.8 2:50p 40.5 5:55a 9.7 1.2 0.00 2.8 16.0 2:00p E 8 60.9 78.0 3:00p 46.2 4:15a 7.3 3.2 0.00 3.0 18.0 12:20p SE 9 61.8 76.3 3:20p 46.9 5:40a 6.1 2.9 0.00 5.5 28.0 2:55p SW 10 55.1 65.0 3:05p 44.8 6:00a 9.9 0.0 0.00 3.3 22.0 12:15p WSW 11 47.7 57.9 2:40p 36.9 12:00m 17.3 0.0 0.00 3.6 14.0 9:15a NNW 12 44.5 60.7 3:15p 31.2 5:50a 20.5 0.0 0.00 2.3 13.0 2:40p E 13 51.3 66.5 3:15p 36.1 2:50a 13.8 0.1 0.00 4.1 19.0 3:05p E 14 48.5 58.9 4:00p 38.1 7:20a 16.5 0.0 0.00 3.9 21.0 2:05a SE 15 44.7 58.9 4:00p 29.4 6:50a 20.3 0.0 0.00 1.3 7.0 12:10a SSW 16 42.9 52.8 1:35p 34.6 12:00m 22.1 0.0 0.00 2.9 17.0 1:05p E 17 39.2 55.5 3:20p 24.9 7:10a 25.8 0.0 0.00 1.6 11.0 12:50p NE 18 42.3 59.4 3:15p 29.3 7:15a 22.7 0.0 0.00 2.5 17.0 11:40a NE 19 40.0 53.6 2:15p 29.8 7:20a 25.0 0.0 0.00 3.3 27.0 6:20p E 20 40.3 53.6 3:50p 31.0 2:30a 24.7 0.0 0.00 1.4 10.0 1:30p SE 21 39.9 59.3 3:35p 25.8 6:20a 25.1 0.0 0.00 1.6 8.0 12:00p E 22 42.9 61.9 3:20p 28.5 7:10a 22.1 0.0 0.00 1.9 10.0 7:45a E 23 49.4 64.9 2:00p 33.4 2:45a 15.6 0.0 0.00 3.8 18.0 2:50p SW 24 43.0 55.8 12:55p 31.1 7:20a 22.0 0.0 0.00 6.2 21.0 4:50p NNE 25 41.9 51.2 2:35p 37.0 6:50a 23.1 0.0 0.00 4.8 20.0 2:30p N 26 45.6 63.1 3:15p 30.2 6:00a 19.4 0.0 0.00 4.2 21.0 5:20p SSW 27 49.6 63.4 2:35p 38.8 7:15a 15.4 0.0 0.00 3.8 17.0 3:00p S 28 50.2 60.8 1:10p 41.9 1:05a 14.8 0.0 0.00 4.6 27.0 3:35p S 29 51.6 63.3 2:40p 42.1 12:00m 13.4 0.0 0.00 5.8 28.0 2:05p WSW 30 45.5 64.4 3:45p 31.9 7:05a 19.5 0.0 0.00 2.2 10.0 3:45p NE ------------------------------------------------------------------------------------- 49.1 78.0 8 24.9 17 490.9 14.8 0.00 3.6 34.0 3 SSW Max >= 90.0: 0 Max <= 32.0: 0 Min <= 32.0: 11 Min <= 0.0: 0 Max Rain: 0.00 ON 11/01/22 Days of Rain: 0 (>.01 in) 0 (>.1 in) 0 (>1 in) Heat Base: 65.0 Cool Base: 65.0 Method: Integration