NOAA-style Climate Reports

- as reported from this site (LasCruces-Weather.com) beginning 04-03-07

2023: Jan | Feb | Mar | Apr | May | Jun | Jul | Aug | Sep | Oct | Nov | Dec 
2022: Jan | Feb | Mar | Apr | May | Jun | Jul | Aug | Sep | Oct | Nov | Dec 
2021: Jan | Feb | Mar | Apr | May | Jun | Jul | Aug | Sep | Oct | Nov | Dec 
2020: Jan | Feb | Mar | Apr | May | Jun | Jul | Aug | Sep | Oct | Nov | Dec 
2019: Jan | Feb | Mar | Apr | May | Jun | Jul | Aug | Sep | Oct | Nov | Dec 
2018: Jan | Feb | Mar | Apr | May | Jun | Jul | Aug | Sep | Oct | Nov | Dec 
2017: Jan | Feb | Mar | Apr | May | Jun | Jul | Aug | Sep | Oct | Nov | Dec 
2016: Jan | Feb | Mar | Apr | May | Jun | Jul | Aug | Sep | Oct | Nov | Dec 
2015: Jan | Feb | Mar | Apr | May | Jun | Jul | Aug | Sep | Oct | Nov | Dec 
2014: Jan | Feb | Mar | Apr | May | Jun | Jul | Aug | Sep | Oct | Nov | Dec 
2013: Jan | Feb | Mar | Apr | May | Jun | Jul | Aug | Sep | Oct | Nov | Dec 
2012: Jan | Feb | Mar | Apr | May | Jun | Jul | Aug | Sep | Oct | Nov | Dec 
2011: Jan | Feb | Mar | Apr | May | Jun | Jul | Aug | Sep | Oct | Nov | Dec 
2010: Jan | Feb | Mar | Apr | May | Jun | Jul | Aug | Sep | Oct | Nov | Dec 
2009: Jan | Feb | Mar | Apr | May | Jun | Jul | Aug | Sep | Oct | Nov | Dec 
2008: Jan | Feb | Mar | Apr | May | Jun | Jul | Aug | Sep | Oct | Nov | Dec 
2007: Jan | Feb | Mar | Apr | May | Jun | Jul | Aug | Sep | Oct | Nov | Dec 

Report for 2022 10
MONTHLY CLIMATOLOGICAL SUMMARY for OCT. 2022 NAME: C32 CITY: Las Cruces|East Mesa STATE: NM ELEV: 4474 ft LAT: 32 24' 08" N LONG: 106 41' 01" W TEMPERATURE (F), RAIN (in), WIND SPEED (mph) HEAT COOL AVG MEAN DEG DEG WIND DOM DAY TEMP HIGH TIME LOW TIME DAYS DAYS RAIN SPEED HIGH TIME DIR ------------------------------------------------------------------------------------ 1 72.8 85.3 2:40p 59.2 7:15a 0.7 8.5 0.00 3.7 20.0 4:20p S 2 71.2 81.6 4:45p 57.7 7:15a 0.8 7.0 0.00 4.5 24.0 10:55p E 3 67.2 79.2 4:55p 60.4 11:30a 0.8 3.1 0.06 2.4 27.0 12:35a NNW 4 66.0 79.8 5:10p 54.1 4:40a 3.0 4.1 0.00 4.3 23.0 10:10p N 5 65.0 76.8 1:45p 57.7 8:00a 2.2 2.2 0.00 4.5 19.0 12:05a S 6 63.9 73.7 5:05p 55.5 6:00a 3.2 2.1 0.00 3.3 19.0 8:20p E 7 60.1 68.5 12:10p 56.7 7:50a 5.1 0.3 0.34 4.3 21.0 12:00m N 8 63.0 72.7 3:25p 55.4 12:00m 2.9 0.9 0.27 5.8 26.0 2:20a E 9 58.4 69.9 4:50p 52.0 6:10a 7.0 0.4 0.20 3.5 16.0 10:35p N 10 60.9 74.9 4:35p 50.5 7:25a 6.0 1.9 0.04 2.4 13.0 12:05a ESE 11 64.1 77.5 3:35p 52.0 7:20a 4.5 3.6 0.00 2.7 17.0 4:35p ENE 12 66.8 82.8 5:15p 51.7 6:55a 3.4 5.2 0.00 2.4 12.0 1:10p SE 13 66.6 82.8 4:10p 53.5 7:30a 3.6 5.1 0.00 2.7 12.0 3:00p SE 14 66.1 77.7 3:45p 51.6 6:20a 3.5 4.6 0.00 2.0 10.0 2:15p E 15 71.2 83.7 2:00p 58.9 7:10a 1.0 7.1 0.00 2.9 16.0 5:20p S 16 63.4 75.6 2:30p 52.4 11:55p 3.5 1.9 0.67 5.4 28.0 1:50p E 17 54.6 59.9 11:55a 51.3 11:30p 10.4 0.0 0.00 5.6 19.0 1:00p E 18 54.6 65.8 4:45p 44.5 6:10a 10.4 0.0 0.00 2.6 15.0 3:00p E 19 56.2 71.4 5:50p 42.9 5:55a 9.9 1.1 0.00 1.7 12.0 12:50p N 20 58.7 76.3 4:55p 44.2 7:40a 8.7 2.4 0.00 2.2 10.0 2:50p SE 21 64.5 79.9 3:50p 49.8 6:55a 4.9 4.4 0.00 3.4 20.0 5:50p SE 22 69.3 79.4 4:55p 59.7 2:10a 1.5 5.8 0.00 4.9 20.0 3:55p SSW 23 67.7 74.4 1:25p 59.6 12:00m 0.4 3.1 0.00 9.3 37.0 4:05p S 24 51.1 59.6 12:05a 40.4 11:45p 13.9 0.0 0.22 6.7 28.0 12:15p NNW 25 50.2 66.2 5:15p 38.1 3:15a 14.9 0.1 0.00 2.9 12.0 10:40a SE 26 56.6 72.0 3:45p 42.2 7:10a 9.8 1.4 0.00 3.7 18.0 1:00p SSW 27 55.7 68.0 3:30p 41.4 11:50p 9.7 0.4 0.00 8.0 33.0 8:00p N 28 50.7 66.1 4:00p 37.4 7:35a 14.3 0.1 0.00 3.8 19.0 10:35a NE 29 51.8 66.9 3:30p 38.0 8:05a 13.4 0.2 0.00 2.4 12.0 3:00p E 30 54.4 70.6 3:25p 40.2 7:10a 11.4 0.9 0.00 2.0 9.0 12:40p ESE 31 56.9 73.5 4:10p 44.0 7:35a 9.9 1.7 0.00 3.0 12.0 9:10a NNE ------------------------------------------------------------------------------------- 61.3 85.3 1 37.4 28 194.7 79.6 1.80 3.8 37.0 23 E Max >= 90.0: 0 Max <= 32.0: 0 Min <= 32.0: 0 Min <= 0.0: 0 Max Rain: 0.67 ON 10/16/22 Days of Rain: 7 (>.01 in) 5 (>.1 in) 0 (>1 in) Heat Base: 65.0 Cool Base: 65.0 Method: Integration