NOAA-style Climate Reports

- as reported from this site (LasCruces-Weather.com) beginning 04-03-07

2023: Jan | Feb | Mar | Apr | May | Jun | Jul | Aug | Sep | Oct | Nov | Dec 
2022: Jan | Feb | Mar | Apr | May | Jun | Jul | Aug | Sep | Oct | Nov | Dec 
2021: Jan | Feb | Mar | Apr | May | Jun | Jul | Aug | Sep | Oct | Nov | Dec 
2020: Jan | Feb | Mar | Apr | May | Jun | Jul | Aug | Sep | Oct | Nov | Dec 
2019: Jan | Feb | Mar | Apr | May | Jun | Jul | Aug | Sep | Oct | Nov | Dec 
2018: Jan | Feb | Mar | Apr | May | Jun | Jul | Aug | Sep | Oct | Nov | Dec 
2017: Jan | Feb | Mar | Apr | May | Jun | Jul | Aug | Sep | Oct | Nov | Dec 
2016: Jan | Feb | Mar | Apr | May | Jun | Jul | Aug | Sep | Oct | Nov | Dec 
2015: Jan | Feb | Mar | Apr | May | Jun | Jul | Aug | Sep | Oct | Nov | Dec 
2014: Jan | Feb | Mar | Apr | May | Jun | Jul | Aug | Sep | Oct | Nov | Dec 
2013: Jan | Feb | Mar | Apr | May | Jun | Jul | Aug | Sep | Oct | Nov | Dec 
2012: Jan | Feb | Mar | Apr | May | Jun | Jul | Aug | Sep | Oct | Nov | Dec 
2011: Jan | Feb | Mar | Apr | May | Jun | Jul | Aug | Sep | Oct | Nov | Dec 
2010: Jan | Feb | Mar | Apr | May | Jun | Jul | Aug | Sep | Oct | Nov | Dec 
2009: Jan | Feb | Mar | Apr | May | Jun | Jul | Aug | Sep | Oct | Nov | Dec 
2008: Jan | Feb | Mar | Apr | May | Jun | Jul | Aug | Sep | Oct | Nov | Dec 
2007: Jan | Feb | Mar | Apr | May | Jun | Jul | Aug | Sep | Oct | Nov | Dec 

Report for 2022 09
MONTHLY CLIMATOLOGICAL SUMMARY for SEP. 2022 NAME: C32 CITY: Las Cruces|East Mesa STATE: NM ELEV: 4474 ft LAT: 32 24' 08" N LONG: 106 41' 01" W TEMPERATURE (F), RAIN (in), WIND SPEED (mph) HEAT COOL AVG MEAN DEG DEG WIND DOM DAY TEMP HIGH TIME LOW TIME DAYS DAYS RAIN SPEED HIGH TIME DIR ------------------------------------------------------------------------------------ 1 73.7 80.2 5:00p 67.1 5:55a 0.0 8.7 0.00 3.2 18.0 12:40a E 2 76.0 89.2 4:15p 63.5 7:10a 0.1 11.1 0.00 3.2 17.0 3:40p E 3 79.3 87.7 1:55p 71.9 6:35a 0.0 14.3 0.00 7.7 24.0 3:00p E 4 78.7 88.8 3:55p 69.5 6:00a 0.0 13.7 0.00 5.8 31.0 12:50p E 5 77.0 90.8 5:10p 61.5 6:25a 0.3 12.3 0.00 2.9 14.0 3:35p E 6 78.3 91.0 4:25p 62.9 6:40a 0.2 13.4 0.00 3.0 20.0 1:55p E 7 76.5 89.0 2:45p 61.4 7:00a 0.4 11.9 0.00 2.8 19.0 1:10p N 8 76.0 90.2 2:35p 61.1 7:20a 0.3 11.4 0.00 2.5 16.0 3:35p E 9 78.7 92.5 3:20p 67.0 5:45a 0.0 13.7 0.00 3.4 14.0 2:00p S 10 79.3 94.1 4:10p 64.0 7:10a 0.0 14.4 0.00 4.5 20.0 5:45p SE 11 73.4 84.2 4:55p 65.0 8:35a 0.0 8.4 0.16 5.1 23.0 8:55p NNE 12 73.3 88.5 3:35p 61.0 6:20a 0.7 9.0 0.00 2.5 25.0 5:25p NNE 13 74.6 88.5 5:05p 63.2 10:55p 0.1 9.7 0.50 3.5 24.0 7:45p S 14 72.1 85.0 5:15p 60.5 6:50a 0.8 7.9 0.01 2.9 19.0 3:00p SSW 15 74.7 89.7 5:30p 60.2 7:00a 0.6 10.2 0.00 2.9 15.0 2:10p NNE 16 77.2 92.0 3:55p 62.0 7:25a 0.1 12.4 0.00 3.7 21.0 3:45p SSW 17 80.1 93.1 3:40p 66.8 5:40a 0.0 15.1 0.00 4.1 17.0 12:35p S 18 75.4 90.5 1:35p 65.9 5:50p 0.0 10.4 0.38 4.8 29.0 5:15p S 19 73.7 87.9 4:10p 62.4 7:15a 0.3 9.0 0.08 2.9 21.0 1:10a N 20 77.8 89.9 4:15p 66.2 6:30a 0.0 12.8 0.00 3.6 21.0 6:50p S 21 78.5 92.0 4:05p 66.4 7:05a 0.0 13.5 0.00 3.6 16.0 3:25p SSW 22 77.9 89.7 4:30p 63.6 6:45a 0.0 12.9 0.00 3.4 23.0 3:10p ESE 23 77.3 92.4 4:00p 62.9 5:10a 0.1 12.4 0.00 2.6 14.0 2:00p SW 24 76.0 89.6 2:20p 63.2 6:40a 0.2 11.2 0.00 3.2 12.0 8:55a NE 25 74.2 83.4 1:15p 63.0 5:40a 0.2 9.4 0.00 4.7 24.0 10:30p NNE 26 72.7 82.2 1:50p 62.2 5:35a 0.2 7.8 0.13 7.5 31.0 2:05a E 27 71.7 86.1 4:10p 56.4 7:25a 1.2 7.9 0.00 3.5 16.0 1:40p E 28 74.4 83.8 3:50p 63.0 7:25a 0.1 9.5 0.00 6.9 22.0 3:50p E 29 71.3 81.8 3:15p 56.0 7:05a 0.8 7.2 0.00 3.4 21.0 2:20p E 30 70.7 83.6 4:30p 56.3 5:55a 1.5 7.2 0.00 2.5 21.0 1:35p E ------------------------------------------------------------------------------------- 75.7 94.1 10 56.0 29 8.2 328.8 1.26 3.9 31.0 4 E Max >= 90.0: 10 Max <= 32.0: 0 Min <= 32.0: 0 Min <= 0.0: 0 Max Rain: 0.50 ON 09/13/22 Days of Rain: 5 (>.01 in) 4 (>.1 in) 0 (>1 in) Heat Base: 65.0 Cool Base: 65.0 Method: Integration