NOAA-style Climate Reports

- as reported from this site (LasCruces-Weather.com) beginning 04-03-07

2023: Jan | Feb | Mar | Apr | May | Jun | Jul | Aug | Sep | Oct | Nov | Dec 
2022: Jan | Feb | Mar | Apr | May | Jun | Jul | Aug | Sep | Oct | Nov | Dec 
2021: Jan | Feb | Mar | Apr | May | Jun | Jul | Aug | Sep | Oct | Nov | Dec 
2020: Jan | Feb | Mar | Apr | May | Jun | Jul | Aug | Sep | Oct | Nov | Dec 
2019: Jan | Feb | Mar | Apr | May | Jun | Jul | Aug | Sep | Oct | Nov | Dec 
2018: Jan | Feb | Mar | Apr | May | Jun | Jul | Aug | Sep | Oct | Nov | Dec 
2017: Jan | Feb | Mar | Apr | May | Jun | Jul | Aug | Sep | Oct | Nov | Dec 
2016: Jan | Feb | Mar | Apr | May | Jun | Jul | Aug | Sep | Oct | Nov | Dec 
2015: Jan | Feb | Mar | Apr | May | Jun | Jul | Aug | Sep | Oct | Nov | Dec 
2014: Jan | Feb | Mar | Apr | May | Jun | Jul | Aug | Sep | Oct | Nov | Dec 
2013: Jan | Feb | Mar | Apr | May | Jun | Jul | Aug | Sep | Oct | Nov | Dec 
2012: Jan | Feb | Mar | Apr | May | Jun | Jul | Aug | Sep | Oct | Nov | Dec 
2011: Jan | Feb | Mar | Apr | May | Jun | Jul | Aug | Sep | Oct | Nov | Dec 
2010: Jan | Feb | Mar | Apr | May | Jun | Jul | Aug | Sep | Oct | Nov | Dec 
2009: Jan | Feb | Mar | Apr | May | Jun | Jul | Aug | Sep | Oct | Nov | Dec 
2008: Jan | Feb | Mar | Apr | May | Jun | Jul | Aug | Sep | Oct | Nov | Dec 
2007: Jan | Feb | Mar | Apr | May | Jun | Jul | Aug | Sep | Oct | Nov | Dec 

Report for 2022 08
MONTHLY CLIMATOLOGICAL SUMMARY for AUG. 2022 NAME: C32 CITY: Las Cruces|East Mesa STATE: NM ELEV: 4474 ft LAT: 32 24' 08" N LONG: 106 41' 01" W TEMPERATURE (F), RAIN (in), WIND SPEED (mph) HEAT COOL AVG MEAN DEG DEG WIND DOM DAY TEMP HIGH TIME LOW TIME DAYS DAYS RAIN SPEED HIGH TIME DIR ------------------------------------------------------------------------------------ 1 85.0 99.3 3:05p 72.4 7:00a 0.0 20.0 0.11 3.7 33.0 3:55p NNW 2 83.2 101.4 5:10p 69.4 7:00a 0.0 18.2 0.08 3.8 26.0 6:45p N 3 84.4 98.4 2:35p 72.7 7:05a 0.0 19.4 0.00 4.3 23.0 3:50p N 4 82.6 97.9 4:20p 66.4 3:25a 0.0 17.6 0.06 4.5 26.0 1:25a SW 5 84.2 96.9 4:35p 69.7 2:50a 0.0 19.2 0.14 4.1 21.0 12:30a E 6 87.1 99.4 2:55p 72.5 6:30a 0.0 22.1 0.00 5.2 26.0 11:30p E 7 85.8 96.7 2:40p 74.6 6:20a 0.0 20.8 0.01 4.9 24.0 12:05a E 8 80.4 92.6 2:50p 68.5 7:00a 0.0 15.4 0.15 4.1 26.0 3:45p E 9 75.9 91.4 12:25p 65.7 1:45p 0.0 10.9 1.79 3.4 37.0 1:35p NE 10 79.2 90.7 2:20p 67.8 6:45a 0.0 14.2 0.00 5.8 26.0 11:45p E 11 75.3 80.7 12:45a 68.4 12:00m 0.0 10.3 0.00 5.3 25.0 12:55a N 12 77.9 92.8 4:40p 65.6 6:25a 0.0 12.9 0.00 3.7 23.0 6:25p E 13 81.2 93.7 3:45p 66.9 7:15a 0.0 16.2 0.00 3.9 19.0 1:35p SSW 14 83.9 96.7 4:20p 70.1 6:45a 0.0 18.9 0.00 2.4 16.0 2:00p WSW 15 83.8 95.8 5:25p 69.1 6:50a 0.0 18.8 0.00 4.1 22.0 5:25p E 16 78.2 89.9 12:25p 71.3 6:30a 0.0 13.2 0.02 6.8 35.0 7:00p E 17 71.8 76.0 7:10p 66.9 6:50a 0.0 6.8 0.33 6.8 23.0 12:40a E 18 76.8 86.4 2:40p 68.3 7:15a 0.0 11.8 0.00 4.9 19.0 2:55p E 19 75.0 85.8 2:40p 67.6 11:55p 0.0 10.0 0.91 4.7 30.0 6:40p E 20 69.5 78.0 1:35p 65.5 6:55a 0.0 4.5 1.13 2.6 11.0 12:25p SSW 21 71.1 82.9 4:30p 64.3 5:25a 0.1 6.2 0.03 2.8 11.0 12:20a N 22 70.7 83.0 1:40p 66.9 6:25a 0.0 5.7 1.02 1.6 19.0 2:05p ESE 23 71.3 79.5 11:15a 65.4 7:10a 0.0 6.3 0.27 2.0 14.0 11:40a NNE 24 73.2 84.6 4:45p 65.9 6:55a 0.0 8.2 0.14 2.1 19.0 6:40p E 25 75.8 87.8 4:10p 64.5 7:15a 0.0 10.8 0.00 2.3 13.0 1:25p ESE 26 78.8 90.5 5:35p 66.1 6:40a 0.0 13.8 0.00 2.2 11.0 1:20p SSW 27 76.9 89.3 12:55p 67.6 2:10p 0.0 11.9 0.75 3.1 46.0 2:05p SSW 28 78.6 92.5 5:50p 65.9 7:00a 0.0 13.6 0.00 2.0 10.0 1:45p S 29 80.8 95.9 5:25p 67.7 6:05a 0.0 15.8 0.00 2.9 12.0 4:30p N 30 76.3 85.7 1:15p 66.2 7:10a 0.0 11.3 0.00 5.8 34.0 12:55a E 31 74.7 81.4 4:30p 69.5 6:45a 0.0 9.7 0.00 6.2 21.0 3:15a E ------------------------------------------------------------------------------------- 78.4 101.4 2 64.3 21 0.1 414.5 6.94 3.9 46.0 27 E Max >= 90.0: 17 Max <= 32.0: 0 Min <= 32.0: 0 Min <= 0.0: 0 Max Rain: 1.79 ON 08/09/22 Days of Rain: 15 (>.01 in) 11 (>.1 in) 3 (>1 in) Heat Base: 65.0 Cool Base: 65.0 Method: Integration