NOAA-style Climate Reports

- as reported from this site (LasCruces-Weather.com) beginning 04-03-07

2023: Jan | Feb | Mar | Apr | May | Jun | Jul | Aug | Sep | Oct | Nov | Dec 
2022: Jan | Feb | Mar | Apr | May | Jun | Jul | Aug | Sep | Oct | Nov | Dec 
2021: Jan | Feb | Mar | Apr | May | Jun | Jul | Aug | Sep | Oct | Nov | Dec 
2020: Jan | Feb | Mar | Apr | May | Jun | Jul | Aug | Sep | Oct | Nov | Dec 
2019: Jan | Feb | Mar | Apr | May | Jun | Jul | Aug | Sep | Oct | Nov | Dec 
2018: Jan | Feb | Mar | Apr | May | Jun | Jul | Aug | Sep | Oct | Nov | Dec 
2017: Jan | Feb | Mar | Apr | May | Jun | Jul | Aug | Sep | Oct | Nov | Dec 
2016: Jan | Feb | Mar | Apr | May | Jun | Jul | Aug | Sep | Oct | Nov | Dec 
2015: Jan | Feb | Mar | Apr | May | Jun | Jul | Aug | Sep | Oct | Nov | Dec 
2014: Jan | Feb | Mar | Apr | May | Jun | Jul | Aug | Sep | Oct | Nov | Dec 
2013: Jan | Feb | Mar | Apr | May | Jun | Jul | Aug | Sep | Oct | Nov | Dec 
2012: Jan | Feb | Mar | Apr | May | Jun | Jul | Aug | Sep | Oct | Nov | Dec 
2011: Jan | Feb | Mar | Apr | May | Jun | Jul | Aug | Sep | Oct | Nov | Dec 
2010: Jan | Feb | Mar | Apr | May | Jun | Jul | Aug | Sep | Oct | Nov | Dec 
2009: Jan | Feb | Mar | Apr | May | Jun | Jul | Aug | Sep | Oct | Nov | Dec 
2008: Jan | Feb | Mar | Apr | May | Jun | Jul | Aug | Sep | Oct | Nov | Dec 
2007: Jan | Feb | Mar | Apr | May | Jun | Jul | Aug | Sep | Oct | Nov | Dec 

Report for 2022 07
MONTHLY CLIMATOLOGICAL SUMMARY for JUL. 2022 NAME: C32 CITY: Las Cruces|East Mesa STATE: NM ELEV: 4474 ft LAT: 32 24' 08" N LONG: 106 41' 01" W TEMPERATURE (F), RAIN (in), WIND SPEED (mph) HEAT COOL AVG MEAN DEG DEG WIND DOM DAY TEMP HIGH TIME LOW TIME DAYS DAYS RAIN SPEED HIGH TIME DIR ------------------------------------------------------------------------------------ 1 82.0 99.4 3:55p 71.1 6:35a 0.0 17.0 0.01 4.3 24.0 6:05p S 2 81.2 97.6 2:45p 67.9 6:40a 0.0 16.2 0.00 3.7 20.0 4:25p NE 3 83.8 97.4 4:45p 71.3 7:00a 0.0 18.8 0.00 4.4 25.0 3:55p SE 4 83.1 97.9 4:20p 71.5 6:30a 0.0 18.1 0.01 5.4 29.0 4:00p SW 5 80.6 94.7 5:30p 68.5 6:25a 0.0 15.6 0.05 3.6 19.0 12:30a SW 6 83.0 94.6 5:35p 72.7 5:55a 0.0 18.0 0.00 4.0 18.0 7:10a S 7 82.1 97.3 1:35p 73.1 6:45a 0.0 17.1 0.33 3.9 33.0 2:35p E 8 82.8 97.1 4:35p 68.8 5:40a 0.0 17.8 0.00 4.4 21.0 7:40a E 9 80.7 94.8 2:55p 72.2 4:25p 0.0 15.7 0.51 3.8 33.0 3:35p E 10 82.6 98.1 5:15p 67.4 5:45a 0.0 17.6 0.00 3.3 23.0 7:15p SE 11 85.6 101.0 5:00p 71.1 6:30a 0.0 20.6 0.00 3.2 26.0 7:40p E 12 85.1 99.2 4:40p 70.9 6:25a 0.0 20.1 0.00 5.2 25.0 5:15p E 13 87.3 98.3 2:50p 80.7 5:20a 0.0 22.3 0.00 4.2 24.0 12:20p E 14 86.1 97.3 4:50p 73.3 6:20a 0.0 21.1 0.00 3.6 18.0 4:20p SE 15 88.6 101.6 5:30p 71.2 6:25a 0.0 23.6 0.00 3.9 18.0 2:35p SE 16 88.7 100.1 3:35p 74.7 6:45a 0.0 23.7 0.00 4.8 21.0 12:35a S 17 87.8 99.8 3:55p 69.8 6:45a 0.0 22.8 0.00 4.4 23.0 2:10p E 18 90.5 103.3 4:35p 74.2 6:30a 0.0 25.5 0.00 4.0 18.0 11:40a E 19 92.1 106.5 4:30p 75.1 5:45a 0.0 27.1 0.00 3.3 16.0 2:15p SE 20 89.6 100.9 3:50p 81.4 7:25a 0.0 24.6 0.00 4.7 22.0 4:20p N 21 89.4 103.3 3:55p 76.9 4:35a 0.0 24.4 0.00 4.6 32.0 4:20p E 22 89.8 101.8 5:30p 76.7 6:00a 0.0 24.8 0.00 4.8 21.0 12:10a S 23 85.8 101.0 4:10p 70.2 6:40a 0.0 20.8 0.00 5.4 22.0 12:30a SSW 24 83.6 99.6 3:45p 72.1 5:50a 0.0 18.6 0.01 4.1 22.0 4:30p S 25 83.4 96.5 4:10p 70.7 6:40a 0.0 18.4 0.00 4.3 18.0 4:55a SSW 26 82.4 94.6 5:35p 68.6 6:30a 0.0 17.4 0.06 5.2 29.0 12:15a S 27 81.0 92.8 5:25p 70.3 6:55a 0.0 16.0 0.00 5.4 21.0 4:45p S 28 80.7 96.6 4:40p 70.8 5:25a 0.0 15.7 0.00 4.6 21.0 10:15a NE 29 77.4 92.7 3:40p 68.1 6:05a 0.0 12.4 0.19 4.1 33.0 4:15p NE 30 80.9 95.4 4:35p 66.5 6:30a 0.0 15.9 0.10 4.1 20.0 4:20p N 31 83.3 97.6 6:15p 69.4 7:25a 0.0 18.3 0.00 4.6 18.0 2:35p N ------------------------------------------------------------------------------------- 84.5 106.5 19 66.5 30 0.0 606.0 1.27 4.3 33.0 7 S Max >= 90.0: 31 Max <= 32.0: 0 Min <= 32.0: 0 Min <= 0.0: 0 Max Rain: 0.51 ON 07/09/22 Days of Rain: 6 (>.01 in) 3 (>.1 in) 0 (>1 in) Heat Base: 65.0 Cool Base: 65.0 Method: Integration