NOAA-style Climate Reports

- as reported from this site (LasCruces-Weather.com) beginning 04-03-07

2023: Jan | Feb | Mar | Apr | May | Jun | Jul | Aug | Sep | Oct | Nov | Dec 
2022: Jan | Feb | Mar | Apr | May | Jun | Jul | Aug | Sep | Oct | Nov | Dec 
2021: Jan | Feb | Mar | Apr | May | Jun | Jul | Aug | Sep | Oct | Nov | Dec 
2020: Jan | Feb | Mar | Apr | May | Jun | Jul | Aug | Sep | Oct | Nov | Dec 
2019: Jan | Feb | Mar | Apr | May | Jun | Jul | Aug | Sep | Oct | Nov | Dec 
2018: Jan | Feb | Mar | Apr | May | Jun | Jul | Aug | Sep | Oct | Nov | Dec 
2017: Jan | Feb | Mar | Apr | May | Jun | Jul | Aug | Sep | Oct | Nov | Dec 
2016: Jan | Feb | Mar | Apr | May | Jun | Jul | Aug | Sep | Oct | Nov | Dec 
2015: Jan | Feb | Mar | Apr | May | Jun | Jul | Aug | Sep | Oct | Nov | Dec 
2014: Jan | Feb | Mar | Apr | May | Jun | Jul | Aug | Sep | Oct | Nov | Dec 
2013: Jan | Feb | Mar | Apr | May | Jun | Jul | Aug | Sep | Oct | Nov | Dec 
2012: Jan | Feb | Mar | Apr | May | Jun | Jul | Aug | Sep | Oct | Nov | Dec 
2011: Jan | Feb | Mar | Apr | May | Jun | Jul | Aug | Sep | Oct | Nov | Dec 
2010: Jan | Feb | Mar | Apr | May | Jun | Jul | Aug | Sep | Oct | Nov | Dec 
2009: Jan | Feb | Mar | Apr | May | Jun | Jul | Aug | Sep | Oct | Nov | Dec 
2008: Jan | Feb | Mar | Apr | May | Jun | Jul | Aug | Sep | Oct | Nov | Dec 
2007: Jan | Feb | Mar | Apr | May | Jun | Jul | Aug | Sep | Oct | Nov | Dec 

Report for 2022 06
MONTHLY CLIMATOLOGICAL SUMMARY for JUN. 2022 NAME: C32 CITY: Las Cruces|East Mesa STATE: NM ELEV: 4474 ft LAT: 32 24' 08" N LONG: 106 41' 01" W TEMPERATURE (F), RAIN (in), WIND SPEED (mph) HEAT COOL AVG MEAN DEG DEG WIND DOM DAY TEMP HIGH TIME LOW TIME DAYS DAYS RAIN SPEED HIGH TIME DIR ------------------------------------------------------------------------------------ 1 81.5 99.1 4:05p 64.3 6:20a 0.0 16.5 0.00 5.1 30.0 9:45p E 2 79.7 94.5 4:20p 63.7 6:35a 0.0 14.7 0.00 5.4 35.0 8:55p E 3 82.2 96.2 4:35p 68.3 6:35a 0.0 17.2 0.00 4.9 21.0 8:55a S 4 80.8 93.1 3:50p 66.0 6:20a 0.0 15.8 0.00 6.5 30.0 2:40p WSW 5 81.3 95.6 4:35p 62.5 6:05a 0.1 16.5 0.00 5.2 26.0 2:10p WSW 6 85.0 100.4 4:05p 67.5 6:25a 0.0 20.0 0.00 4.3 20.0 6:15p WSW 7 86.4 101.9 4:20p 69.1 5:40a 0.0 21.4 0.00 4.1 19.0 3:20p SE 8 86.5 105.1 5:05p 72.6 5:40a 0.0 21.5 0.00 6.9 47.0 6:30p SE 9 86.2 98.3 4:20p 73.0 6:20a 0.0 21.2 0.00 4.0 23.0 1:55a SW 10 89.2 105.3 4:00p 73.1 5:35a 0.0 24.2 0.00 3.3 22.0 4:15p E 11 90.1 108.2 3:05p 72.1 6:05a 0.0 25.1 0.00 4.5 24.0 3:10p NNW 12 89.4 102.7 2:20p 74.8 4:20a 0.0 24.4 0.00 4.5 26.0 3:25p SE 13 88.5 101.2 4:40p 72.6 6:00a 0.0 23.5 0.00 5.5 25.0 3:45p W 14 86.5 97.4 3:35p 73.2 6:05a 0.0 21.5 0.00 6.7 26.0 2:45p W 15 87.0 100.9 5:25p 73.8 6:25a 0.0 22.0 0.00 4.9 19.0 4:05a S 16 87.0 102.0 1:40p 75.1 8:45p 0.0 22.0 0.05 6.8 34.0 9:15p S 17 84.6 97.4 3:50p 69.4 5:40a 0.0 19.6 0.00 6.2 26.0 10:35p S 18 82.8 99.0 3:50p 65.7 6:25a 0.0 17.8 0.00 5.9 31.0 6:00p N 19 80.0 92.4 5:30p 68.1 6:05a 0.0 15.0 0.00 5.7 30.0 3:40p N 20 75.1 86.4 3:25p 68.9 6:40a 0.0 10.1 0.23 4.7 25.0 11:05p SSW 21 70.5 77.6 3:05p 63.9 5:55a 0.1 5.6 0.27 5.1 26.0 11:35p E 22 71.8 80.0 2:45p 65.1 6:00a 0.0 6.8 0.51 3.1 25.0 12:05a E 23 78.5 93.7 4:40p 65.2 6:20a 0.0 13.5 0.00 4.8 19.0 8:55p N 24 78.5 92.1 6:35p 65.4 5:15a 0.0 13.5 0.61 4.5 27.0 2:05a N 25 80.3 93.9 4:45p 69.2 5:55a 0.0 15.3 0.02 5.5 25.0 7:00p NNE 26 78.6 88.8 2:20p 66.1 6:30a 0.0 13.6 0.00 9.1 32.0 9:40p E 27 79.1 88.5 4:50p 70.4 6:15a 0.0 14.1 0.00 5.7 26.0 8:35p E 28 76.8 88.1 2:25p 66.5 6:30a 0.0 11.8 0.00 6.6 23.0 3:20p N 29 82.3 94.9 5:40p 69.5 5:40a 0.0 17.3 0.00 3.9 16.0 12:05a ESE 30 84.4 97.4 4:25p 71.5 6:25a 0.0 19.4 0.00 4.0 16.0 6:30p S ------------------------------------------------------------------------------------- 82.4 108.2 11 62.5 5 0.2 520.9 1.69 5.2 47.0 8 E Max >= 90.0: 24 Max <= 32.0: 0 Min <= 32.0: 0 Min <= 0.0: 0 Max Rain: 0.61 ON 06/24/22 Days of Rain: 6 (>.01 in) 4 (>.1 in) 0 (>1 in) Heat Base: 65.0 Cool Base: 65.0 Method: Integration