NOAA-style Climate Reports

- as reported from this site (LasCruces-Weather.com) beginning 04-03-07

2023: Jan | Feb | Mar | Apr | May | Jun | Jul | Aug | Sep | Oct | Nov | Dec 
2022: Jan | Feb | Mar | Apr | May | Jun | Jul | Aug | Sep | Oct | Nov | Dec 
2021: Jan | Feb | Mar | Apr | May | Jun | Jul | Aug | Sep | Oct | Nov | Dec 
2020: Jan | Feb | Mar | Apr | May | Jun | Jul | Aug | Sep | Oct | Nov | Dec 
2019: Jan | Feb | Mar | Apr | May | Jun | Jul | Aug | Sep | Oct | Nov | Dec 
2018: Jan | Feb | Mar | Apr | May | Jun | Jul | Aug | Sep | Oct | Nov | Dec 
2017: Jan | Feb | Mar | Apr | May | Jun | Jul | Aug | Sep | Oct | Nov | Dec 
2016: Jan | Feb | Mar | Apr | May | Jun | Jul | Aug | Sep | Oct | Nov | Dec 
2015: Jan | Feb | Mar | Apr | May | Jun | Jul | Aug | Sep | Oct | Nov | Dec 
2014: Jan | Feb | Mar | Apr | May | Jun | Jul | Aug | Sep | Oct | Nov | Dec 
2013: Jan | Feb | Mar | Apr | May | Jun | Jul | Aug | Sep | Oct | Nov | Dec 
2012: Jan | Feb | Mar | Apr | May | Jun | Jul | Aug | Sep | Oct | Nov | Dec 
2011: Jan | Feb | Mar | Apr | May | Jun | Jul | Aug | Sep | Oct | Nov | Dec 
2010: Jan | Feb | Mar | Apr | May | Jun | Jul | Aug | Sep | Oct | Nov | Dec 
2009: Jan | Feb | Mar | Apr | May | Jun | Jul | Aug | Sep | Oct | Nov | Dec 
2008: Jan | Feb | Mar | Apr | May | Jun | Jul | Aug | Sep | Oct | Nov | Dec 
2007: Jan | Feb | Mar | Apr | May | Jun | Jul | Aug | Sep | Oct | Nov | Dec 

Report for 2022 05
MONTHLY CLIMATOLOGICAL SUMMARY for MAY. 2022 NAME: C32 CITY: Las Cruces|East Mesa STATE: NM ELEV: 4474 ft LAT: 32 24' 08" N LONG: 106 41' 01" W TEMPERATURE (F), RAIN (in), WIND SPEED (mph) HEAT COOL AVG MEAN DEG DEG WIND DOM DAY TEMP HIGH TIME LOW TIME DAYS DAYS RAIN SPEED HIGH TIME DIR ------------------------------------------------------------------------------------ 1 73.7 88.1 4:35p 55.5 6:45a 1.3 10.0 0.00 5.5 25.0 2:50p SW 2 72.9 84.5 4:15p 60.9 6:50a 0.4 8.2 0.00 7.4 31.0 5:30p WSW 3 72.7 84.8 3:40p 59.4 6:30a 0.9 8.5 0.00 6.5 26.0 6:10p SW 4 73.1 83.0 4:50p 62.0 12:00m 0.2 8.3 0.00 7.6 31.0 6:05p WSW 5 67.5 84.4 4:25p 47.6 6:25a 4.2 6.7 0.00 5.0 20.0 11:05a NNE 6 75.0 91.3 4:25p 54.3 6:20a 1.8 11.7 0.00 5.2 27.0 5:35p WSW 7 78.1 91.4 3:25p 62.9 4:20a 0.2 13.2 0.00 7.8 32.0 5:55p WSW 8 78.1 90.9 2:55p 65.0 6:40a 0.0 13.1 0.00 8.1 33.0 4:15p SW 9 75.8 89.4 5:15p 60.7 6:40a 0.1 11.0 0.00 7.3 27.0 12:45p WSW 10 77.1 92.1 4:45p 58.9 6:40a 0.5 12.5 0.00 4.9 30.0 3:30p WSW 11 79.5 94.4 4:45p 60.2 6:25a 0.5 14.9 0.00 5.4 27.0 2:00p SE 12 75.7 87.3 4:10p 60.6 11:25p 0.1 10.8 0.00 6.0 23.0 4:30p WSW 13 72.4 92.5 4:35p 47.7 6:35a 3.1 10.5 0.00 3.6 17.0 5:10p N 14 74.7 96.7 5:20p 50.9 4:35a 3.0 12.7 0.00 3.8 26.0 1:40p SE 15 79.5 98.9 5:15p 56.7 7:15a 0.8 15.3 0.00 3.4 15.0 5:35p SE 16 82.3 99.0 3:50p 65.0 4:40a 0.0 17.3 0.00 4.8 22.0 4:00p SW 17 79.4 93.3 2:40p 63.9 5:25a 0.0 14.4 0.00 5.1 20.0 1:55p WSW 18 79.0 94.9 4:35p 62.5 6:35a 0.2 14.1 0.00 3.4 18.0 6:15p WSW 19 78.9 93.3 2:40p 60.5 6:15a 0.2 14.1 0.00 6.0 27.0 3:25p WSW 20 75.9 88.5 5:30p 62.9 6:10a 0.1 11.1 0.00 7.9 29.0 11:55a WSW 21 77.5 91.1 4:45p 65.4 6:15a 0.0 12.5 0.00 6.2 21.0 3:05p WSW 22 70.5 80.3 3:45p 62.1 12:00m 0.2 5.7 0.00 4.8 21.0 8:35a E 23 73.0 89.2 5:20p 53.3 6:45a 2.8 10.8 0.00 4.8 23.0 3:10p WSW 24 72.9 85.9 4:45p 57.5 6:50a 1.0 8.9 0.00 6.1 27.0 6:40p NNW 25 70.9 87.9 4:45p 50.6 6:25a 3.2 9.1 0.00 2.5 17.0 5:00p NNW 26 78.6 96.2 4:15p 57.8 6:25a 1.0 14.6 0.00 2.9 15.0 2:25p SE 27 84.4 101.5 3:35p 62.8 6:45a 0.2 19.6 0.00 4.6 27.0 4:00p SW 28 83.2 96.5 3:20p 71.2 5:50a 0.0 18.2 0.00 7.5 30.0 3:00p WSW 29 78.1 91.5 3:40p 64.2 4:40a 0.0 13.2 0.00 8.6 30.0 4:30p WSW 30 76.8 88.8 4:25p 65.5 6:30a 0.0 11.8 0.00 6.3 23.0 12:25p WSW 31 78.5 94.1 5:00p 60.8 5:45a 0.4 13.9 0.00 3.9 19.0 2:10p SSW ------------------------------------------------------------------------------------- 76.3 101.5 27 47.6 5 26.4 376.7 0.00 5.6 33.0 8 WSW Max >= 90.0: 18 Max <= 32.0: 0 Min <= 32.0: 0 Min <= 0.0: 0 Max Rain: 0.00 ON 05/01/22 Days of Rain: 0 (>.01 in) 0 (>.1 in) 0 (>1 in) Heat Base: 65.0 Cool Base: 65.0 Method: Integration