NOAA-style Climate Reports

- as reported from this site (LasCruces-Weather.com) beginning 04-03-07

2023: Jan | Feb | Mar | Apr | May | Jun | Jul | Aug | Sep | Oct | Nov | Dec 
2022: Jan | Feb | Mar | Apr | May | Jun | Jul | Aug | Sep | Oct | Nov | Dec 
2021: Jan | Feb | Mar | Apr | May | Jun | Jul | Aug | Sep | Oct | Nov | Dec 
2020: Jan | Feb | Mar | Apr | May | Jun | Jul | Aug | Sep | Oct | Nov | Dec 
2019: Jan | Feb | Mar | Apr | May | Jun | Jul | Aug | Sep | Oct | Nov | Dec 
2018: Jan | Feb | Mar | Apr | May | Jun | Jul | Aug | Sep | Oct | Nov | Dec 
2017: Jan | Feb | Mar | Apr | May | Jun | Jul | Aug | Sep | Oct | Nov | Dec 
2016: Jan | Feb | Mar | Apr | May | Jun | Jul | Aug | Sep | Oct | Nov | Dec 
2015: Jan | Feb | Mar | Apr | May | Jun | Jul | Aug | Sep | Oct | Nov | Dec 
2014: Jan | Feb | Mar | Apr | May | Jun | Jul | Aug | Sep | Oct | Nov | Dec 
2013: Jan | Feb | Mar | Apr | May | Jun | Jul | Aug | Sep | Oct | Nov | Dec 
2012: Jan | Feb | Mar | Apr | May | Jun | Jul | Aug | Sep | Oct | Nov | Dec 
2011: Jan | Feb | Mar | Apr | May | Jun | Jul | Aug | Sep | Oct | Nov | Dec 
2010: Jan | Feb | Mar | Apr | May | Jun | Jul | Aug | Sep | Oct | Nov | Dec 
2009: Jan | Feb | Mar | Apr | May | Jun | Jul | Aug | Sep | Oct | Nov | Dec 
2008: Jan | Feb | Mar | Apr | May | Jun | Jul | Aug | Sep | Oct | Nov | Dec 
2007: Jan | Feb | Mar | Apr | May | Jun | Jul | Aug | Sep | Oct | Nov | Dec 

Report for 2022 04
MONTHLY CLIMATOLOGICAL SUMMARY for APR. 2022 NAME: C32 CITY: Las Cruces|East Mesa STATE: NM ELEV: 4474 ft LAT: 32 24' 08" N LONG: 106 41' 01" W TEMPERATURE (F), RAIN (in), WIND SPEED (mph) HEAT COOL AVG MEAN DEG DEG WIND DOM DAY TEMP HIGH TIME LOW TIME DAYS DAYS RAIN SPEED HIGH TIME DIR ------------------------------------------------------------------------------------ 1 62.6 79.8 5:05p 45.9 7:15a 6.1 3.8 0.00 3.4 20.0 1:05p WNW 2 65.0 81.5 4:35p 46.0 7:25a 5.2 5.2 0.00 3.6 25.0 2:45p SSE 3 67.5 82.3 5:00p 53.2 7:10a 3.2 5.7 0.00 4.7 21.0 3:00p SW 4 64.4 77.4 5:45p 50.8 7:20a 4.1 3.5 0.00 4.0 15.0 8:40p SW 5 68.7 86.2 4:35p 49.3 5:10a 3.9 7.6 0.00 6.6 28.0 7:30p WSW 6 69.0 81.3 4:35p 55.8 12:00m 1.6 5.6 0.00 5.2 26.0 1:20p N 7 60.3 76.2 5:25p 44.2 7:20a 7.2 2.5 0.00 4.0 27.0 2:05p N 8 58.7 77.1 5:25p 40.8 6:10a 9.3 2.9 0.00 2.8 16.0 4:25p E 9 66.2 84.7 4:40p 43.4 6:35a 5.9 7.1 0.00 5.2 27.0 3:45p WSW 10 69.3 80.5 4:20p 57.1 4:15a 1.6 5.9 0.00 8.1 32.0 3:00p WSW 11 68.9 80.6 4:40p 55.3 6:45a 1.7 5.6 0.00 8.9 35.0 5:10p WSW 12 66.8 78.1 3:40p 55.7 6:45a 2.2 3.9 0.00 11.8 36.0 12:00p WSW 13 58.0 69.7 3:45p 45.2 7:10a 7.6 0.6 0.00 7.5 26.0 6:30p WSW 14 61.6 78.3 4:10p 40.7 7:05a 7.2 3.8 0.00 3.9 19.0 2:35p SW 15 67.6 82.0 2:55p 51.0 6:25a 3.8 6.4 0.00 5.9 27.0 2:30p WSW 16 70.2 82.9 5:35p 58.8 5:15a 1.4 6.6 0.00 5.0 22.0 4:50p SW 17 68.8 85.8 4:45p 50.7 6:15a 3.2 7.0 0.00 5.1 21.0 10:45a N 18 71.8 91.3 4:40p 46.1 6:20a 4.0 10.8 0.00 6.2 29.0 3:00p ESE 19 74.7 88.6 3:25p 59.5 6:55a 0.6 10.3 0.00 5.1 31.0 4:20p W 20 74.4 86.7 4:00p 56.0 6:20a 0.8 10.2 0.00 7.2 30.0 4:15p W 21 73.9 88.7 4:40p 56.7 6:05a 1.2 10.1 0.00 5.1 25.0 3:55p SW 22 75.0 88.1 2:50p 59.7 6:50a 0.6 10.6 0.00 9.5 36.0 5:05p SW 23 65.3 74.8 4:25p 53.5 6:45a 2.6 2.9 0.00 7.3 30.0 3:20p WSW 24 64.5 78.3 4:50p 48.4 6:15a 4.5 4.0 0.00 4.3 23.0 1:55p WSW 25 64.2 78.8 3:30p 46.7 4:05a 5.1 4.3 0.00 7.5 32.0 10:25p E 26 68.4 81.4 5:30p 53.2 7:00a 2.3 5.6 0.00 6.4 30.0 12:20a E 27 73.4 89.1 4:55p 57.4 6:50a 1.1 9.6 0.00 5.6 26.0 6:10p SSW 28 72.4 85.6 4:45p 56.8 5:30a 1.5 8.9 0.00 5.8 30.0 2:55p WSW 29 70.5 84.2 4:30p 53.5 7:05a 1.5 7.0 0.00 5.7 21.0 1:55p WSW 30 69.0 86.4 3:05p 50.6 6:50a 3.5 7.5 0.00 4.3 19.0 3:15p N ------------------------------------------------------------------------------------- 67.7 91.3 18 40.7 14 104.5 185.5 0.00 5.9 36.0 12 WSW Max >= 90.0: 1 Max <= 32.0: 0 Min <= 32.0: 0 Min <= 0.0: 0 Max Rain: 0.00 ON 04/01/22 Days of Rain: 0 (>.01 in) 0 (>.1 in) 0 (>1 in) Heat Base: 65.0 Cool Base: 65.0 Method: Integration