NOAA-style Climate Reports

- as reported from this site (LasCruces-Weather.com) beginning 04-03-07

2023: Jan | Feb | Mar | Apr | May | Jun | Jul | Aug | Sep | Oct | Nov | Dec 
2022: Jan | Feb | Mar | Apr | May | Jun | Jul | Aug | Sep | Oct | Nov | Dec 
2021: Jan | Feb | Mar | Apr | May | Jun | Jul | Aug | Sep | Oct | Nov | Dec 
2020: Jan | Feb | Mar | Apr | May | Jun | Jul | Aug | Sep | Oct | Nov | Dec 
2019: Jan | Feb | Mar | Apr | May | Jun | Jul | Aug | Sep | Oct | Nov | Dec 
2018: Jan | Feb | Mar | Apr | May | Jun | Jul | Aug | Sep | Oct | Nov | Dec 
2017: Jan | Feb | Mar | Apr | May | Jun | Jul | Aug | Sep | Oct | Nov | Dec 
2016: Jan | Feb | Mar | Apr | May | Jun | Jul | Aug | Sep | Oct | Nov | Dec 
2015: Jan | Feb | Mar | Apr | May | Jun | Jul | Aug | Sep | Oct | Nov | Dec 
2014: Jan | Feb | Mar | Apr | May | Jun | Jul | Aug | Sep | Oct | Nov | Dec 
2013: Jan | Feb | Mar | Apr | May | Jun | Jul | Aug | Sep | Oct | Nov | Dec 
2012: Jan | Feb | Mar | Apr | May | Jun | Jul | Aug | Sep | Oct | Nov | Dec 
2011: Jan | Feb | Mar | Apr | May | Jun | Jul | Aug | Sep | Oct | Nov | Dec 
2010: Jan | Feb | Mar | Apr | May | Jun | Jul | Aug | Sep | Oct | Nov | Dec 
2009: Jan | Feb | Mar | Apr | May | Jun | Jul | Aug | Sep | Oct | Nov | Dec 
2008: Jan | Feb | Mar | Apr | May | Jun | Jul | Aug | Sep | Oct | Nov | Dec 
2007: Jan | Feb | Mar | Apr | May | Jun | Jul | Aug | Sep | Oct | Nov | Dec 

Report for 2022 03
MONTHLY CLIMATOLOGICAL SUMMARY for MAR. 2022 NAME: C32 CITY: Las Cruces|East Mesa STATE: NM ELEV: 4474 ft LAT: 32 24' 08" N LONG: 106 41' 01" W TEMPERATURE (F), RAIN (in), WIND SPEED (mph) HEAT COOL AVG MEAN DEG DEG WIND DOM DAY TEMP HIGH TIME LOW TIME DAYS DAYS RAIN SPEED HIGH TIME DIR ------------------------------------------------------------------------------------ 1 55.8 74.4 2:55p 40.7 7:10a 11.1 1.9 0.00 3.1 11.0 8:55a NNE 2 56.5 77.7 3:55p 38.1 5:30a 11.4 2.9 0.00 2.9 12.0 7:20a NE 3 58.8 73.9 1:00p 42.6 3:25a 8.4 2.2 0.00 2.8 20.0 6:45p E 4 63.5 75.2 2:45p 50.2 7:00a 4.2 2.7 0.00 8.7 37.0 3:25p SW 5 55.9 70.0 4:35p 40.6 6:45a 9.6 0.5 0.00 6.6 23.0 12:25p SSW 6 50.2 56.9 12:25a 35.7 12:00m 14.8 0.0 0.00 9.6 36.0 1:00p W 7 45.1 61.8 2:50p 27.8 6:55a 19.9 0.0 0.00 3.5 24.0 12:45p E 8 41.8 56.3 4:55p 27.1 6:55a 23.2 0.0 0.00 4.5 19.0 10:45a NNW 9 48.0 62.8 3:20p 28.6 5:45a 17.0 0.0 0.00 5.6 27.0 5:50p WSW 10 53.2 67.0 3:10p 37.3 6:20a 11.9 0.2 0.00 6.1 30.0 3:25p SW 11 43.6 53.6 5:15p 33.2 12:00m 21.4 0.0 0.19 4.4 22.0 6:20a N 12 43.3 60.1 4:15p 25.6 6:55a 21.7 0.0 0.00 2.8 16.0 2:25p E 13 52.2 69.9 5:25p 30.4 7:45a 13.0 0.7 0.00 4.3 27.0 5:45p E 14 56.3 67.7 5:55p 39.5 7:05a 9.0 0.3 0.00 5.8 27.0 12:20p E 15 55.3 73.0 5:10p 34.1 6:55a 11.4 1.8 0.00 3.2 17.0 1:30p SE 16 62.0 78.6 4:55p 42.2 7:05a 6.9 3.8 0.00 4.7 24.0 2:30p SW 17 55.4 67.5 4:15p 42.9 6:45a 9.7 0.2 0.00 5.9 26.0 5:30p NNW 18 49.5 64.3 4:05p 35.0 5:35a 15.5 0.0 0.00 3.2 16.0 11:30a SE 19 54.7 71.8 4:10p 34.0 7:35a 11.8 1.4 0.00 3.1 15.0 2:10p SE 20 64.1 78.1 3:20p 49.2 7:00a 4.9 4.0 0.00 6.9 29.0 7:20p SSW 21 48.4 57.3 12:05a 39.7 9:25a 16.6 0.0 0.33 6.3 25.0 5:50p WSW 22 44.8 53.3 3:30p 38.0 6:15a 20.2 0.0 0.00 4.3 21.0 2:25p E 23 48.1 59.4 6:05p 39.2 7:35a 16.9 0.0 0.00 4.1 24.0 2:30a NNW 24 56.4 74.8 5:15p 36.0 7:40a 10.4 1.8 0.00 2.9 13.0 2:50p S 25 62.9 81.6 5:10p 41.6 7:15a 6.7 4.6 0.00 2.5 11.0 3:30p SE 26 65.3 84.3 3:05p 46.0 6:20a 5.8 6.1 0.00 2.7 16.0 3:20p SE 27 68.3 86.3 3:00p 48.0 6:00a 4.4 7.7 0.00 3.5 19.0 6:10p SE 28 67.8 81.0 3:35p 56.0 2:05a 2.4 5.2 0.00 6.4 28.0 10:25p SW 29 58.8 67.4 2:45p 45.3 11:55p 6.3 0.1 0.00 10.0 40.0 12:35p W 30 53.2 66.0 3:40p 42.5 4:00a 11.9 0.0 0.10 6.4 31.0 5:10p W 31 58.1 72.5 5:10p 43.0 4:25a 8.4 1.5 0.00 3.6 18.0 4:55p SE ------------------------------------------------------------------------------------- 54.8 86.3 27 25.6 12 366.8 49.6 0.62 4.9 40.0 29 SW Max >= 90.0: 0 Max <= 32.0: 0 Min <= 32.0: 5 Min <= 0.0: 0 Max Rain: 0.33 ON 03/21/22 Days of Rain: 3 (>.01 in) 2 (>.1 in) 0 (>1 in) Heat Base: 65.0 Cool Base: 65.0 Method: Integration