NOAA-style Climate Reports

- as reported from this site (LasCruces-Weather.com) beginning 04-03-07

2023: Jan | Feb | Mar | Apr | May | Jun | Jul | Aug | Sep | Oct | Nov | Dec 
2022: Jan | Feb | Mar | Apr | May | Jun | Jul | Aug | Sep | Oct | Nov | Dec 
2021: Jan | Feb | Mar | Apr | May | Jun | Jul | Aug | Sep | Oct | Nov | Dec 
2020: Jan | Feb | Mar | Apr | May | Jun | Jul | Aug | Sep | Oct | Nov | Dec 
2019: Jan | Feb | Mar | Apr | May | Jun | Jul | Aug | Sep | Oct | Nov | Dec 
2018: Jan | Feb | Mar | Apr | May | Jun | Jul | Aug | Sep | Oct | Nov | Dec 
2017: Jan | Feb | Mar | Apr | May | Jun | Jul | Aug | Sep | Oct | Nov | Dec 
2016: Jan | Feb | Mar | Apr | May | Jun | Jul | Aug | Sep | Oct | Nov | Dec 
2015: Jan | Feb | Mar | Apr | May | Jun | Jul | Aug | Sep | Oct | Nov | Dec 
2014: Jan | Feb | Mar | Apr | May | Jun | Jul | Aug | Sep | Oct | Nov | Dec 
2013: Jan | Feb | Mar | Apr | May | Jun | Jul | Aug | Sep | Oct | Nov | Dec 
2012: Jan | Feb | Mar | Apr | May | Jun | Jul | Aug | Sep | Oct | Nov | Dec 
2011: Jan | Feb | Mar | Apr | May | Jun | Jul | Aug | Sep | Oct | Nov | Dec 
2010: Jan | Feb | Mar | Apr | May | Jun | Jul | Aug | Sep | Oct | Nov | Dec 
2009: Jan | Feb | Mar | Apr | May | Jun | Jul | Aug | Sep | Oct | Nov | Dec 
2008: Jan | Feb | Mar | Apr | May | Jun | Jul | Aug | Sep | Oct | Nov | Dec 
2007: Jan | Feb | Mar | Apr | May | Jun | Jul | Aug | Sep | Oct | Nov | Dec 

Report for 2022 02
MONTHLY CLIMATOLOGICAL SUMMARY for FEB. 2022 NAME: C32 CITY: Las Cruces|East Mesa STATE: NM ELEV: 4474 ft LAT: 32 24' 08" N LONG: 106 41' 01" W TEMPERATURE (F), RAIN (in), WIND SPEED (mph) HEAT COOL AVG MEAN DEG DEG WIND DOM DAY TEMP HIGH TIME LOW TIME DAYS DAYS RAIN SPEED HIGH TIME DIR ------------------------------------------------------------------------------------ 1 51.8 60.7 1:00p 41.3 6:10a 13.2 0.0 0.00 4.9 20.0 12:15p S 2 48.4 56.2 2:50p 26.5 12:00m 16.6 0.0 0.01 5.4 25.0 4:05p WSW 3 25.7 34.7 4:15p 17.6 8:05a 39.3 0.0 0.08 3.7 13.0 12:10a N 4 28.1 41.5 4:20p 15.8 7:00a 36.9 0.0 0.05 1.8 9.0 2:35p E 5 31.6 47.9 4:25p 15.9 7:30a 33.4 0.0 0.00 1.8 10.0 8:25a E 6 38.4 55.6 4:20p 22.8 4:55a 26.6 0.0 0.00 3.4 20.0 7:55p NNE 7 39.1 53.0 4:15p 26.4 7:05a 25.9 0.0 0.00 2.5 14.0 12:35a ENE 8 42.5 61.2 5:00p 25.3 6:15a 22.5 0.0 0.00 2.5 12.0 1:20p NE 9 46.7 66.6 3:45p 26.9 6:20a 18.4 0.1 0.00 3.3 13.0 2:40a N 10 47.1 65.4 4:05p 29.7 6:15a 17.9 0.0 0.00 3.5 16.0 9:55a N 11 51.1 69.3 4:15p 32.6 6:50a 14.4 0.5 0.00 2.9 14.0 2:05p E 12 46.6 55.7 3:40p 35.3 6:55a 18.4 0.0 0.00 3.6 15.0 12:30p SE 13 44.7 62.6 4:10p 27.2 7:35a 20.3 0.0 0.00 2.4 11.0 2:50p SE 14 49.8 68.9 3:45p 31.1 6:55a 15.6 0.4 0.00 3.3 14.0 4:10p SE 15 57.4 73.1 3:15p 41.9 6:45a 9.0 1.4 0.00 6.6 37.0 3:55p SSW 16 52.4 66.4 1:00p 40.2 10:50p 12.6 0.1 0.00 10.0 49.0 3:50p S 17 42.1 56.0 12:45p 32.4 12:00m 22.9 0.0 0.00 3.8 19.0 12:05a SSE 18 41.7 60.0 5:25p 26.9 6:45a 23.3 0.0 0.00 2.9 11.0 1:00p SE 19 45.6 65.3 3:20p 25.2 6:35a 19.4 0.0 0.00 2.9 15.0 2:35p SE 20 53.1 70.4 2:05p 34.7 5:45a 12.9 1.0 0.00 3.9 19.0 3:40p SW 21 53.8 65.4 2:20p 44.9 11:30p 11.2 0.0 0.00 7.7 33.0 2:40p WSW 22 52.6 67.9 3:45p 39.5 4:20a 12.7 0.3 0.00 5.8 32.0 3:55p SW 23 56.0 67.3 4:30p 45.0 12:00m 9.1 0.1 0.00 10.2 41.0 4:20p S 24 42.1 52.6 4:25p 31.2 10:10p 22.9 0.0 0.00 5.0 21.0 9:10a SW 25 43.0 62.6 4:30p 27.0 4:25a 22.0 0.0 0.00 3.4 20.0 2:15p SSW 26 48.6 67.5 3:25p 32.7 6:25a 16.6 0.2 0.00 3.1 15.0 5:00p E 27 46.2 65.0 4:15p 31.4 6:40a 18.8 0.0 0.00 3.8 14.0 1:10a NNE 28 50.0 65.2 2:35p 34.6 5:40a 15.0 0.0 0.00 3.3 13.0 9:30a NNE ------------------------------------------------------------------------------------- 45.6 73.1 15 15.8 4 547.8 4.1 0.14 4.2 49.0 16 SW Max >= 90.0: 0 Max <= 32.0: 0 Min <= 32.0: 16 Min <= 0.0: 0 Max Rain: 0.08 ON 02/03/22 Days of Rain: 2 (>.01 in) 0 (>.1 in) 0 (>1 in) Heat Base: 65.0 Cool Base: 65.0 Method: Integration