NOAA-style Climate Reports

- as reported from this site (LasCruces-Weather.com) beginning 04-03-07

2023: Jan | Feb | Mar | Apr | May | Jun | Jul | Aug | Sep | Oct | Nov | Dec 
2022: Jan | Feb | Mar | Apr | May | Jun | Jul | Aug | Sep | Oct | Nov | Dec 
2021: Jan | Feb | Mar | Apr | May | Jun | Jul | Aug | Sep | Oct | Nov | Dec 
2020: Jan | Feb | Mar | Apr | May | Jun | Jul | Aug | Sep | Oct | Nov | Dec 
2019: Jan | Feb | Mar | Apr | May | Jun | Jul | Aug | Sep | Oct | Nov | Dec 
2018: Jan | Feb | Mar | Apr | May | Jun | Jul | Aug | Sep | Oct | Nov | Dec 
2017: Jan | Feb | Mar | Apr | May | Jun | Jul | Aug | Sep | Oct | Nov | Dec 
2016: Jan | Feb | Mar | Apr | May | Jun | Jul | Aug | Sep | Oct | Nov | Dec 
2015: Jan | Feb | Mar | Apr | May | Jun | Jul | Aug | Sep | Oct | Nov | Dec 
2014: Jan | Feb | Mar | Apr | May | Jun | Jul | Aug | Sep | Oct | Nov | Dec 
2013: Jan | Feb | Mar | Apr | May | Jun | Jul | Aug | Sep | Oct | Nov | Dec 
2012: Jan | Feb | Mar | Apr | May | Jun | Jul | Aug | Sep | Oct | Nov | Dec 
2011: Jan | Feb | Mar | Apr | May | Jun | Jul | Aug | Sep | Oct | Nov | Dec 
2010: Jan | Feb | Mar | Apr | May | Jun | Jul | Aug | Sep | Oct | Nov | Dec 
2009: Jan | Feb | Mar | Apr | May | Jun | Jul | Aug | Sep | Oct | Nov | Dec 
2008: Jan | Feb | Mar | Apr | May | Jun | Jul | Aug | Sep | Oct | Nov | Dec 
2007: Jan | Feb | Mar | Apr | May | Jun | Jul | Aug | Sep | Oct | Nov | Dec 

Report for 2022 01
MONTHLY CLIMATOLOGICAL SUMMARY for JAN. 2022 NAME: C32 CITY: Las Cruces|East Mesa STATE: NM ELEV: 4474 ft LAT: 32 24' 08" N LONG: 106 41' 01" W TEMPERATURE (F), RAIN (in), WIND SPEED (mph) HEAT COOL AVG MEAN DEG DEG WIND DOM DAY TEMP HIGH TIME LOW TIME DAYS DAYS RAIN SPEED HIGH TIME DIR ------------------------------------------------------------------------------------ 1 41.5 50.1 10:50a 27.5 12:00m 23.5 0.0 0.01 11.0 35.0 3:20p SW 2 30.6 42.3 4:25p 22.3 6:20a 34.4 0.0 0.00 2.7 12.0 11:35a NNW 3 33.1 49.4 2:35p 20.9 7:30a 31.9 0.0 0.00 2.5 8.0 2:25a NE 4 43.3 62.1 4:20p 28.8 1:10a 21.7 0.0 0.00 3.1 13.0 6:20p SSW 5 45.9 63.2 2:50p 28.9 7:40a 19.1 0.0 0.00 2.1 13.0 8:20p E 6 48.2 65.5 4:40p 31.7 7:35a 16.8 0.0 0.00 2.1 11.0 9:05a S 7 52.6 67.9 3:10p 36.9 7:10a 12.7 0.3 0.00 3.3 14.0 12:05p SW 8 54.4 65.4 3:15p 43.4 7:10a 10.6 0.0 0.00 4.5 23.0 12:35p WSW 9 45.2 53.7 2:15p 38.4 11:35p 19.8 0.0 0.00 2.5 14.0 8:35a NNE 10 38.7 44.7 4:25p 29.7 6:15a 26.3 0.0 0.00 2.2 14.0 8:00p E 11 41.3 54.5 4:40p 30.2 7:40a 23.7 0.0 0.00 2.0 9.0 5:00a N 12 40.5 62.2 4:05p 24.7 6:25a 24.5 0.0 0.00 3.1 15.0 11:10a N 13 46.4 66.5 3:15p 30.0 7:15a 18.6 0.1 0.00 2.9 12.0 8:50a SE 14 52.1 71.6 4:00p 36.5 7:05a 13.7 0.8 0.00 3.1 14.0 9:35a SSW 15 41.0 52.8 2:55p 30.7 7:50a 24.0 0.0 0.00 2.2 11.0 12:45p SE 16 40.3 57.7 2:20p 23.2 7:50a 24.7 0.0 0.00 2.7 12.0 9:00a E 17 45.1 62.3 2:55p 25.6 6:40a 19.9 0.0 0.00 3.2 14.0 7:00p SSW 18 50.1 64.3 2:25p 41.4 7:10a 14.9 0.0 0.02 6.3 25.0 2:30p S 19 49.1 60.2 3:10p 36.9 7:45a 15.9 0.0 0.00 2.6 14.0 11:25a SE 20 42.1 53.9 3:20p 30.8 12:00m 22.9 0.0 0.00 2.0 10.0 12:35p SW 21 38.7 54.9 3:40p 25.6 5:50a 26.3 0.0 0.00 2.8 14.0 12:40p SW 22 43.0 55.9 1:20p 28.8 7:30a 22.0 0.0 0.00 4.5 23.0 2:35p E 23 38.6 50.8 2:10p 26.6 6:10a 26.4 0.0 0.00 2.3 11.0 12:40p W 24 43.9 59.3 4:55p 31.3 7:55a 21.1 0.0 0.00 2.9 16.0 12:15p SSE 25 48.2 63.1 2:30p 32.1 5:45a 16.8 0.0 0.00 3.7 18.0 1:45p SE 26 43.1 57.1 5:15p 30.3 7:00a 21.9 0.0 0.00 3.7 14.0 11:15a N 27 43.9 60.2 4:35p 31.0 12:30a 21.1 0.0 0.00 3.6 17.0 9:25p NE 28 40.0 52.9 3:50p 27.6 7:15a 25.0 0.0 0.00 2.7 11.0 12:35a SE 29 38.1 58.0 3:05p 20.7 6:55a 26.9 0.0 0.00 2.4 11.0 7:40a NE 30 43.8 60.0 3:45p 29.6 7:35a 21.2 0.0 0.00 3.3 17.0 5:30p NE 31 47.0 64.7 4:25p 31.5 6:30a 18.0 0.0 0.00 3.2 15.0 11:10p E ------------------------------------------------------------------------------------- 43.5 71.6 14 20.7 29 666.3 1.2 0.03 3.3 35.0 1 SE Max >= 90.0: 0 Max <= 32.0: 0 Min <= 32.0: 24 Min <= 0.0: 0 Max Rain: 0.02 ON 01/18/22 Days of Rain: 1 (>.01 in) 0 (>.1 in) 0 (>1 in) Heat Base: 65.0 Cool Base: 65.0 Method: Integration