NOAA-style Climate Reports

- as reported from this site (LasCruces-Weather.com) beginning 04-03-07

2023: Jan | Feb | Mar | Apr | May | Jun | Jul | Aug | Sep | Oct | Nov | Dec 
2022: Jan | Feb | Mar | Apr | May | Jun | Jul | Aug | Sep | Oct | Nov | Dec 
2021: Jan | Feb | Mar | Apr | May | Jun | Jul | Aug | Sep | Oct | Nov | Dec 
2020: Jan | Feb | Mar | Apr | May | Jun | Jul | Aug | Sep | Oct | Nov | Dec 
2019: Jan | Feb | Mar | Apr | May | Jun | Jul | Aug | Sep | Oct | Nov | Dec 
2018: Jan | Feb | Mar | Apr | May | Jun | Jul | Aug | Sep | Oct | Nov | Dec 
2017: Jan | Feb | Mar | Apr | May | Jun | Jul | Aug | Sep | Oct | Nov | Dec 
2016: Jan | Feb | Mar | Apr | May | Jun | Jul | Aug | Sep | Oct | Nov | Dec 
2015: Jan | Feb | Mar | Apr | May | Jun | Jul | Aug | Sep | Oct | Nov | Dec 
2014: Jan | Feb | Mar | Apr | May | Jun | Jul | Aug | Sep | Oct | Nov | Dec 
2013: Jan | Feb | Mar | Apr | May | Jun | Jul | Aug | Sep | Oct | Nov | Dec 
2012: Jan | Feb | Mar | Apr | May | Jun | Jul | Aug | Sep | Oct | Nov | Dec 
2011: Jan | Feb | Mar | Apr | May | Jun | Jul | Aug | Sep | Oct | Nov | Dec 
2010: Jan | Feb | Mar | Apr | May | Jun | Jul | Aug | Sep | Oct | Nov | Dec 
2009: Jan | Feb | Mar | Apr | May | Jun | Jul | Aug | Sep | Oct | Nov | Dec 
2008: Jan | Feb | Mar | Apr | May | Jun | Jul | Aug | Sep | Oct | Nov | Dec 
2007: Jan | Feb | Mar | Apr | May | Jun | Jul | Aug | Sep | Oct | Nov | Dec 

Report for 2021 12
MONTHLY CLIMATOLOGICAL SUMMARY for DEC. 2021 NAME: C32 CITY: Las Cruces|East Mesa STATE: NM ELEV: 4474 ft LAT: 32 24' 08" N LONG: 106 41' 01" W TEMPERATURE (F), RAIN (in), WIND SPEED (mph) HEAT COOL AVG MEAN DEG DEG WIND DOM DAY TEMP HIGH TIME LOW TIME DAYS DAYS RAIN SPEED HIGH TIME DIR ------------------------------------------------------------------------------------ 1 50.2 65.8 1:35p 38.0 6:10a 14.9 0.0 0.00 3.1 10.0 8:25a NNE 2 53.4 71.8 2:35p 37.3 7:20a 12.7 1.0 0.00 2.6 11.0 2:25p SE 3 55.9 72.7 3:25p 39.1 6:20a 10.4 1.4 0.00 2.7 11.0 2:10p SE 4 54.9 68.2 2:35p 40.1 6:40a 10.4 0.3 0.00 2.3 11.0 11:45a SE 5 53.6 70.4 3:10p 36.2 7:15a 12.1 0.7 0.00 3.3 15.0 9:30a SE 6 48.3 60.4 1:55p 38.4 6:50a 16.7 0.0 0.00 3.2 18.0 1:30p SSW 7 53.4 68.5 2:55p 40.7 3:25a 11.9 0.3 0.00 3.6 17.0 10:40a SSW 8 51.3 65.7 2:15p 38.6 2:05a 13.8 0.0 0.00 3.5 16.0 3:25p S 9 55.2 64.5 4:20p 45.2 5:15a 9.8 0.0 0.00 4.9 22.0 11:50p SW 10 50.3 57.4 3:05p 39.4 12:00m 14.7 0.0 0.02 8.7 30.0 10:05a WSW 11 40.4 55.0 3:15p 29.4 12:00m 24.6 0.0 0.00 3.2 13.0 1:05a N 12 41.4 62.3 2:25p 24.5 4:05a 23.6 0.0 0.00 3.2 11.0 3:40p NE 13 49.1 65.3 2:45p 33.5 7:15a 15.9 0.0 0.00 2.7 13.0 1:55p SE 14 58.2 70.9 3:15p 43.1 1:00a 7.7 0.9 0.00 4.9 19.0 10:30a S 15 57.7 64.3 3:10p 45.6 11:35p 7.3 0.0 0.00 7.1 26.0 8:20a WSW 16 47.2 60.5 3:10p 35.3 7:15a 17.8 0.0 0.00 3.1 15.0 2:45p S 17 52.1 64.4 1:50p 40.4 12:00m 12.9 0.0 0.00 3.7 19.0 2:00p WSW 18 41.1 48.1 12:55p 34.6 5:10a 23.9 0.0 0.00 5.6 19.0 3:20p NNW 19 40.7 54.0 3:45p 26.7 7:40a 24.3 0.0 0.00 2.1 10.0 1:00p SE 20 41.2 62.3 4:20p 22.6 7:40a 23.8 0.0 0.00 2.8 11.0 9:00a NNE 21 47.4 64.0 3:20p 29.2 4:40a 17.6 0.0 0.00 2.1 8.0 9:15a NE 22 52.4 68.3 3:10p 37.5 6:45a 12.9 0.3 0.00 2.1 10.0 1:10p SE 23 57.9 71.7 2:40p 46.6 4:35a 8.2 1.2 0.00 3.8 16.0 2:15p SSW 24 59.5 69.7 12:25p 51.0 12:00m 6.1 0.6 0.00 7.5 30.0 11:45a SSW 25 56.2 67.1 2:05p 46.2 6:50a 9.0 0.2 0.00 4.0 19.0 3:50p SSE 26 57.2 65.9 2:25p 45.2 11:15p 7.8 0.0 0.00 6.4 27.0 12:00p WSW 27 50.2 58.0 4:00p 42.5 7:35a 14.8 0.0 0.00 5.0 25.0 4:50p SSW 28 46.6 56.1 2:25p 38.5 7:25a 18.4 0.0 0.00 4.9 27.0 1:45p WSW 29 45.3 55.1 3:20p 36.7 6:45a 19.7 0.0 0.00 4.7 23.0 1:20p WSW 30 46.1 54.2 1:10p 37.6 4:05a 18.9 0.0 0.00 3.8 23.0 2:15p SW 31 46.0 49.7 4:00p 43.0 11:00p 19.0 0.0 0.62 6.5 29.0 2:00p S ------------------------------------------------------------------------------------- 50.3 72.7 3 22.6 20 461.6 6.9 0.64 4.1 30.0 10 SSW Max >= 90.0: 0 Max <= 32.0: 0 Min <= 32.0: 5 Min <= 0.0: 0 Max Rain: 0.62 ON 12/31/21 Days of Rain: 2 (>.01 in) 1 (>.1 in) 0 (>1 in) Heat Base: 65.0 Cool Base: 65.0 Method: Integration