NOAA-style Climate Reports

- as reported from this site (LasCruces-Weather.com) beginning 04-03-07

2023: Jan | Feb | Mar | Apr | May | Jun | Jul | Aug | Sep | Oct | Nov | Dec 
2022: Jan | Feb | Mar | Apr | May | Jun | Jul | Aug | Sep | Oct | Nov | Dec 
2021: Jan | Feb | Mar | Apr | May | Jun | Jul | Aug | Sep | Oct | Nov | Dec 
2020: Jan | Feb | Mar | Apr | May | Jun | Jul | Aug | Sep | Oct | Nov | Dec 
2019: Jan | Feb | Mar | Apr | May | Jun | Jul | Aug | Sep | Oct | Nov | Dec 
2018: Jan | Feb | Mar | Apr | May | Jun | Jul | Aug | Sep | Oct | Nov | Dec 
2017: Jan | Feb | Mar | Apr | May | Jun | Jul | Aug | Sep | Oct | Nov | Dec 
2016: Jan | Feb | Mar | Apr | May | Jun | Jul | Aug | Sep | Oct | Nov | Dec 
2015: Jan | Feb | Mar | Apr | May | Jun | Jul | Aug | Sep | Oct | Nov | Dec 
2014: Jan | Feb | Mar | Apr | May | Jun | Jul | Aug | Sep | Oct | Nov | Dec 
2013: Jan | Feb | Mar | Apr | May | Jun | Jul | Aug | Sep | Oct | Nov | Dec 
2012: Jan | Feb | Mar | Apr | May | Jun | Jul | Aug | Sep | Oct | Nov | Dec 
2011: Jan | Feb | Mar | Apr | May | Jun | Jul | Aug | Sep | Oct | Nov | Dec 
2010: Jan | Feb | Mar | Apr | May | Jun | Jul | Aug | Sep | Oct | Nov | Dec 
2009: Jan | Feb | Mar | Apr | May | Jun | Jul | Aug | Sep | Oct | Nov | Dec 
2008: Jan | Feb | Mar | Apr | May | Jun | Jul | Aug | Sep | Oct | Nov | Dec 
2007: Jan | Feb | Mar | Apr | May | Jun | Jul | Aug | Sep | Oct | Nov | Dec 

Report for 2021 11
MONTHLY CLIMATOLOGICAL SUMMARY for NOV. 2021 NAME: C32 CITY: Las Cruces|East Mesa STATE: NM ELEV: 4474 ft LAT: 32 24' 08" N LONG: 106 41' 01" W TEMPERATURE (F), RAIN (in), WIND SPEED (mph) HEAT COOL AVG MEAN DEG DEG WIND DOM DAY TEMP HIGH TIME LOW TIME DAYS DAYS RAIN SPEED HIGH TIME DIR ------------------------------------------------------------------------------------ 1 62.8 76.5 3:35p 47.9 7:30a 5.4 3.2 0.00 3.1 15.0 1:05p SSW 2 61.9 75.0 4:45p 44.8 7:35a 5.7 2.6 0.00 3.4 15.0 2:10p SE 3 59.3 77.2 2:45p 43.6 5:35a 8.5 2.8 0.00 3.5 16.0 3:05p N 4 53.5 69.6 4:25p 39.6 7:45a 12.0 0.5 0.00 2.2 13.0 2:30p SE 5 58.7 76.9 4:15p 43.3 8:05a 8.9 2.6 0.00 2.0 12.0 12:50p SE 6 61.9 79.6 4:20p 45.7 8:05a 6.7 3.7 0.00 2.6 11.0 1:05p SE 7 63.7 81.6 2:10p 47.0 5:20a 5.7 4.4 0.00 2.7 13.0 3:30p SE 8 63.4 76.5 1:50p 53.0 6:15a 4.4 2.8 0.00 2.6 10.0 11:20a SE 9 61.5 78.1 1:50p 44.3 5:20a 6.7 3.2 0.00 3.1 12.0 12:45p SE 10 59.5 72.9 4:05p 45.0 6:25a 7.1 1.6 0.00 4.2 21.0 12:40p N 11 54.6 71.3 2:30p 40.9 7:05a 11.5 1.1 0.00 4.0 15.0 10:40a N 12 54.8 75.6 3:55p 39.6 6:45a 12.1 1.9 0.00 2.9 11.0 10:20a NE 13 55.1 73.9 4:05p 37.6 6:05a 11.5 1.6 0.00 2.3 11.0 12:45p E 14 56.5 78.1 3:20p 40.0 7:00a 11.3 2.9 0.00 3.2 13.0 6:15a NNE 15 58.7 79.6 4:00p 38.6 5:50a 9.2 2.9 0.00 2.7 9.0 8:15a NE 16 60.8 77.2 3:00p 43.8 6:40a 7.0 2.8 0.00 3.9 21.0 1:15p WSW 17 57.1 71.3 1:55p 43.0 7:25a 9.0 1.1 0.00 2.3 9.0 9:35a SSE 18 48.8 60.8 3:45p 37.2 7:05a 16.2 0.0 0.00 3.0 20.0 1:15a E 19 49.6 65.9 3:30p 34.5 5:15a 15.5 0.1 0.00 2.4 13.0 1:45p S 20 57.5 73.9 2:40p 42.3 2:55a 9.2 1.7 0.00 2.9 16.0 3:00p SE 21 54.6 67.6 1:55p 44.6 11:50p 10.6 0.1 0.00 3.8 17.0 11:10a E 22 47.7 63.6 3:10p 33.7 6:50a 17.3 0.0 0.00 2.4 10.0 8:40a NNE 23 52.9 67.4 2:40p 38.9 3:20a 12.2 0.1 0.00 2.5 13.0 1:20p S 24 57.5 66.3 1:15p 51.2 7:40p 7.6 0.0 0.00 3.5 17.0 12:15p SSW 25 46.4 53.2 12:05a 41.3 11:35p 18.6 0.0 0.24 3.2 23.0 1:50a E 26 45.8 57.0 1:40p 34.2 7:00a 19.2 0.0 0.00 2.1 10.0 8:05a SSW 27 49.8 64.1 3:55p 41.7 12:00m 15.2 0.0 0.01 2.0 13.0 1:35p S 28 48.1 65.4 3:25p 33.0 6:25a 16.9 0.0 0.00 2.3 10.0 12:35p ESE 29 49.1 68.3 4:15p 33.8 7:25a 16.2 0.3 0.00 2.2 9.0 9:45a SE 30 50.8 70.6 3:50p 35.8 6:55a 14.8 0.6 0.00 2.1 10.0 10:20a E ------------------------------------------------------------------------------------- 55.4 81.6 7 33.0 28 332.2 44.6 0.25 2.8 23.0 25 SE Max >= 90.0: 0 Max <= 32.0: 0 Min <= 32.0: 0 Min <= 0.0: 0 Max Rain: 0.24 ON 11/25/21 Days of Rain: 1 (>.01 in) 1 (>.1 in) 0 (>1 in) Heat Base: 65.0 Cool Base: 65.0 Method: Integration