NOAA-style Climate Reports

- as reported from this site (LasCruces-Weather.com) beginning 04-03-07

2023: Jan | Feb | Mar | Apr | May | Jun | Jul | Aug | Sep | Oct | Nov | Dec 
2022: Jan | Feb | Mar | Apr | May | Jun | Jul | Aug | Sep | Oct | Nov | Dec 
2021: Jan | Feb | Mar | Apr | May | Jun | Jul | Aug | Sep | Oct | Nov | Dec 
2020: Jan | Feb | Mar | Apr | May | Jun | Jul | Aug | Sep | Oct | Nov | Dec 
2019: Jan | Feb | Mar | Apr | May | Jun | Jul | Aug | Sep | Oct | Nov | Dec 
2018: Jan | Feb | Mar | Apr | May | Jun | Jul | Aug | Sep | Oct | Nov | Dec 
2017: Jan | Feb | Mar | Apr | May | Jun | Jul | Aug | Sep | Oct | Nov | Dec 
2016: Jan | Feb | Mar | Apr | May | Jun | Jul | Aug | Sep | Oct | Nov | Dec 
2015: Jan | Feb | Mar | Apr | May | Jun | Jul | Aug | Sep | Oct | Nov | Dec 
2014: Jan | Feb | Mar | Apr | May | Jun | Jul | Aug | Sep | Oct | Nov | Dec 
2013: Jan | Feb | Mar | Apr | May | Jun | Jul | Aug | Sep | Oct | Nov | Dec 
2012: Jan | Feb | Mar | Apr | May | Jun | Jul | Aug | Sep | Oct | Nov | Dec 
2011: Jan | Feb | Mar | Apr | May | Jun | Jul | Aug | Sep | Oct | Nov | Dec 
2010: Jan | Feb | Mar | Apr | May | Jun | Jul | Aug | Sep | Oct | Nov | Dec 
2009: Jan | Feb | Mar | Apr | May | Jun | Jul | Aug | Sep | Oct | Nov | Dec 
2008: Jan | Feb | Mar | Apr | May | Jun | Jul | Aug | Sep | Oct | Nov | Dec 
2007: Jan | Feb | Mar | Apr | May | Jun | Jul | Aug | Sep | Oct | Nov | Dec 

Report for 2021 10
MONTHLY CLIMATOLOGICAL SUMMARY for OCT. 2021 NAME: C32 CITY: Las Cruces|East Mesa STATE: NM ELEV: 4474 ft LAT: 32 24' 08" N LONG: 106 41' 01" W TEMPERATURE (F), RAIN (in), WIND SPEED (mph) HEAT COOL AVG MEAN DEG DEG WIND DOM DAY TEMP HIGH TIME LOW TIME DAYS DAYS RAIN SPEED HIGH TIME DIR ------------------------------------------------------------------------------------ 1 62.7 74.3 4:05p 52.4 7:20a 4.7 2.4 0.03 3.0 13.0 3:15p W 2 64.1 80.0 3:40p 49.3 7:30a 5.0 4.1 0.00 2.8 11.0 4:00p E 3 68.8 84.3 4:55p 50.8 7:20a 3.0 6.8 0.00 2.8 13.0 12:50p E 4 71.3 85.0 4:20p 55.0 6:45a 1.7 8.0 0.00 2.8 14.0 5:25p E 5 73.6 87.4 5:15p 57.6 5:55a 1.0 9.6 0.00 3.5 20.0 1:45p E 6 74.5 86.7 3:35p 61.6 7:25a 0.1 9.6 0.00 3.5 16.0 1:10p WSW 7 70.7 87.6 3:25p 55.4 5:20a 1.9 7.6 0.00 3.6 23.0 4:40p SSW 8 73.7 89.3 4:55p 59.9 5:20a 0.9 9.6 0.00 2.9 18.0 4:00p SE 9 75.0 88.9 4:15p 62.7 4:40a 0.3 10.3 0.00 4.5 22.0 3:10p SSE 10 66.6 75.7 5:40p 55.7 12:00m 1.3 2.9 0.00 6.5 28.0 10:05a WSW 11 65.8 80.7 3:40p 46.2 7:20a 5.1 5.9 0.00 6.6 30.0 1:55p SSW 12 68.1 81.5 2:55p 53.6 12:00m 1.5 4.6 0.00 10.1 43.0 1:45p SSW 13 58.0 72.1 3:35p 43.1 7:00a 8.4 1.4 0.00 3.3 23.0 3:10p WSW 14 61.4 73.8 3:40p 51.0 4:25a 5.4 1.9 0.00 5.5 22.0 11:30a SW 15 58.2 74.0 4:45p 42.0 6:55a 8.4 1.7 0.00 4.7 16.0 10:45a N 16 60.4 75.6 4:45p 42.8 6:15a 7.0 2.4 0.00 2.5 13.0 4:05p E 17 64.0 80.0 3:55p 47.7 6:45a 5.3 4.3 0.00 2.2 20.0 2:40p E 18 69.4 81.6 3:30p 58.6 4:05a 1.3 5.8 0.00 5.0 28.0 2:40p SW 19 65.6 77.9 3:15p 54.6 7:25a 3.0 3.6 0.00 4.4 20.0 11:15a W 20 63.4 80.4 4:05p 47.4 7:45a 5.8 4.2 0.00 2.7 13.0 3:30p E 21 65.3 83.7 3:00p 48.5 7:45a 5.2 5.5 0.00 3.2 12.0 4:20p NNE 22 67.2 84.7 3:45p 49.6 6:50a 3.9 6.1 0.00 3.1 16.0 12:35p NNE 23 68.3 79.8 3:40p 57.8 5:50a 1.8 5.1 0.00 5.2 23.0 2:20p WSW 24 66.7 79.1 4:15p 52.9 7:45a 2.9 4.7 0.00 4.9 20.0 12:00p SE 25 70.0 85.1 3:05p 56.6 5:30a 2.2 7.2 0.00 3.6 21.0 3:10p SSW 26 64.4 72.5 11:05a 54.6 12:00m 2.4 1.8 0.00 9.3 36.0 2:40p W 27 54.9 68.1 5:05p 41.5 7:10a 10.4 0.3 0.00 4.9 24.0 1:55p NNW 28 56.0 73.7 4:55p 39.2 7:30a 10.7 1.7 0.00 3.2 14.0 5:30a N 29 58.1 76.5 4:45p 41.9 7:55a 9.7 2.8 0.00 2.7 16.0 2:00p ESE 30 62.2 81.5 5:20p 44.1 6:15a 7.3 4.5 0.00 2.3 19.0 1:25p SE 31 63.4 79.0 3:45p 48.5 7:50a 4.9 3.3 0.00 2.8 14.0 1:00p SE ------------------------------------------------------------------------------------- 65.5 89.3 8 39.2 28 132.5 149.7 0.03 4.1 43.0 12 SE Max >= 90.0: 0 Max <= 32.0: 0 Min <= 32.0: 0 Min <= 0.0: 0 Max Rain: 0.03 ON 10/01/21 Days of Rain: 1 (>.01 in) 0 (>.1 in) 0 (>1 in) Heat Base: 65.0 Cool Base: 65.0 Method: Integration