NOAA-style Climate Reports

- as reported from this site (LasCruces-Weather.com) beginning 04-03-07

2023: Jan | Feb | Mar | Apr | May | Jun | Jul | Aug | Sep | Oct | Nov | Dec 
2022: Jan | Feb | Mar | Apr | May | Jun | Jul | Aug | Sep | Oct | Nov | Dec 
2021: Jan | Feb | Mar | Apr | May | Jun | Jul | Aug | Sep | Oct | Nov | Dec 
2020: Jan | Feb | Mar | Apr | May | Jun | Jul | Aug | Sep | Oct | Nov | Dec 
2019: Jan | Feb | Mar | Apr | May | Jun | Jul | Aug | Sep | Oct | Nov | Dec 
2018: Jan | Feb | Mar | Apr | May | Jun | Jul | Aug | Sep | Oct | Nov | Dec 
2017: Jan | Feb | Mar | Apr | May | Jun | Jul | Aug | Sep | Oct | Nov | Dec 
2016: Jan | Feb | Mar | Apr | May | Jun | Jul | Aug | Sep | Oct | Nov | Dec 
2015: Jan | Feb | Mar | Apr | May | Jun | Jul | Aug | Sep | Oct | Nov | Dec 
2014: Jan | Feb | Mar | Apr | May | Jun | Jul | Aug | Sep | Oct | Nov | Dec 
2013: Jan | Feb | Mar | Apr | May | Jun | Jul | Aug | Sep | Oct | Nov | Dec 
2012: Jan | Feb | Mar | Apr | May | Jun | Jul | Aug | Sep | Oct | Nov | Dec 
2011: Jan | Feb | Mar | Apr | May | Jun | Jul | Aug | Sep | Oct | Nov | Dec 
2010: Jan | Feb | Mar | Apr | May | Jun | Jul | Aug | Sep | Oct | Nov | Dec 
2009: Jan | Feb | Mar | Apr | May | Jun | Jul | Aug | Sep | Oct | Nov | Dec 
2008: Jan | Feb | Mar | Apr | May | Jun | Jul | Aug | Sep | Oct | Nov | Dec 
2007: Jan | Feb | Mar | Apr | May | Jun | Jul | Aug | Sep | Oct | Nov | Dec 

Report for 2021 09
MONTHLY CLIMATOLOGICAL SUMMARY for SEP. 2021 NAME: C32 CITY: Las Cruces|East Mesa STATE: NM ELEV: 4474 ft LAT: 32 24' 08" N LONG: 106 41' 01" W TEMPERATURE (F), RAIN (in), WIND SPEED (mph) HEAT COOL AVG MEAN DEG DEG WIND DOM DAY TEMP HIGH TIME LOW TIME DAYS DAYS RAIN SPEED HIGH TIME DIR ------------------------------------------------------------------------------------ 1 72.7 82.4 2:10p 67.5 3:25a 0.0 7.7 0.78 3.6 20.0 2:00a SSW 2 76.7 88.6 3:30p 66.2 6:55a 0.0 11.7 0.00 2.2 11.0 1:10p S 3 80.2 93.4 4:25p 68.0 6:20a 0.0 15.2 0.00 2.7 18.0 6:40p SE 4 79.7 92.5 3:40p 71.7 7:25a 0.0 14.7 0.00 4.6 27.0 4:15p N 5 76.8 85.4 3:15p 71.0 7:25a 0.0 11.8 0.00 3.0 18.0 1:30p E 6 78.1 90.9 5:35p 64.9 7:15a 0.0 13.1 0.00 2.1 11.0 2:45p SE 7 81.2 96.9 3:05p 69.2 7:25a 0.0 16.2 0.00 2.5 13.0 3:15p SE 8 80.3 94.5 3:05p 64.3 7:20a 0.0 15.3 0.00 4.2 19.0 1:55p ESE 9 81.5 94.1 4:10p 66.6 7:30a 0.0 16.5 0.00 3.6 21.0 1:15a SE 10 79.7 95.3 3:50p 63.4 5:35a 0.1 14.8 0.00 2.8 18.0 3:40p SE 11 79.5 96.3 3:35p 63.1 7:25a 0.1 14.6 0.00 3.0 13.0 1:50p SE 12 78.8 93.8 3:40p 60.9 7:15a 0.3 14.1 0.00 2.7 26.0 1:25p E 13 77.8 94.6 4:50p 59.7 6:45a 0.8 13.6 0.00 3.0 14.0 11:35a E 14 81.7 99.2 3:45p 66.8 7:25a 0.0 16.7 0.00 3.1 15.0 3:05p S 15 80.3 94.6 4:30p 65.1 7:45a 0.0 15.3 0.00 5.4 24.0 8:25p N 16 79.2 96.3 3:25p 64.5 5:50a 0.0 14.3 0.01 2.8 26.0 5:00p ESE 17 79.0 96.0 3:15p 61.7 7:25a 0.2 14.2 0.00 3.2 16.0 1:35p SE 18 81.3 96.1 2:55p 63.5 7:05a 0.1 16.4 0.00 4.1 22.0 3:05p SSW 19 82.7 95.5 3:10p 65.9 6:10a 0.0 17.7 0.00 4.7 20.0 11:10a SSW 20 80.0 92.2 4:20p 67.7 5:25a 0.0 15.0 0.00 3.9 21.0 2:15p SSE 21 73.6 86.8 3:50p 60.2 6:45a 0.7 9.3 0.00 6.4 30.0 10:00p E 22 70.8 83.5 3:20p 56.9 7:25a 1.1 6.9 0.00 3.4 23.0 12:45a SE 23 73.5 88.8 3:45p 61.0 6:55a 0.7 9.2 0.00 3.4 19.0 6:30p SW 24 73.9 86.6 4:10p 62.6 7:30a 0.2 9.1 0.00 3.2 13.0 12:35p E 25 66.9 78.2 3:25p 60.0 12:00m 0.8 2.7 0.14 5.3 22.0 4:20p N 26 66.6 84.4 4:00p 55.5 6:20a 3.0 4.5 0.05 2.9 26.0 4:55p E 27 67.3 78.7 3:50p 57.0 5:40a 2.2 4.6 0.00 4.1 18.0 3:00p WSW 28 66.6 76.4 4:05p 61.3 9:45a 0.9 2.5 0.03 5.3 24.0 5:00p SSW 29 69.1 80.7 4:05p 59.3 6:20a 1.3 5.4 0.00 3.9 26.0 3:15p S 30 63.7 73.1 12:35p 57.8 10:25p 2.6 1.3 0.16 4.5 29.0 2:25p WSW ------------------------------------------------------------------------------------- 76.0 99.2 14 55.5 26 15.1 344.4 1.17 3.7 30.0 21 SSW Max >= 90.0: 17 Max <= 32.0: 0 Min <= 32.0: 0 Min <= 0.0: 0 Max Rain: 0.78 ON 09/01/21 Days of Rain: 5 (>.01 in) 3 (>.1 in) 0 (>1 in) Heat Base: 65.0 Cool Base: 65.0 Method: Integration