NOAA-style Climate Reports

- as reported from this site (LasCruces-Weather.com) beginning 04-03-07

2023: Jan | Feb | Mar | Apr | May | Jun | Jul | Aug | Sep | Oct | Nov | Dec 
2022: Jan | Feb | Mar | Apr | May | Jun | Jul | Aug | Sep | Oct | Nov | Dec 
2021: Jan | Feb | Mar | Apr | May | Jun | Jul | Aug | Sep | Oct | Nov | Dec 
2020: Jan | Feb | Mar | Apr | May | Jun | Jul | Aug | Sep | Oct | Nov | Dec 
2019: Jan | Feb | Mar | Apr | May | Jun | Jul | Aug | Sep | Oct | Nov | Dec 
2018: Jan | Feb | Mar | Apr | May | Jun | Jul | Aug | Sep | Oct | Nov | Dec 
2017: Jan | Feb | Mar | Apr | May | Jun | Jul | Aug | Sep | Oct | Nov | Dec 
2016: Jan | Feb | Mar | Apr | May | Jun | Jul | Aug | Sep | Oct | Nov | Dec 
2015: Jan | Feb | Mar | Apr | May | Jun | Jul | Aug | Sep | Oct | Nov | Dec 
2014: Jan | Feb | Mar | Apr | May | Jun | Jul | Aug | Sep | Oct | Nov | Dec 
2013: Jan | Feb | Mar | Apr | May | Jun | Jul | Aug | Sep | Oct | Nov | Dec 
2012: Jan | Feb | Mar | Apr | May | Jun | Jul | Aug | Sep | Oct | Nov | Dec 
2011: Jan | Feb | Mar | Apr | May | Jun | Jul | Aug | Sep | Oct | Nov | Dec 
2010: Jan | Feb | Mar | Apr | May | Jun | Jul | Aug | Sep | Oct | Nov | Dec 
2009: Jan | Feb | Mar | Apr | May | Jun | Jul | Aug | Sep | Oct | Nov | Dec 
2008: Jan | Feb | Mar | Apr | May | Jun | Jul | Aug | Sep | Oct | Nov | Dec 
2007: Jan | Feb | Mar | Apr | May | Jun | Jul | Aug | Sep | Oct | Nov | Dec 

Report for 2021 08
MONTHLY CLIMATOLOGICAL SUMMARY for AUG. 2021 NAME: C32 CITY: Las Cruces|East Mesa STATE: NM ELEV: 4474 ft LAT: 32 24' 08" N LONG: 106 41' 01" W TEMPERATURE (F), RAIN (in), WIND SPEED (mph) HEAT COOL AVG MEAN DEG DEG WIND DOM DAY TEMP HIGH TIME LOW TIME DAYS DAYS RAIN SPEED HIGH TIME DIR ------------------------------------------------------------------------------------ 1 79.9 92.5 3:40p 67.5 8:10a 0.0 14.9 0.06 3.6 17.0 5:00p N 2 78.6 90.1 2:25p 71.1 7:40a 0.0 13.6 0.00 1.5 15.0 2:45p N 3 80.5 93.3 4:50p 67.2 6:45a 0.0 15.5 0.00 2.1 15.0 1:10p N 4 81.9 95.6 3:45p 69.6 7:00a 0.0 16.1 0.00 4.3 25.0 9:30p N 5 83.1 95.8 4:05p 68.8 7:00a 0.0 18.1 0.00 3.0 13.0 12:05a E 6 84.3 98.5 4:05p 68.8 6:45a 0.0 19.3 0.00 2.9 14.0 12:00p S 7 85.4 102.2 3:25p 73.7 7:00a 0.0 20.4 0.00 3.2 29.0 4:35p SSW 8 84.0 100.7 4:05p 70.2 6:45a 0.0 19.0 0.00 3.8 22.0 6:20p S 9 85.1 99.0 3:20p 73.7 5:35a 0.0 20.1 0.00 4.9 25.0 10:05p SSW 10 80.0 92.8 4:15p 69.4 1:40a 0.0 15.0 0.04 4.4 22.0 10:05p WSW 11 76.6 91.0 4:25p 69.1 6:55a 0.0 11.6 0.00 4.6 22.0 6:25p S 12 75.4 92.1 3:15p 68.0 6:30a 0.0 10.4 0.05 5.0 22.0 6:45p S 13 70.9 80.9 5:40p 66.1 6:40a 0.0 5.9 0.07 2.5 15.0 12:20p SSW 14 69.3 75.4 4:50p 65.8 4:30a 0.0 4.3 0.63 1.9 9.0 4:55p NE 15 71.8 81.2 6:10p 65.0 6:45a 0.0 6.8 0.22 2.4 13.0 6:20p S 16 73.6 84.2 3:05p 64.4 6:35a 0.0 8.7 0.00 3.0 14.0 1:40p S 17 76.0 87.7 5:00p 65.6 5:00a 0.0 11.0 0.00 3.4 15.0 4:45p S 18 78.7 89.8 4:40p 69.1 6:00a 0.0 13.7 0.00 5.9 22.0 1:00p S 19 79.3 90.2 4:15p 67.6 6:35a 0.0 14.3 0.00 4.6 22.0 12:55p S 20 79.1 91.5 4:25p 66.4 6:50a 0.0 14.1 0.00 3.6 18.0 4:05p SE 21 81.0 94.5 2:40p 69.7 4:45a 0.0 16.0 0.00 4.6 24.0 1:50p S 22 80.9 91.6 2:45p 66.5 7:00a 0.0 15.9 0.00 4.1 21.0 2:15p SE 23 80.8 95.4 3:10p 68.3 6:50a 0.0 15.8 0.23 4.9 23.0 8:50p SSW 24 80.4 96.1 4:55p 67.9 5:05a 0.0 15.4 0.00 3.0 19.0 5:35p N 25 83.1 97.5 4:55p 67.2 5:45a 0.0 18.1 0.00 3.0 16.0 3:15p E 26 82.0 94.7 3:40p 67.5 7:20a 0.0 17.0 0.00 3.8 20.0 5:50p E 27 78.9 94.9 5:20p 66.5 8:25p 0.0 13.9 0.41 4.6 32.0 6:35p N 28 77.6 90.7 1:40p 65.0 7:00a 0.0 12.6 0.00 3.2 21.0 5:25p N 29 80.0 91.9 5:30p 68.5 7:25a 0.0 15.0 0.00 3.9 23.0 11:40p E 30 81.5 90.6 4:15p 72.6 7:05a 0.0 16.5 0.00 3.4 17.0 1:45a S 31 79.4 93.8 4:30p 67.8 6:30a 0.0 14.4 0.01 2.7 23.0 9:35p E ------------------------------------------------------------------------------------- 79.3 102.2 7 64.4 16 0.0 443.4 1.72 3.6 32.0 27 N Max >= 90.0: 25 Max <= 32.0: 0 Min <= 32.0: 0 Min <= 0.0: 0 Max Rain: 0.63 ON 08/14/21 Days of Rain: 8 (>.01 in) 4 (>.1 in) 0 (>1 in) Heat Base: 65.0 Cool Base: 65.0 Method: Integration