NOAA-style Climate Reports

- as reported from this site (LasCruces-Weather.com) beginning 04-03-07

2023: Jan | Feb | Mar | Apr | May | Jun | Jul | Aug | Sep | Oct | Nov | Dec 
2022: Jan | Feb | Mar | Apr | May | Jun | Jul | Aug | Sep | Oct | Nov | Dec 
2021: Jan | Feb | Mar | Apr | May | Jun | Jul | Aug | Sep | Oct | Nov | Dec 
2020: Jan | Feb | Mar | Apr | May | Jun | Jul | Aug | Sep | Oct | Nov | Dec 
2019: Jan | Feb | Mar | Apr | May | Jun | Jul | Aug | Sep | Oct | Nov | Dec 
2018: Jan | Feb | Mar | Apr | May | Jun | Jul | Aug | Sep | Oct | Nov | Dec 
2017: Jan | Feb | Mar | Apr | May | Jun | Jul | Aug | Sep | Oct | Nov | Dec 
2016: Jan | Feb | Mar | Apr | May | Jun | Jul | Aug | Sep | Oct | Nov | Dec 
2015: Jan | Feb | Mar | Apr | May | Jun | Jul | Aug | Sep | Oct | Nov | Dec 
2014: Jan | Feb | Mar | Apr | May | Jun | Jul | Aug | Sep | Oct | Nov | Dec 
2013: Jan | Feb | Mar | Apr | May | Jun | Jul | Aug | Sep | Oct | Nov | Dec 
2012: Jan | Feb | Mar | Apr | May | Jun | Jul | Aug | Sep | Oct | Nov | Dec 
2011: Jan | Feb | Mar | Apr | May | Jun | Jul | Aug | Sep | Oct | Nov | Dec 
2010: Jan | Feb | Mar | Apr | May | Jun | Jul | Aug | Sep | Oct | Nov | Dec 
2009: Jan | Feb | Mar | Apr | May | Jun | Jul | Aug | Sep | Oct | Nov | Dec 
2008: Jan | Feb | Mar | Apr | May | Jun | Jul | Aug | Sep | Oct | Nov | Dec 
2007: Jan | Feb | Mar | Apr | May | Jun | Jul | Aug | Sep | Oct | Nov | Dec 

Report for 2021 07
MONTHLY CLIMATOLOGICAL SUMMARY for JUL. 2021 NAME: C32 CITY: Las Cruces|East Mesa STATE: NM ELEV: 4474 ft LAT: 32 24' 08" N LONG: 106 41' 01" W TEMPERATURE (F), RAIN (in), WIND SPEED (mph) HEAT COOL AVG MEAN DEG DEG WIND DOM DAY TEMP HIGH TIME LOW TIME DAYS DAYS RAIN SPEED HIGH TIME DIR ------------------------------------------------------------------------------------ 1 73.9 84.9 3:35p 66.9 6:25a 0.0 8.9 0.05 1.7 15.0 1:30p S 2 76.9 88.0 1:10p 66.1 6:15a 0.0 11.9 0.00 2.1 22.0 3:40p E 3 80.6 92.3 4:10p 69.4 6:20a 0.0 15.6 0.00 3.2 21.0 10:15p S 4 84.2 96.6 4:25p 71.0 6:40a 0.0 19.2 0.00 3.8 24.0 10:35p S 5 83.0 96.4 4:20p 74.8 7:20a 0.0 18.0 0.00 3.8 18.0 1:00a S 6 79.3 91.9 4:00p 68.3 5:00a 0.0 14.3 0.12 5.0 22.0 5:10p E 7 74.1 83.4 4:15p 64.1 4:40a 0.1 9.2 0.35 5.3 31.0 2:05a N 8 79.9 90.9 4:00p 66.5 6:35a 0.0 14.9 0.00 3.1 17.0 2:45p WSW 9 83.5 97.4 4:35p 67.9 6:00a 0.0 18.5 0.00 2.9 14.0 11:00a SSW 10 86.2 99.8 4:15p 69.7 6:30a 0.0 21.2 0.00 2.0 13.0 1:20p WSW 11 82.3 97.6 4:35p 63.9 7:30p 0.0 17.2 0.66 5.8 46.0 7:05p SSW 12 76.9 89.7 4:05p 64.8 5:55a 0.0 11.9 0.00 1.9 12.0 10:10a NNW 13 80.7 92.8 5:50p 68.6 6:30a 0.0 15.7 0.00 2.4 15.0 4:55p SSW 14 83.4 94.2 5:10p 73.6 5:20a 0.0 18.4 0.00 4.7 16.0 9:55a N 15 81.2 95.0 3:40p 74.8 7:55a 0.0 16.2 0.00 4.9 23.0 5:50p N 16 81.4 94.4 4:00p 68.4 6:30a 0.0 16.4 0.00 3.1 16.0 5:25p N 17 81.9 97.3 4:30p 69.6 6:55a 0.0 16.9 0.00 3.6 24.0 6:05p N 18 78.1 92.4 3:25p 68.2 8:00a 0.0 13.1 0.16 3.7 27.0 3:40p N 19 79.1 91.3 3:35p 68.0 6:35a 0.0 14.1 0.00 2.9 17.0 7:30p N 20 82.0 93.1 4:55p 70.4 6:55a 0.0 17.0 0.00 4.2 19.0 12:30p N 21 81.1 91.3 5:00p 70.7 6:40a 0.0 16.1 0.00 3.1 19.0 12:15p N 22 80.4 92.3 3:15p 67.1 6:00a 0.0 15.4 0.00 3.8 19.0 8:50p N 23 76.4 92.4 3:25p 66.5 6:25a 0.0 11.4 0.05 3.7 26.0 4:00p N 24 74.0 88.1 4:30p 62.9 5:50a 0.3 9.3 0.00 3.4 21.0 4:55p N 25 76.7 90.0 5:00p 65.0 4:45a 0.0 11.7 0.09 2.7 18.0 12:15a N 26 79.4 92.5 2:30p 69.4 6:45a 0.0 14.4 0.00 2.9 17.0 7:30p N 27 81.5 93.8 5:45p 68.0 6:10a 0.0 16.5 0.00 3.2 15.0 3:30p N 28 82.7 96.3 1:45p 72.2 4:45a 0.0 17.7 0.01 4.8 27.0 4:15p N 29 81.4 91.9 4:45p 71.2 7:05a 0.0 16.4 0.00 5.4 24.0 5:10p N 30 80.5 93.0 4:15p 65.7 6:55a 0.0 15.5 0.00 3.2 25.0 6:10p N 31 81.7 92.8 5:00p 72.1 5:05a 0.0 16.7 0.00 1.9 21.0 3:10p N ------------------------------------------------------------------------------------- 80.1 99.8 10 62.9 24 0.4 469.7 1.49 3.5 46.0 11 N Max >= 90.0: 26 Max <= 32.0: 0 Min <= 32.0: 0 Min <= 0.0: 0 Max Rain: 0.66 ON 07/11/21 Days of Rain: 7 (>.01 in) 4 (>.1 in) 0 (>1 in) Heat Base: 65.0 Cool Base: 65.0 Method: Integration